{"id":2021,"date":"2026-03-09T23:16:34","date_gmt":"2026-03-09T22:16:34","guid":{"rendered":"https:\/\/unedunealapage.fr\/?page_id=2021"},"modified":"2026-03-30T15:52:28","modified_gmt":"2026-03-30T13:52:28","slug":"mathieu-palain","status":"publish","type":"page","link":"https:\/\/unedunealapage.fr\/?page_id=2021","title":{"rendered":"Page Mathieu Palain"},"content":{"rendered":"\n<h1 class=\"wp-block-heading has-luminous-vivid-orange-color has-text-color has-link-color wp-elements-df3297c1e1ec52f6bdce93c0642c6e28\"><strong>Mathieu Palain<\/strong><\/h1>\n\n\n\n<div class=\"wp-block-media-text is-stacked-on-mobile\" style=\"padding-top:0;padding-bottom:0;grid-template-columns:29% auto\"><figure class=\"wp-block-media-text__media\"><img loading=\"lazy\" decoding=\"async\" width=\"375\" height=\"500\" src=\"https:\/\/unedunealapage.fr\/wp-content\/uploads\/2026\/03\/PALAIN-Mathieu-\u00a9-Jerome-Bonnet-375x500.jpg\" alt=\"\" class=\"wp-image-2022 size-large\" srcset=\"https:\/\/unedunealapage.fr\/wp-content\/uploads\/2026\/03\/PALAIN-Mathieu-\u00a9-Jerome-Bonnet-375x500.jpg 375w, https:\/\/unedunealapage.fr\/wp-content\/uploads\/2026\/03\/PALAIN-Mathieu-\u00a9-Jerome-Bonnet-113x150.jpg 113w, https:\/\/unedunealapage.fr\/wp-content\/uploads\/2026\/03\/PALAIN-Mathieu-\u00a9-Jerome-Bonnet-768x1024.jpg 768w, https:\/\/unedunealapage.fr\/wp-content\/uploads\/2026\/03\/PALAIN-Mathieu-\u00a9-Jerome-Bonnet-1152x1536.jpg 1152w, https:\/\/unedunealapage.fr\/wp-content\/uploads\/2026\/03\/PALAIN-Mathieu-\u00a9-Jerome-Bonnet-1536x2048.jpg 1536w, https:\/\/unedunealapage.fr\/wp-content\/uploads\/2026\/03\/PALAIN-Mathieu-\u00a9-Jerome-Bonnet-scaled.jpg 1920w\" sizes=\"auto, (max-width: 375px) 100vw, 375px\" \/><\/figure><div class=\"wp-block-media-text__content\">\n<p class=\"has-small-font-size\" style=\"min-height:0px;line-height:1.4\">Journaliste et \u00e9crivain, Mathieu Palain explore la violence contemporaine en donnant la parole \u00e0 des h\u00e9ros aux destins bris\u00e9s. Ses deux pr\u00e9c\u00e9dents romans, Sale gosse et Ne t\u2019arr\u00eate pas de courir (Prix Interalli\u00e9, Grand Prix des lectrices de ELLE 2021), l\u2019ont impos\u00e9 comme une figure incontournable de la litt\u00e9rature du r\u00e9el.<br>Photo \u00a9 Jerome Bonnet.<\/p>\n<\/div><\/div>\n\n\n\n<div class=\"wp-block-media-text has-media-on-the-right is-stacked-on-mobile\" style=\"grid-template-columns:auto 27%\"><div class=\"wp-block-media-text__content\">\n<p style=\"font-size:12px;line-height:1.5\">Le face-\u00e0-face bouleversant entre une m\u00e8re et son fils La vie de Jessie lui \u00e9chappe. Elle n\u2019y arrive plus avec Marco, son fils de 15 ans. Chaque discussion d\u00e9rape : des cris, des fugues. Marco a disparu depuis trois jours quand, un soir, il l\u2019appelle. Il est \u00e0 une f\u00eate. Il faut que sa m\u00e8re vienne. Tout de suite. La nuit tombe, la ville s\u2019\u00e9loigne dans le r\u00e9troviseur. Pour la premi\u00e8re fois, Jessie se livre \u00e0 son fils. Elle lui raconte la violence des hommes qu\u2019elle a subie et dont il a h\u00e9rit\u00e9. Un face-\u00e0-face haletant entre une m\u00e8re qui brise le silence et un fils dont la vie vole en \u00e9clats.<br>Une histoire vraie, racont\u00e9e avec justesse et urgence.<\/p>\n<\/div><figure class=\"wp-block-media-text__media\"><img loading=\"lazy\" decoding=\"async\" width=\"309\" height=\"500\" src=\"https:\/\/unedunealapage.fr\/wp-content\/uploads\/2026\/03\/Palain_HommesCourage_Proche_plat1-309x500.jpg\" alt=\"\" class=\"wp-image-2023 size-full\" srcset=\"https:\/\/unedunealapage.fr\/wp-content\/uploads\/2026\/03\/Palain_HommesCourage_Proche_plat1-309x500.jpg 309w, https:\/\/unedunealapage.fr\/wp-content\/uploads\/2026\/03\/Palain_HommesCourage_Proche_plat1-93x150.jpg 93w, https:\/\/unedunealapage.fr\/wp-content\/uploads\/2026\/03\/Palain_HommesCourage_Proche_plat1-768x1243.jpg 768w, https:\/\/unedunealapage.fr\/wp-content\/uploads\/2026\/03\/Palain_HommesCourage_Proche_plat1-949x1536.jpg 949w, https:\/\/unedunealapage.fr\/wp-content\/uploads\/2026\/03\/Palain_HommesCourage_Proche_plat1-scaled.jpg 1582w\" sizes=\"auto, (max-width: 309px) 100vw, 309px\" \/><\/figure><\/div>\n\n\n\n<hr class=\"wp-block-separator has-alpha-channel-opacity\"\/>\n\n\n\n<div class=\"wp-block-group\"><div class=\"wp-block-group__inner-container is-layout-constrained wp-block-group-is-layout-constrained\">\n<div class=\"wp-block-columns is-layout-flex wp-container-core-columns-is-layout-9d6595d7 wp-block-columns-is-layout-flex\">\n<div class=\"wp-block-column is-layout-flow wp-block-column-is-layout-flow\">\n<p>Calendrier<\/p>\n\n\n\n<p class=\"has-small-font-size\">\ud83d\udcda <a href=\"https:\/\/unedunealapage.fr\/?tribe_events=feminicides-et-ou-violences-faites-aux-femmes\" data-type=\"tribe_events\" data-id=\"2743\">Table ronde<br>F\u00e9minicides et\/ou Violences faites aux femmes<\/a> <span class=\"wp-rich-text-font-awesome-icon wp-font-awesome-icon\"><svg aria-hidden=\"true\" focusable=\"false\" data-prefix=\"fas\" data-icon=\"share\" class=\"svg-inline--fa fa-share \" role=\"img\" xmlns=\"http:\/\/www.w3.org\/2000\/svg\" viewBox=\"0 0 512 512\"><path fill=\"currentColor\" d=\"M307.8 18.4c-12 5-19.8 16.6-19.8 29.6l0 80-112 0c-97.2 0-176 78.8-176 176 0 113.3 81.5 163.9 100.2 174.1 2.5 1.4 5.3 1.9 8.1 1.9 10.9 0 19.7-8.9 19.7-19.7 0-7.5-4.3-14.4-9.8-19.5-9.4-8.8-22.2-26.4-22.2-56.7 0-53 43-96 96-96l96 0 0 80c0 12.9 7.8 24.6 19.8 29.6s25.7 2.2 34.9-6.9l160-160c12.5-12.5 12.5-32.8 0-45.3l-160-160c-9.2-9.2-22.9-11.9-34.9-6.9z\"><\/path><\/svg><\/span><br>\ud83d\udcc5 Vendredi 15 mai \u23f0 21h<br>\ud83d\udccdSalle Marie Madeleine<\/p>\n<\/div>\n\n\n\n<div class=\"wp-block-column is-layout-flow wp-block-column-is-layout-flow\">\n<p>Auteurs et Programme<\/p>\n\n\n\n<p class=\"has-small-font-size\"><span class=\"wp-rich-text-font-awesome-icon wp-font-awesome-icon\"><svg aria-hidden=\"true\" focusable=\"false\" data-prefix=\"fas\" data-icon=\"share\" class=\"svg-inline--fa fa-share \" role=\"img\" xmlns=\"http:\/\/www.w3.org\/2000\/svg\" viewBox=\"0 0 512 512\"><path fill=\"currentColor\" d=\"M307.8 18.4c-12 5-19.8 16.6-19.8 29.6l0 80-112 0c-97.2 0-176 78.8-176 176 0 113.3 81.5 163.9 100.2 174.1 2.5 1.4 5.3 1.9 8.1 1.9 10.9 0 19.7-8.9 19.7-19.7 0-7.5-4.3-14.4-9.8-19.5-9.4-8.8-22.2-26.4-22.2-56.7 0-53 43-96 96-96l96 0 0 80c0 12.9 7.8 24.6 19.8 29.6s25.7 2.2 34.9-6.9l160-160c12.5-12.5 12.5-32.8 0-45.3l-160-160c-9.2-9.2-22.9-11.9-34.9-6.9z\"><\/path><\/svg><\/span> <a href=\"https:\/\/unedunealapage.fr\/?page_id=2238\" data-type=\"page\" data-id=\"2238\">vers Liste des auteurs<\/a><br><span class=\"wp-rich-text-font-awesome-icon wp-font-awesome-icon\"><svg aria-hidden=\"true\" focusable=\"false\" data-prefix=\"fas\" data-icon=\"share\" class=\"svg-inline--fa fa-share \" role=\"img\" xmlns=\"http:\/\/www.w3.org\/2000\/svg\" viewBox=\"0 0 512 512\"><path fill=\"currentColor\" d=\"M307.8 18.4c-12 5-19.8 16.6-19.8 29.6l0 80-112 0c-97.2 0-176 78.8-176 176 0 113.3 81.5 163.9 100.2 174.1 2.5 1.4 5.3 1.9 8.1 1.9 10.9 0 19.7-8.9 19.7-19.7 0-7.5-4.3-14.4-9.8-19.5-9.4-8.8-22.2-26.4-22.2-56.7 0-53 43-96 96-96l96 0 0 80c0 12.9 7.8 24.6 19.8 29.6s25.7 2.2 34.9-6.9l160-160c12.5-12.5 12.5-32.8 0-45.3l-160-160c-9.2-9.2-22.9-11.9-34.9-6.9z\"><\/path><\/svg><\/span> <a href=\"https:\/\/unedunealapage.fr\/?page_id=1925\" data-type=\"page\" data-id=\"1925\">vers Programme<\/a><\/p>\n<\/div>\n<\/div>\n<\/div><\/div>\n\n\n\n<hr class=\"wp-block-separator has-alpha-channel-opacity\"\/>\n","protected":false},"excerpt":{"rendered":"<p>Mathieu Palain Journaliste et \u00e9crivain, Mathieu Palain explore la violence contemporaine en donnant la parole \u00e0 des h\u00e9ros aux destins bris\u00e9s. Ses deux pr\u00e9c\u00e9dents romans, Sale gosse et Ne t\u2019arr\u00eate &hellip; <\/p>\n<p class=\"link-more\"><a href=\"https:\/\/unedunealapage.fr\/?page_id=2021\" class=\"more-link\">Continuer la lecture<span class=\"screen-reader-text\"> de &laquo;&nbsp;Page Mathieu Palain&nbsp;&raquo;<\/span><\/a><\/p>\n","protected":false},"author":1,"featured_media":0,"parent":0,"menu_order":0,"comment_status":"closed","ping_status":"closed","template":"","meta":{"_EventAllDay":false,"_EventTimezone":"","_EventStartDate":"","_EventEndDate":"","_EventStartDateUTC":"","_EventEndDateUTC":"","_EventShowMap":false,"_EventShowMapLink":false,"_EventURL":"","_EventCost":"","_EventCostDescription":"","_EventCurrencySymbol":"","_EventCurrencyCode":"","_EventCurrencyPosition":"","_EventDateTimeSeparator":"","_EventTimeRangeSeparator":"","_EventOrganizerID":[],"_EventVenueID":[],"_OrganizerEmail":"","_OrganizerPhone":"","_OrganizerWebsite":"","_VenueAddress":"","_VenueCity":"","_VenueCountry":"","_VenueProvince":"","_VenueState":"","_VenueZip":"","_VenuePhone":"","_VenueURL":"","_VenueStateProvince":"","_VenueLat":"","_VenueLng":"","_VenueShowMap":false,"_VenueShowMapLink":false,"footnotes":""},"class_list":["post-2021","page","type-page","status-publish","hentry"],"_links":{"self":[{"href":"https:\/\/unedunealapage.fr\/index.php?rest_route=\/wp\/v2\/pages\/2021","targetHints":{"allow":["GET"]}}],"collection":[{"href":"https:\/\/unedunealapage.fr\/index.php?rest_route=\/wp\/v2\/pages"}],"about":[{"href":"https:\/\/unedunealapage.fr\/index.php?rest_route=\/wp\/v2\/types\/page"}],"author":[{"embeddable":true,"href":"https:\/\/unedunealapage.fr\/index.php?rest_route=\/wp\/v2\/users\/1"}],"replies":[{"embeddable":true,"href":"https:\/\/unedunealapage.fr\/index.php?rest_route=%2Fwp%2Fv2%2Fcomments&post=2021"}],"version-history":[{"count":10,"href":"https:\/\/unedunealapage.fr\/index.php?rest_route=\/wp\/v2\/pages\/2021\/revisions"}],"predecessor-version":[{"id":3716,"href":"https:\/\/unedunealapage.fr\/index.php?rest_route=\/wp\/v2\/pages\/2021\/revisions\/3716"}],"wp:attachment":[{"href":"https:\/\/unedunealapage.fr\/index.php?rest_route=%2Fwp%2Fv2%2Fmedia&parent=2021"}],"curies":[{"name":"wp","href":"https:\/\/api.w.org\/{rel}","templated":true}]}}

<h1 class="wp-block-heading has-luminous-vivid-orange-color has-text-color has-link-color wp-elements-df3297c1e1ec52f6bdce93c0642c6e28"><strong>Mathieu Palain</strong></h1>



<div class="wp-block-media-text is-stacked-on-mobile" style="padding-top:0;padding-bottom:0;grid-template-columns:29% auto"><figure class="wp-block-media-text__media"><img loading="lazy" decoding="async" width="375" height="500" src="https://unedunealapage.fr/wp-content/uploads/2026/03/PALAIN-Mathieu-©-Jerome-Bonnet-375x500.jpg" alt="" class="wp-image-2022 size-large" srcset="https://unedunealapage.fr/wp-content/uploads/2026/03/PALAIN-Mathieu-©-Jerome-Bonnet-375x500.jpg 375w, https://unedunealapage.fr/wp-content/uploads/2026/03/PALAIN-Mathieu-©-Jerome-Bonnet-113x150.jpg 113w, https://unedunealapage.fr/wp-content/uploads/2026/03/PALAIN-Mathieu-©-Jerome-Bonnet-768x1024.jpg 768w, https://unedunealapage.fr/wp-content/uploads/2026/03/PALAIN-Mathieu-©-Jerome-Bonnet-1152x1536.jpg 1152w, https://unedunealapage.fr/wp-content/uploads/2026/03/PALAIN-Mathieu-©-Jerome-Bonnet-1536x2048.jpg 1536w, https://unedunealapage.fr/wp-content/uploads/2026/03/PALAIN-Mathieu-©-Jerome-Bonnet-scaled.jpg 1920w" sizes="auto, (max-width: 375px) 100vw, 375px" /></figure><div class="wp-block-media-text__content">
<p class="has-small-font-size" style="min-height:0px;line-height:1.4">Journaliste et écrivain, Mathieu Palain explore la violence contemporaine en donnant la parole à des héros aux destins brisés. Ses deux précédents romans, Sale gosse et Ne t’arrête pas de courir (Prix Interallié, Grand Prix des lectrices de ELLE 2021), l’ont imposé comme une figure incontournable de la littérature du réel.<br>Photo © Jerome Bonnet.</p>
</div></div>



<div class="wp-block-media-text has-media-on-the-right is-stacked-on-mobile" style="grid-template-columns:auto 27%"><div class="wp-block-media-text__content">
<p style="font-size:12px;line-height:1.5">Le face-à-face bouleversant entre une mère et son fils La vie de Jessie lui échappe. Elle n’y arrive plus avec Marco, son fils de 15 ans. Chaque discussion dérape : des cris, des fugues. Marco a disparu depuis trois jours quand, un soir, il l’appelle. Il est à une fête. Il faut que sa mère vienne. Tout de suite. La nuit tombe, la ville s’éloigne dans le rétroviseur. Pour la première fois, Jessie se livre à son fils. Elle lui raconte la violence des hommes qu’elle a subie et dont il a hérité. Un face-à-face haletant entre une mère qui brise le silence et un fils dont la vie vole en éclats.<br>Une histoire vraie, racontée avec justesse et urgence.</p>
</div><figure class="wp-block-media-text__media"><img loading="lazy" decoding="async" width="309" height="500" src="https://unedunealapage.fr/wp-content/uploads/2026/03/Palain_HommesCourage_Proche_plat1-309x500.jpg" alt="" class="wp-image-2023 size-full" srcset="https://unedunealapage.fr/wp-content/uploads/2026/03/Palain_HommesCourage_Proche_plat1-309x500.jpg 309w, https://unedunealapage.fr/wp-content/uploads/2026/03/Palain_HommesCourage_Proche_plat1-93x150.jpg 93w, https://unedunealapage.fr/wp-content/uploads/2026/03/Palain_HommesCourage_Proche_plat1-768x1243.jpg 768w, https://unedunealapage.fr/wp-content/uploads/2026/03/Palain_HommesCourage_Proche_plat1-949x1536.jpg 949w, https://unedunealapage.fr/wp-content/uploads/2026/03/Palain_HommesCourage_Proche_plat1-scaled.jpg 1582w" sizes="auto, (max-width: 309px) 100vw, 309px" /></figure></div>



<hr class="wp-block-separator has-alpha-channel-opacity"/>



<div class="wp-block-group"><div class="wp-block-group__inner-container is-layout-constrained wp-block-group-is-layout-constrained">
<div class="wp-block-columns is-layout-flex wp-container-core-columns-is-layout-9d6595d7 wp-block-columns-is-layout-flex">
<div class="wp-block-column is-layout-flow wp-block-column-is-layout-flow">
<p>Calendrier</p>



<p class="has-small-font-size">📚 <a href="https://unedunealapage.fr/?tribe_events=feminicides-et-ou-violences-faites-aux-femmes" data-type="tribe_events" data-id="2743">Table ronde<br>Féminicides et/ou Violences faites aux femmes</a> <span class="wp-rich-text-font-awesome-icon wp-font-awesome-icon"><svg aria-hidden="true" focusable="false" data-prefix="fas" data-icon="share" class="svg-inline--fa fa-share " role="img" xmlns="http://www.w3.org/2000/svg" viewBox="0 0 512 512"><path fill="currentColor" d="M307.8 18.4c-12 5-19.8 16.6-19.8 29.6l0 80-112 0c-97.2 0-176 78.8-176 176 0 113.3 81.5 163.9 100.2 174.1 2.5 1.4 5.3 1.9 8.1 1.9 10.9 0 19.7-8.9 19.7-19.7 0-7.5-4.3-14.4-9.8-19.5-9.4-8.8-22.2-26.4-22.2-56.7 0-53 43-96 96-96l96 0 0 80c0 12.9 7.8 24.6 19.8 29.6s25.7 2.2 34.9-6.9l160-160c12.5-12.5 12.5-32.8 0-45.3l-160-160c-9.2-9.2-22.9-11.9-34.9-6.9z"></path></svg></span><br>📅 Vendredi 15 mai ⏰ 21h<br>📍Salle Marie Madeleine</p>
</div>



<div class="wp-block-column is-layout-flow wp-block-column-is-layout-flow">
<p>Auteurs et Programme</p>



<p class="has-small-font-size"><span class="wp-rich-text-font-awesome-icon wp-font-awesome-icon"><svg aria-hidden="true" focusable="false" data-prefix="fas" data-icon="share" class="svg-inline--fa fa-share " role="img" xmlns="http://www.w3.org/2000/svg" viewBox="0 0 512 512"><path fill="currentColor" d="M307.8 18.4c-12 5-19.8 16.6-19.8 29.6l0 80-112 0c-97.2 0-176 78.8-176 176 0 113.3 81.5 163.9 100.2 174.1 2.5 1.4 5.3 1.9 8.1 1.9 10.9 0 19.7-8.9 19.7-19.7 0-7.5-4.3-14.4-9.8-19.5-9.4-8.8-22.2-26.4-22.2-56.7 0-53 43-96 96-96l96 0 0 80c0 12.9 7.8 24.6 19.8 29.6s25.7 2.2 34.9-6.9l160-160c12.5-12.5 12.5-32.8 0-45.3l-160-160c-9.2-9.2-22.9-11.9-34.9-6.9z"></path></svg></span> <a href="https://unedunealapage.fr/?page_id=2238" data-type="page" data-id="2238">vers Liste des auteurs</a><br><span class="wp-rich-text-font-awesome-icon wp-font-awesome-icon"><svg aria-hidden="true" focusable="false" data-prefix="fas" data-icon="share" class="svg-inline--fa fa-share " role="img" xmlns="http://www.w3.org/2000/svg" viewBox="0 0 512 512"><path fill="currentColor" d="M307.8 18.4c-12 5-19.8 16.6-19.8 29.6l0 80-112 0c-97.2 0-176 78.8-176 176 0 113.3 81.5 163.9 100.2 174.1 2.5 1.4 5.3 1.9 8.1 1.9 10.9 0 19.7-8.9 19.7-19.7 0-7.5-4.3-14.4-9.8-19.5-9.4-8.8-22.2-26.4-22.2-56.7 0-53 43-96 96-96l96 0 0 80c0 12.9 7.8 24.6 19.8 29.6s25.7 2.2 34.9-6.9l160-160c12.5-12.5 12.5-32.8 0-45.3l-160-160c-9.2-9.2-22.9-11.9-34.9-6.9z"></path></svg></span> <a href="https://unedunealapage.fr/?page_id=1925" data-type="page" data-id="1925">vers Programme</a></p>
</div>
</div>
</div></div>



<hr class="wp-block-separator has-alpha-channel-opacity"/>

<p>Mathieu Palain Journaliste et écrivain, Mathieu Palain explore la violence contemporaine en donnant la parole à des héros aux destins brisés. Ses deux précédents romans, Sale gosse et Ne t’arrête &hellip; </p>
<p class="link-more"><a href="https://unedunealapage.fr/?page_id=2021" class="more-link">Continuer la lecture<span class="screen-reader-text"> de &laquo;&nbsp;Page Mathieu Palain&nbsp;&raquo;</span></a></p>
