{"id":2291,"date":"2026-03-10T20:41:49","date_gmt":"2026-03-10T19:41:49","guid":{"rendered":"https:\/\/unedunealapage.fr\/?page_id=2291"},"modified":"2026-03-30T15:03:38","modified_gmt":"2026-03-30T13:03:38","slug":"anne-bouillon","status":"publish","type":"page","link":"https:\/\/unedunealapage.fr\/?page_id=2291","title":{"rendered":"Page Anne Bouillon"},"content":{"rendered":"\n<div class=\"wp-block-group\"><div class=\"wp-block-group__inner-container is-layout-constrained wp-block-group-is-layout-constrained\">\n<h1 class=\"wp-block-heading has-luminous-vivid-orange-color has-text-color has-link-color wp-elements-b415f5880a721736dd4b985f4dbfd451\">Anne Bouillon<\/h1>\n\n\n\n<div class=\"wp-block-group\"><div class=\"wp-block-group__inner-container is-layout-constrained wp-block-group-is-layout-constrained\">\n<div class=\"wp-block-group\"><div class=\"wp-block-group__inner-container is-layout-constrained wp-block-group-is-layout-constrained\">\n<div class=\"wp-block-media-text is-stacked-on-mobile\" style=\"padding-top:0;padding-bottom:0;grid-template-columns:29% auto\"><figure class=\"wp-block-media-text__media\"><img loading=\"lazy\" decoding=\"async\" width=\"375\" height=\"500\" src=\"https:\/\/unedunealapage.fr\/wp-content\/uploads\/2026\/03\/Anne-Bouillon_\u00a9remy-artiges-375x500.jpg\" alt=\"\u00a9remy artiges\" class=\"wp-image-2239 size-large\" srcset=\"https:\/\/unedunealapage.fr\/wp-content\/uploads\/2026\/03\/Anne-Bouillon_\u00a9remy-artiges-375x500.jpg 375w, https:\/\/unedunealapage.fr\/wp-content\/uploads\/2026\/03\/Anne-Bouillon_\u00a9remy-artiges-112x150.jpg 112w, https:\/\/unedunealapage.fr\/wp-content\/uploads\/2026\/03\/Anne-Bouillon_\u00a9remy-artiges-768x1024.jpg 768w, https:\/\/unedunealapage.fr\/wp-content\/uploads\/2026\/03\/Anne-Bouillon_\u00a9remy-artiges-scaled.jpg 1920w\" sizes=\"auto, (max-width: 375px) 100vw, 375px\" \/><\/figure><div class=\"wp-block-media-text__content\">\n<p class=\"has-superbfont-tiny-font-size\" style=\"min-height:0px;line-height:1.4\">Anne Bouillon est avocate au barreau de Nantes, class\u00e9e en 2019 dans le top 3 des avocats les plus puissants de France. Passionn\u00e9e, Anne Bouillon s\u2019investit chaque jour dans la lutte des violences inflig\u00e9es aux femmes. En 2023, le r\u00e9alisateur Dylan Besseau lui a consacr\u00e9 un documentaire : Anne Bouillon. Justice pour toutes !<\/p>\n<\/div><\/div>\n<\/div><\/div>\n\n\n\n<div class=\"wp-block-group\"><div class=\"wp-block-group__inner-container is-layout-constrained wp-block-group-is-layout-constrained\">\n<div class=\"wp-block-media-text has-media-on-the-right is-stacked-on-mobile\" style=\"grid-template-columns:auto 36%\"><div class=\"wp-block-media-text__content\">\n<p style=\"font-size:12px;line-height:1.5\">Un document vibrant et bouleversant d\u2019humanit\u00e9. Anne Bouillon est avocate au barreau de Nantes. Elle d\u00e9fend les femmes victimes de violences sexistes et sexuelles. Il y a vingt ans, \u00e0 ses d\u00e9buts, on l\u2019appelait avec condescendance la \u00ab passionaria du barreau \u00bb. Mais c\u2019\u00e9tait avant #MeToo\u2026 Aujourd\u2019hui, elle est devenue la porte-parole de ces femmes, de plus en plus nombreuses, qui se pressent dans son cabinet pour demander justice. \u00c0 partir d\u2019une dizaine de mots au c\u0153ur du d\u00e9bat public (\u00ab consentement \u00bb, \u00ab f\u00e9minicide \u00bb, \u00ab emprise \u00bb \u2026), elle dresse un \u00e9tat des lieux passionnant sur la mani\u00e8re dont la loi fran\u00e7aise traite les violences sexistes et sexuelles. Ces \u00e9clairages sont nourris des histoires de ses clientes, des r\u00e9cits de leurs proc\u00e8s. On d\u00e9couvre les voix, les visages de ces inconnues qui viennent de toutes les couches de la soci\u00e9t\u00e9. Ce sont nos m\u00e8res, nos s\u0153urs, nos amies. Il est temps de leur apporter la justice qu\u2019elles m\u00e9ritent.<\/p>\n<\/div><figure class=\"wp-block-media-text__media\"><img loading=\"lazy\" decoding=\"async\" width=\"363\" height=\"500\" src=\"https:\/\/unedunealapage.fr\/wp-content\/uploads\/2026\/03\/Affaires-de-femmes_CV_Plat1-363x500.jpg\" alt=\"\" class=\"wp-image-2207 size-full\" srcset=\"https:\/\/unedunealapage.fr\/wp-content\/uploads\/2026\/03\/Affaires-de-femmes_CV_Plat1-363x500.jpg 363w, https:\/\/unedunealapage.fr\/wp-content\/uploads\/2026\/03\/Affaires-de-femmes_CV_Plat1-109x150.jpg 109w, https:\/\/unedunealapage.fr\/wp-content\/uploads\/2026\/03\/Affaires-de-femmes_CV_Plat1-768x1059.jpg 768w, https:\/\/unedunealapage.fr\/wp-content\/uploads\/2026\/03\/Affaires-de-femmes_CV_Plat1-1114x1536.jpg 1114w, https:\/\/unedunealapage.fr\/wp-content\/uploads\/2026\/03\/Affaires-de-femmes_CV_Plat1-1485x2048.jpg 1485w, https:\/\/unedunealapage.fr\/wp-content\/uploads\/2026\/03\/Affaires-de-femmes_CV_Plat1.jpg 1500w\" sizes=\"auto, (max-width: 363px) 100vw, 363px\" \/><\/figure><\/div>\n<\/div><\/div>\n\n\n\n<hr class=\"wp-block-separator has-alpha-channel-opacity\"\/>\n\n\n\n<div class=\"wp-block-columns is-layout-flex wp-container-core-columns-is-layout-9d6595d7 wp-block-columns-is-layout-flex\">\n<div class=\"wp-block-column is-layout-flow wp-block-column-is-layout-flow\">\n<p>Calendrier<\/p>\n\n\n\n<p class=\"has-small-font-size\">\ud83d\udcda<a href=\"https:\/\/unedunealapage.fr\/?tribe_events=feminicides-et-ou-violences-faites-aux-femmes\" data-type=\"tribe_events\" data-id=\"2743\">Table ronde<br>F\u00e9minicides et\/ou Violences faites aux femmes<\/a> <span class=\"wp-rich-text-font-awesome-icon wp-font-awesome-icon\"><svg aria-hidden=\"true\" focusable=\"false\" data-prefix=\"fas\" data-icon=\"share\" class=\"svg-inline--fa fa-share \" role=\"img\" xmlns=\"http:\/\/www.w3.org\/2000\/svg\" viewBox=\"0 0 512 512\"><path fill=\"currentColor\" d=\"M307.8 18.4c-12 5-19.8 16.6-19.8 29.6l0 80-112 0c-97.2 0-176 78.8-176 176 0 113.3 81.5 163.9 100.2 174.1 2.5 1.4 5.3 1.9 8.1 1.9 10.9 0 19.7-8.9 19.7-19.7 0-7.5-4.3-14.4-9.8-19.5-9.4-8.8-22.2-26.4-22.2-56.7 0-53 43-96 96-96l96 0 0 80c0 12.9 7.8 24.6 19.8 29.6s25.7 2.2 34.9-6.9l160-160c12.5-12.5 12.5-32.8 0-45.3l-160-160c-9.2-9.2-22.9-11.9-34.9-6.9z\"><\/path><\/svg><\/span><br>\ud83d\udcc5 Vendredi 15 mai \u23f0 21h<br>\ud83d\udccdSalle Marie Madeleine<\/p>\n<\/div>\n\n\n\n<div class=\"wp-block-column is-layout-flow wp-block-column-is-layout-flow\">\n<p>Auteurs et Programme<\/p>\n\n\n\n<p class=\"has-small-font-size\"><span class=\"wp-rich-text-font-awesome-icon wp-font-awesome-icon\"><svg aria-hidden=\"true\" focusable=\"false\" data-prefix=\"fas\" data-icon=\"share\" class=\"svg-inline--fa fa-share \" role=\"img\" xmlns=\"http:\/\/www.w3.org\/2000\/svg\" viewBox=\"0 0 512 512\"><path fill=\"currentColor\" d=\"M307.8 18.4c-12 5-19.8 16.6-19.8 29.6l0 80-112 0c-97.2 0-176 78.8-176 176 0 113.3 81.5 163.9 100.2 174.1 2.5 1.4 5.3 1.9 8.1 1.9 10.9 0 19.7-8.9 19.7-19.7 0-7.5-4.3-14.4-9.8-19.5-9.4-8.8-22.2-26.4-22.2-56.7 0-53 43-96 96-96l96 0 0 80c0 12.9 7.8 24.6 19.8 29.6s25.7 2.2 34.9-6.9l160-160c12.5-12.5 12.5-32.8 0-45.3l-160-160c-9.2-9.2-22.9-11.9-34.9-6.9z\"><\/path><\/svg><\/span> <a href=\"https:\/\/unedunealapage.fr\/?page_id=2238\" data-type=\"page\" data-id=\"2238\">vers Liste des auteurs<\/a><br><span class=\"wp-rich-text-font-awesome-icon wp-font-awesome-icon\"><svg aria-hidden=\"true\" focusable=\"false\" data-prefix=\"fas\" data-icon=\"share\" class=\"svg-inline--fa fa-share \" role=\"img\" xmlns=\"http:\/\/www.w3.org\/2000\/svg\" viewBox=\"0 0 512 512\"><path fill=\"currentColor\" d=\"M307.8 18.4c-12 5-19.8 16.6-19.8 29.6l0 80-112 0c-97.2 0-176 78.8-176 176 0 113.3 81.5 163.9 100.2 174.1 2.5 1.4 5.3 1.9 8.1 1.9 10.9 0 19.7-8.9 19.7-19.7 0-7.5-4.3-14.4-9.8-19.5-9.4-8.8-22.2-26.4-22.2-56.7 0-53 43-96 96-96l96 0 0 80c0 12.9 7.8 24.6 19.8 29.6s25.7 2.2 34.9-6.9l160-160c12.5-12.5 12.5-32.8 0-45.3l-160-160c-9.2-9.2-22.9-11.9-34.9-6.9z\"><\/path><\/svg><\/span> <a href=\"https:\/\/unedunealapage.fr\/?page_id=1925\" data-type=\"page\" data-id=\"1925\">vers Programme<\/a><\/p>\n<\/div>\n<\/div>\n<\/div><\/div>\n\n\n\n<hr class=\"wp-block-separator has-alpha-channel-opacity\"\/>\n<\/div><\/div>\n","protected":false},"excerpt":{"rendered":"<p>Anne Bouillon Anne Bouillon est avocate au barreau de Nantes, class\u00e9e en 2019 dans le top 3 des avocats les plus puissants de France. Passionn\u00e9e, Anne Bouillon s\u2019investit chaque jour &hellip; <\/p>\n<p class=\"link-more\"><a href=\"https:\/\/unedunealapage.fr\/?page_id=2291\" class=\"more-link\">Continuer la lecture<span class=\"screen-reader-text\"> de &laquo;&nbsp;Page Anne Bouillon&nbsp;&raquo;<\/span><\/a><\/p>\n","protected":false},"author":1,"featured_media":0,"parent":0,"menu_order":0,"comment_status":"closed","ping_status":"closed","template":"","meta":{"_EventAllDay":false,"_EventTimezone":"","_EventStartDate":"","_EventEndDate":"","_EventStartDateUTC":"","_EventEndDateUTC":"","_EventShowMap":false,"_EventShowMapLink":false,"_EventURL":"","_EventCost":"","_EventCostDescription":"","_EventCurrencySymbol":"","_EventCurrencyCode":"","_EventCurrencyPosition":"","_EventDateTimeSeparator":"","_EventTimeRangeSeparator":"","_EventOrganizerID":[],"_EventVenueID":[],"_OrganizerEmail":"","_OrganizerPhone":"","_OrganizerWebsite":"","_VenueAddress":"","_VenueCity":"","_VenueCountry":"","_VenueProvince":"","_VenueState":"","_VenueZip":"","_VenuePhone":"","_VenueURL":"","_VenueStateProvince":"","_VenueLat":"","_VenueLng":"","_VenueShowMap":false,"_VenueShowMapLink":false,"footnotes":""},"class_list":["post-2291","page","type-page","status-publish","hentry"],"_links":{"self":[{"href":"https:\/\/unedunealapage.fr\/index.php?rest_route=\/wp\/v2\/pages\/2291","targetHints":{"allow":["GET"]}}],"collection":[{"href":"https:\/\/unedunealapage.fr\/index.php?rest_route=\/wp\/v2\/pages"}],"about":[{"href":"https:\/\/unedunealapage.fr\/index.php?rest_route=\/wp\/v2\/types\/page"}],"author":[{"embeddable":true,"href":"https:\/\/unedunealapage.fr\/index.php?rest_route=\/wp\/v2\/users\/1"}],"replies":[{"embeddable":true,"href":"https:\/\/unedunealapage.fr\/index.php?rest_route=%2Fwp%2Fv2%2Fcomments&post=2291"}],"version-history":[{"count":9,"href":"https:\/\/unedunealapage.fr\/index.php?rest_route=\/wp\/v2\/pages\/2291\/revisions"}],"predecessor-version":[{"id":2872,"href":"https:\/\/unedunealapage.fr\/index.php?rest_route=\/wp\/v2\/pages\/2291\/revisions\/2872"}],"wp:attachment":[{"href":"https:\/\/unedunealapage.fr\/index.php?rest_route=%2Fwp%2Fv2%2Fmedia&parent=2291"}],"curies":[{"name":"wp","href":"https:\/\/api.w.org\/{rel}","templated":true}]}}

<div class="wp-block-group"><div class="wp-block-group__inner-container is-layout-constrained wp-block-group-is-layout-constrained">
<h1 class="wp-block-heading has-luminous-vivid-orange-color has-text-color has-link-color wp-elements-b415f5880a721736dd4b985f4dbfd451">Anne Bouillon</h1>



<div class="wp-block-group"><div class="wp-block-group__inner-container is-layout-constrained wp-block-group-is-layout-constrained">
<div class="wp-block-group"><div class="wp-block-group__inner-container is-layout-constrained wp-block-group-is-layout-constrained">
<div class="wp-block-media-text is-stacked-on-mobile" style="padding-top:0;padding-bottom:0;grid-template-columns:29% auto"><figure class="wp-block-media-text__media"><img loading="lazy" decoding="async" width="375" height="500" src="https://unedunealapage.fr/wp-content/uploads/2026/03/Anne-Bouillon_©remy-artiges-375x500.jpg" alt="©remy artiges" class="wp-image-2239 size-large" srcset="https://unedunealapage.fr/wp-content/uploads/2026/03/Anne-Bouillon_©remy-artiges-375x500.jpg 375w, https://unedunealapage.fr/wp-content/uploads/2026/03/Anne-Bouillon_©remy-artiges-112x150.jpg 112w, https://unedunealapage.fr/wp-content/uploads/2026/03/Anne-Bouillon_©remy-artiges-768x1024.jpg 768w, https://unedunealapage.fr/wp-content/uploads/2026/03/Anne-Bouillon_©remy-artiges-scaled.jpg 1920w" sizes="auto, (max-width: 375px) 100vw, 375px" /></figure><div class="wp-block-media-text__content">
<p class="has-superbfont-tiny-font-size" style="min-height:0px;line-height:1.4">Anne Bouillon est avocate au barreau de Nantes, classée en 2019 dans le top 3 des avocats les plus puissants de France. Passionnée, Anne Bouillon s’investit chaque jour dans la lutte des violences infligées aux femmes. En 2023, le réalisateur Dylan Besseau lui a consacré un documentaire : Anne Bouillon. Justice pour toutes !</p>
</div></div>
</div></div>



<div class="wp-block-group"><div class="wp-block-group__inner-container is-layout-constrained wp-block-group-is-layout-constrained">
<div class="wp-block-media-text has-media-on-the-right is-stacked-on-mobile" style="grid-template-columns:auto 36%"><div class="wp-block-media-text__content">
<p style="font-size:12px;line-height:1.5">Un document vibrant et bouleversant d’humanité. Anne Bouillon est avocate au barreau de Nantes. Elle défend les femmes victimes de violences sexistes et sexuelles. Il y a vingt ans, à ses débuts, on l’appelait avec condescendance la « passionaria du barreau ». Mais c’était avant #MeToo… Aujourd’hui, elle est devenue la porte-parole de ces femmes, de plus en plus nombreuses, qui se pressent dans son cabinet pour demander justice. À partir d’une dizaine de mots au cœur du débat public (« consentement », « féminicide », « emprise » …), elle dresse un état des lieux passionnant sur la manière dont la loi française traite les violences sexistes et sexuelles. Ces éclairages sont nourris des histoires de ses clientes, des récits de leurs procès. On découvre les voix, les visages de ces inconnues qui viennent de toutes les couches de la société. Ce sont nos mères, nos sœurs, nos amies. Il est temps de leur apporter la justice qu’elles méritent.</p>
</div><figure class="wp-block-media-text__media"><img loading="lazy" decoding="async" width="363" height="500" src="https://unedunealapage.fr/wp-content/uploads/2026/03/Affaires-de-femmes_CV_Plat1-363x500.jpg" alt="" class="wp-image-2207 size-full" srcset="https://unedunealapage.fr/wp-content/uploads/2026/03/Affaires-de-femmes_CV_Plat1-363x500.jpg 363w, https://unedunealapage.fr/wp-content/uploads/2026/03/Affaires-de-femmes_CV_Plat1-109x150.jpg 109w, https://unedunealapage.fr/wp-content/uploads/2026/03/Affaires-de-femmes_CV_Plat1-768x1059.jpg 768w, https://unedunealapage.fr/wp-content/uploads/2026/03/Affaires-de-femmes_CV_Plat1-1114x1536.jpg 1114w, https://unedunealapage.fr/wp-content/uploads/2026/03/Affaires-de-femmes_CV_Plat1-1485x2048.jpg 1485w, https://unedunealapage.fr/wp-content/uploads/2026/03/Affaires-de-femmes_CV_Plat1.jpg 1500w" sizes="auto, (max-width: 363px) 100vw, 363px" /></figure></div>
</div></div>



<hr class="wp-block-separator has-alpha-channel-opacity"/>



<div class="wp-block-columns is-layout-flex wp-container-core-columns-is-layout-9d6595d7 wp-block-columns-is-layout-flex">
<div class="wp-block-column is-layout-flow wp-block-column-is-layout-flow">
<p>Calendrier</p>



<p class="has-small-font-size">📚<a href="https://unedunealapage.fr/?tribe_events=feminicides-et-ou-violences-faites-aux-femmes" data-type="tribe_events" data-id="2743">Table ronde<br>Féminicides et/ou Violences faites aux femmes</a> <span class="wp-rich-text-font-awesome-icon wp-font-awesome-icon"><svg aria-hidden="true" focusable="false" data-prefix="fas" data-icon="share" class="svg-inline--fa fa-share " role="img" xmlns="http://www.w3.org/2000/svg" viewBox="0 0 512 512"><path fill="currentColor" d="M307.8 18.4c-12 5-19.8 16.6-19.8 29.6l0 80-112 0c-97.2 0-176 78.8-176 176 0 113.3 81.5 163.9 100.2 174.1 2.5 1.4 5.3 1.9 8.1 1.9 10.9 0 19.7-8.9 19.7-19.7 0-7.5-4.3-14.4-9.8-19.5-9.4-8.8-22.2-26.4-22.2-56.7 0-53 43-96 96-96l96 0 0 80c0 12.9 7.8 24.6 19.8 29.6s25.7 2.2 34.9-6.9l160-160c12.5-12.5 12.5-32.8 0-45.3l-160-160c-9.2-9.2-22.9-11.9-34.9-6.9z"></path></svg></span><br>📅 Vendredi 15 mai ⏰ 21h<br>📍Salle Marie Madeleine</p>
</div>



<div class="wp-block-column is-layout-flow wp-block-column-is-layout-flow">
<p>Auteurs et Programme</p>



<p class="has-small-font-size"><span class="wp-rich-text-font-awesome-icon wp-font-awesome-icon"><svg aria-hidden="true" focusable="false" data-prefix="fas" data-icon="share" class="svg-inline--fa fa-share " role="img" xmlns="http://www.w3.org/2000/svg" viewBox="0 0 512 512"><path fill="currentColor" d="M307.8 18.4c-12 5-19.8 16.6-19.8 29.6l0 80-112 0c-97.2 0-176 78.8-176 176 0 113.3 81.5 163.9 100.2 174.1 2.5 1.4 5.3 1.9 8.1 1.9 10.9 0 19.7-8.9 19.7-19.7 0-7.5-4.3-14.4-9.8-19.5-9.4-8.8-22.2-26.4-22.2-56.7 0-53 43-96 96-96l96 0 0 80c0 12.9 7.8 24.6 19.8 29.6s25.7 2.2 34.9-6.9l160-160c12.5-12.5 12.5-32.8 0-45.3l-160-160c-9.2-9.2-22.9-11.9-34.9-6.9z"></path></svg></span> <a href="https://unedunealapage.fr/?page_id=2238" data-type="page" data-id="2238">vers Liste des auteurs</a><br><span class="wp-rich-text-font-awesome-icon wp-font-awesome-icon"><svg aria-hidden="true" focusable="false" data-prefix="fas" data-icon="share" class="svg-inline--fa fa-share " role="img" xmlns="http://www.w3.org/2000/svg" viewBox="0 0 512 512"><path fill="currentColor" d="M307.8 18.4c-12 5-19.8 16.6-19.8 29.6l0 80-112 0c-97.2 0-176 78.8-176 176 0 113.3 81.5 163.9 100.2 174.1 2.5 1.4 5.3 1.9 8.1 1.9 10.9 0 19.7-8.9 19.7-19.7 0-7.5-4.3-14.4-9.8-19.5-9.4-8.8-22.2-26.4-22.2-56.7 0-53 43-96 96-96l96 0 0 80c0 12.9 7.8 24.6 19.8 29.6s25.7 2.2 34.9-6.9l160-160c12.5-12.5 12.5-32.8 0-45.3l-160-160c-9.2-9.2-22.9-11.9-34.9-6.9z"></path></svg></span> <a href="https://unedunealapage.fr/?page_id=1925" data-type="page" data-id="1925">vers Programme</a></p>
</div>
</div>
</div></div>



<hr class="wp-block-separator has-alpha-channel-opacity"/>
</div></div>

<p>Anne Bouillon Anne Bouillon est avocate au barreau de Nantes, classée en 2019 dans le top 3 des avocats les plus puissants de France. Passionnée, Anne Bouillon s’investit chaque jour &hellip; </p>
<p class="link-more"><a href="https://unedunealapage.fr/?page_id=2291" class="more-link">Continuer la lecture<span class="screen-reader-text"> de &laquo;&nbsp;Page Anne Bouillon&nbsp;&raquo;</span></a></p>
