{"id":2329,"date":"2026-03-10T21:48:29","date_gmt":"2026-03-10T20:48:29","guid":{"rendered":"https:\/\/unedunealapage.fr\/?page_id=2329"},"modified":"2026-03-30T15:27:18","modified_gmt":"2026-03-30T13:27:18","slug":"page-jean-harambat","status":"publish","type":"page","link":"https:\/\/unedunealapage.fr\/?page_id=2329","title":{"rendered":"Page Jean Harambat"},"content":{"rendered":"\n<h1 class=\"wp-block-heading has-text-align-left has-luminous-vivid-orange-color has-text-color has-link-color wp-elements-f182243462d98b5182ed9a32e3bf3622\">Jean Harambat<\/h1>\n\n\n<div class=\"wp-block-image\">\n<figure class=\"alignleft size-large is-resized\"><img loading=\"lazy\" decoding=\"async\" width=\"374\" height=\"500\" src=\"https:\/\/unedunealapage.fr\/wp-content\/uploads\/2026\/03\/Harambat-Jean-noir-et-blanc-374x500.jpg\" alt=\"\" class=\"wp-image-2330\" style=\"width:233px;height:auto\" srcset=\"https:\/\/unedunealapage.fr\/wp-content\/uploads\/2026\/03\/Harambat-Jean-noir-et-blanc-374x500.jpg 374w, https:\/\/unedunealapage.fr\/wp-content\/uploads\/2026\/03\/Harambat-Jean-noir-et-blanc-112x150.jpg 112w, https:\/\/unedunealapage.fr\/wp-content\/uploads\/2026\/03\/Harambat-Jean-noir-et-blanc-768x1027.jpg 768w, https:\/\/unedunealapage.fr\/wp-content\/uploads\/2026\/03\/Harambat-Jean-noir-et-blanc-1149x1536.jpg 1149w, https:\/\/unedunealapage.fr\/wp-content\/uploads\/2026\/03\/Harambat-Jean-noir-et-blanc-1532x2048.jpg 1532w, https:\/\/unedunealapage.fr\/wp-content\/uploads\/2026\/03\/Harambat-Jean-noir-et-blanc-scaled.jpg 1915w\" sizes=\"auto, (max-width: 374px) 100vw, 374px\" \/><figcaption class=\"wp-element-caption\">Jean Harambat<br>\u00a9 Rita Scaglia<\/figcaption><\/figure>\n<\/div>\n\n\n<p class=\"has-small-font-size\">N\u00e9 en 1976, Jean Harambat suit des \u00e9tudes de philosophie qui le conduisent \u00e0 des activit\u00e9s diverses (travail dans une ferme en Argentine, logisticien pour Action contre la faim, au Liberia) avant de trouver sa voie avec l&rsquo;\u00e9criture et le dessin. Il r\u00e9alise des reportages illustr\u00e9s pour la presse \u00e9crite (\u2018Le Monde&rsquo;, \u2018XXI&rsquo;, \u2018T\u00e9l\u00e9rama&rsquo;, \u2018Sud Ouest, \u2018L&rsquo;\u00c9quipe Mag&rsquo;). <br>\u00ab\u00a0Les Invisibles\u00a0\u00bb (Futuropolis, 2008 et r\u00e9\u00e9dit\u00e9 en 2021), son premier album, qui raconte une r\u00e9volte en Chalosse au XVIIe si\u00e8cle, remporte le prix de la meilleure bande dessin\u00e9e historique aux Rendez-Vous de l&rsquo;histoire, \u00e0 Blois.<br>\u00ab\u00a0Ulysse, les chants du retour\u00a0\u00bb (Actes Sud, 2014), est s\u00e9lectionn\u00e9 \u00e0 Angoul\u00eame en 2015. Avec cet album, Jean Harambat remporte le prix de la BD du &lsquo;Point&rsquo; et, \u00e0 nouveau, le prix de la meilleure bande dessin\u00e9e historique, \u00e0 Blois.<br>En 2017, il sort \u00ab\u00a0Op\u00e9ration Copperhead\u00a0\u00bb (Dargaud), une histoire aussi vraie que rocambolesque du contrespionnage britannique pendant la Seconde Guerre mondiale qui lui permet de remporter le prestigieux prix Goscinny du meilleur sc\u00e9nario au Festival international de la bande dessin\u00e9e d&rsquo;Angoul\u00eame en 2018.<br>Apr\u00e8s s&rsquo;\u00eatre amus\u00e9 (et nous avoir amus\u00e9s !) avec les codes du roman d&rsquo;espionnage, il s&rsquo;attaque en 2019 au roman policier avec \u00ab\u00a0Le Detection Club\u00a0\u00bb, toujours chez Dargaud.<br>En 2021, Jean Harambat met en image un album hors-s\u00e9rie de Blake et Mortimer \u00e9crit par Fran\u00e7ois Rivi\u00e8re : \u00ab\u00a0La Fianc\u00e9e du Dr Septimus\u00a0\u00bb, hommage appuy\u00e9 des auteurs \u00e0 Edgar P. Jacobs et \u00e0 son chef-d&rsquo;oeuvre, \u00ab\u00a0La Marque Jaune\u00a0\u00bb.<br>La m\u00eame ann\u00e9e, il adapte pour les \u00e9ditions Philosophie magazine, \u00ab\u00a0La R\u00e9publique\u00a0\u00bb de Platon.<br>En 2023, il r\u00e9alise \u00ab\u00a0La Pi\u00e8ce manquante\u00a0\u00bb chez Dargaud, une enqu\u00eate \u00e0 la recherche du plus pr\u00e9cieux des tr\u00e9sors : une pi\u00e8ce disparue de William Shakespeare !<\/p>\n\n\n\n<div style=\"height:41px\" aria-hidden=\"true\" class=\"wp-block-spacer\"><\/div>\n\n\n<div class=\"wp-block-image\">\n<figure class=\"alignleft size-large is-resized\"><img loading=\"lazy\" decoding=\"async\" width=\"380\" height=\"500\" src=\"https:\/\/unedunealapage.fr\/wp-content\/uploads\/2026\/03\/Couverture-1-380x500.jpg\" alt=\"\" class=\"wp-image-2214\" style=\"width:261px;height:auto\" srcset=\"https:\/\/unedunealapage.fr\/wp-content\/uploads\/2026\/03\/Couverture-1-380x500.jpg 380w, https:\/\/unedunealapage.fr\/wp-content\/uploads\/2026\/03\/Couverture-1-114x150.jpg 114w, https:\/\/unedunealapage.fr\/wp-content\/uploads\/2026\/03\/Couverture-1-768x1011.jpg 768w, https:\/\/unedunealapage.fr\/wp-content\/uploads\/2026\/03\/Couverture-1-1167x1536.jpg 1167w, https:\/\/unedunealapage.fr\/wp-content\/uploads\/2026\/03\/Couverture-1-1556x2048.jpg 1556w, https:\/\/unedunealapage.fr\/wp-content\/uploads\/2026\/03\/Couverture-1-scaled.jpg 1945w\" sizes=\"auto, (max-width: 380px) 100vw, 380px\" \/><\/figure>\n<\/div>\n\n\n<p class=\"has-small-font-size\">Issu d\u2019une famille de paysans, Jean Harambat a fait l\u2019acquisition d\u2019une ferme dans le Sud-Ouest, non loin de sa Chalosse natale. Dans cette vieille b\u00e2tisse, tout est \u00e0 faire, et Jean Harambat ne manque ni d\u2019id\u00e9es ni d\u2019enthousiasme. Avec l\u2019aide pr\u00e9cieuse de sa famille, notamment celle de son p\u00e8re, et de quelques amis, il entreprend de remettre en \u00e9tat le domaine, apprenant \u00e0 faire les choses \u00ab avec lenteur et m\u00e9thode \u00bb. \u00c0 l\u2019\u00e9coute des saisons et de la nature, il entretient prairie et for\u00eat, accueille des chevaux, cr\u00e9e un potager, construit un poulailler\u2026 Autant de petites aventures du quotidien qui l\u2019am\u00e8nent \u00e0 r\u00e9fl\u00e9chir sur l\u2019agriculture, la transmission, le travail manuel, les liens entre l\u2019homme et le paysage. S\u2019\u00e9loignant des fictions endiabl\u00e9es de ses derniers albums, Jean Harambat renoue avec le ton intimiste d\u2019<em>En m\u00eame temps que la jeunesse<\/em> et&nbsp;<em>Ulysse, les chants du retour<\/em>. La restauration de sa ferme landaise est le fil conducteur d\u2019un r\u00e9cit construit en courts chapitres baign\u00e9s de po\u00e9sie et d\u2019humour, dans lesquels il s\u2019interroge sur ce que signifie vivre \u00e0 la campagne aujourd\u2019hui. Tout en revisitant son pass\u00e9 et l\u2019histoire de sa famille, il tisse des liens avec la philosophie, l\u2019histoire antique, le cin\u00e9ma, le dessin \u2013 Montaigne, X\u00e9nophon, Yul Brynner et Semp\u00e9 sont de la partie ! Il t\u00e9moigne aussi du plaisir qu\u2019il retire de l\u2019observation de la nature, du travail bien fait, du partage des savoir-faire. Dans ses planches aux couleurs d\u00e9licates et lumineuses se dessinent aussi sa r\u00e9gion, ses pins, ses traditions. Une ode sensible et g\u00e9n\u00e9reuse \u00e0 une nature aussi belle qu\u2019exigeante, \u00e0 un monde rural qui, s\u2019il peut sembler menac\u00e9, reste bien vivant gr\u00e2ce \u00e0 la passion et \u00e0 la solidarit\u00e9.<\/p>\n\n\n\n<p><strong>Un album qui nous invite \u00e0 ne pas oublier<\/strong> <strong>de nous \u00ab laisser absorber par la beaut\u00e9 du petit jour \u00bb.<\/strong><\/p>\n\n\n\n<hr class=\"wp-block-separator has-alpha-channel-opacity\"\/>\n\n\n\n<div class=\"wp-block-group\"><div class=\"wp-block-group__inner-container is-layout-constrained wp-block-group-is-layout-constrained\">\n<div class=\"wp-block-columns is-layout-flex wp-container-core-columns-is-layout-9d6595d7 wp-block-columns-is-layout-flex\">\n<div class=\"wp-block-column is-layout-flow wp-block-column-is-layout-flow\">\n<p>Calendrier<\/p>\n\n\n\n<p class=\"has-small-font-size\"><a href=\"https:\/\/unedunealapage.fr\/?tribe_events=retour-a-la-terre\" data-type=\"tribe_events\" data-id=\"2674\">\ud83d\udcdaTable ronde Retour \u00e0 la terre <\/a><span class=\"wp-rich-text-font-awesome-icon wp-font-awesome-icon\"><svg aria-hidden=\"true\" focusable=\"false\" data-prefix=\"fas\" data-icon=\"share\" class=\"svg-inline--fa fa-share \" role=\"img\" xmlns=\"http:\/\/www.w3.org\/2000\/svg\" viewBox=\"0 0 512 512\"><path fill=\"currentColor\" d=\"M307.8 18.4c-12 5-19.8 16.6-19.8 29.6l0 80-112 0c-97.2 0-176 78.8-176 176 0 113.3 81.5 163.9 100.2 174.1 2.5 1.4 5.3 1.9 8.1 1.9 10.9 0 19.7-8.9 19.7-19.7 0-7.5-4.3-14.4-9.8-19.5-9.4-8.8-22.2-26.4-22.2-56.7 0-53 43-96 96-96l96 0 0 80c0 12.9 7.8 24.6 19.8 29.6s25.7 2.2 34.9-6.9l160-160c12.5-12.5 12.5-32.8 0-45.3l-160-160c-9.2-9.2-22.9-11.9-34.9-6.9z\"><\/path><\/svg><\/span><br>\ud83d\udcc5 Samedi 16 mai \u23f0 14h<br>\ud83d\udccdMaison de la Station<\/p>\n<\/div>\n\n\n\n<div class=\"wp-block-column is-layout-flow wp-block-column-is-layout-flow\">\n<p>Auteurs et Programme<\/p>\n\n\n\n<p class=\"has-small-font-size\"><span class=\"wp-rich-text-font-awesome-icon wp-font-awesome-icon\"><svg aria-hidden=\"true\" focusable=\"false\" data-prefix=\"fas\" data-icon=\"share\" class=\"svg-inline--fa fa-share \" role=\"img\" xmlns=\"http:\/\/www.w3.org\/2000\/svg\" viewBox=\"0 0 512 512\"><path fill=\"currentColor\" d=\"M307.8 18.4c-12 5-19.8 16.6-19.8 29.6l0 80-112 0c-97.2 0-176 78.8-176 176 0 113.3 81.5 163.9 100.2 174.1 2.5 1.4 5.3 1.9 8.1 1.9 10.9 0 19.7-8.9 19.7-19.7 0-7.5-4.3-14.4-9.8-19.5-9.4-8.8-22.2-26.4-22.2-56.7 0-53 43-96 96-96l96 0 0 80c0 12.9 7.8 24.6 19.8 29.6s25.7 2.2 34.9-6.9l160-160c12.5-12.5 12.5-32.8 0-45.3l-160-160c-9.2-9.2-22.9-11.9-34.9-6.9z\"><\/path><\/svg><\/span> <a href=\"https:\/\/unedunealapage.fr\/?page_id=2238\" data-type=\"page\" data-id=\"2238\">vers Liste des auteurs<\/a><br><span class=\"wp-rich-text-font-awesome-icon wp-font-awesome-icon\"><svg aria-hidden=\"true\" focusable=\"false\" data-prefix=\"fas\" data-icon=\"share\" class=\"svg-inline--fa fa-share \" role=\"img\" xmlns=\"http:\/\/www.w3.org\/2000\/svg\" viewBox=\"0 0 512 512\"><path fill=\"currentColor\" d=\"M307.8 18.4c-12 5-19.8 16.6-19.8 29.6l0 80-112 0c-97.2 0-176 78.8-176 176 0 113.3 81.5 163.9 100.2 174.1 2.5 1.4 5.3 1.9 8.1 1.9 10.9 0 19.7-8.9 19.7-19.7 0-7.5-4.3-14.4-9.8-19.5-9.4-8.8-22.2-26.4-22.2-56.7 0-53 43-96 96-96l96 0 0 80c0 12.9 7.8 24.6 19.8 29.6s25.7 2.2 34.9-6.9l160-160c12.5-12.5 12.5-32.8 0-45.3l-160-160c-9.2-9.2-22.9-11.9-34.9-6.9z\"><\/path><\/svg><\/span> <a href=\"https:\/\/unedunealapage.fr\/?page_id=1925\" data-type=\"page\" data-id=\"1925\">vers Programme<\/a><\/p>\n<\/div>\n<\/div>\n<\/div><\/div>\n","protected":false},"excerpt":{"rendered":"<p>Jean Harambat N\u00e9 en 1976, Jean Harambat suit des \u00e9tudes de philosophie qui le conduisent \u00e0 des activit\u00e9s diverses (travail dans une ferme en Argentine, logisticien pour Action contre la &hellip; <\/p>\n<p class=\"link-more\"><a href=\"https:\/\/unedunealapage.fr\/?page_id=2329\" class=\"more-link\">Continuer la lecture<span class=\"screen-reader-text\"> de &laquo;&nbsp;Page Jean Harambat&nbsp;&raquo;<\/span><\/a><\/p>\n","protected":false},"author":1,"featured_media":0,"parent":0,"menu_order":0,"comment_status":"closed","ping_status":"closed","template":"","meta":{"_EventAllDay":false,"_EventTimezone":"","_EventStartDate":"","_EventEndDate":"","_EventStartDateUTC":"","_EventEndDateUTC":"","_EventShowMap":false,"_EventShowMapLink":false,"_EventURL":"","_EventCost":"","_EventCostDescription":"","_EventCurrencySymbol":"","_EventCurrencyCode":"","_EventCurrencyPosition":"","_EventDateTimeSeparator":"","_EventTimeRangeSeparator":"","_EventOrganizerID":[],"_EventVenueID":[],"_OrganizerEmail":"","_OrganizerPhone":"","_OrganizerWebsite":"","_VenueAddress":"","_VenueCity":"","_VenueCountry":"","_VenueProvince":"","_VenueState":"","_VenueZip":"","_VenuePhone":"","_VenueURL":"","_VenueStateProvince":"","_VenueLat":"","_VenueLng":"","_VenueShowMap":false,"_VenueShowMapLink":false,"footnotes":""},"class_list":["post-2329","page","type-page","status-publish","hentry"],"_links":{"self":[{"href":"https:\/\/unedunealapage.fr\/index.php?rest_route=\/wp\/v2\/pages\/2329","targetHints":{"allow":["GET"]}}],"collection":[{"href":"https:\/\/unedunealapage.fr\/index.php?rest_route=\/wp\/v2\/pages"}],"about":[{"href":"https:\/\/unedunealapage.fr\/index.php?rest_route=\/wp\/v2\/types\/page"}],"author":[{"embeddable":true,"href":"https:\/\/unedunealapage.fr\/index.php?rest_route=\/wp\/v2\/users\/1"}],"replies":[{"embeddable":true,"href":"https:\/\/unedunealapage.fr\/index.php?rest_route=%2Fwp%2Fv2%2Fcomments&post=2329"}],"version-history":[{"count":5,"href":"https:\/\/unedunealapage.fr\/index.php?rest_route=\/wp\/v2\/pages\/2329\/revisions"}],"predecessor-version":[{"id":3697,"href":"https:\/\/unedunealapage.fr\/index.php?rest_route=\/wp\/v2\/pages\/2329\/revisions\/3697"}],"wp:attachment":[{"href":"https:\/\/unedunealapage.fr\/index.php?rest_route=%2Fwp%2Fv2%2Fmedia&parent=2329"}],"curies":[{"name":"wp","href":"https:\/\/api.w.org\/{rel}","templated":true}]}}

<h1 class="wp-block-heading has-text-align-left has-luminous-vivid-orange-color has-text-color has-link-color wp-elements-f182243462d98b5182ed9a32e3bf3622">Jean Harambat</h1>


<div class="wp-block-image">
<figure class="alignleft size-large is-resized"><img loading="lazy" decoding="async" width="374" height="500" src="https://unedunealapage.fr/wp-content/uploads/2026/03/Harambat-Jean-noir-et-blanc-374x500.jpg" alt="" class="wp-image-2330" style="width:233px;height:auto" srcset="https://unedunealapage.fr/wp-content/uploads/2026/03/Harambat-Jean-noir-et-blanc-374x500.jpg 374w, https://unedunealapage.fr/wp-content/uploads/2026/03/Harambat-Jean-noir-et-blanc-112x150.jpg 112w, https://unedunealapage.fr/wp-content/uploads/2026/03/Harambat-Jean-noir-et-blanc-768x1027.jpg 768w, https://unedunealapage.fr/wp-content/uploads/2026/03/Harambat-Jean-noir-et-blanc-1149x1536.jpg 1149w, https://unedunealapage.fr/wp-content/uploads/2026/03/Harambat-Jean-noir-et-blanc-1532x2048.jpg 1532w, https://unedunealapage.fr/wp-content/uploads/2026/03/Harambat-Jean-noir-et-blanc-scaled.jpg 1915w" sizes="auto, (max-width: 374px) 100vw, 374px" /><figcaption class="wp-element-caption">Jean Harambat<br>© Rita Scaglia</figcaption></figure>
</div>


<p class="has-small-font-size">Né en 1976, Jean Harambat suit des études de philosophie qui le conduisent à des activités diverses (travail dans une ferme en Argentine, logisticien pour Action contre la faim, au Liberia) avant de trouver sa voie avec l&rsquo;écriture et le dessin. Il réalise des reportages illustrés pour la presse écrite (‘Le Monde&rsquo;, ‘XXI&rsquo;, ‘Télérama&rsquo;, ‘Sud Ouest, ‘L&rsquo;Équipe Mag&rsquo;). <br>« Les Invisibles » (Futuropolis, 2008 et réédité en 2021), son premier album, qui raconte une révolte en Chalosse au XVIIe siècle, remporte le prix de la meilleure bande dessinée historique aux Rendez-Vous de l&rsquo;histoire, à Blois.<br>« Ulysse, les chants du retour » (Actes Sud, 2014), est sélectionné à Angoulême en 2015. Avec cet album, Jean Harambat remporte le prix de la BD du &lsquo;Point&rsquo; et, à nouveau, le prix de la meilleure bande dessinée historique, à Blois.<br>En 2017, il sort « Opération Copperhead » (Dargaud), une histoire aussi vraie que rocambolesque du contrespionnage britannique pendant la Seconde Guerre mondiale qui lui permet de remporter le prestigieux prix Goscinny du meilleur scénario au Festival international de la bande dessinée d&rsquo;Angoulême en 2018.<br>Après s&rsquo;être amusé (et nous avoir amusés !) avec les codes du roman d&rsquo;espionnage, il s&rsquo;attaque en 2019 au roman policier avec « Le Detection Club », toujours chez Dargaud.<br>En 2021, Jean Harambat met en image un album hors-série de Blake et Mortimer écrit par François Rivière : « La Fiancée du Dr Septimus », hommage appuyé des auteurs à Edgar P. Jacobs et à son chef-d&rsquo;oeuvre, « La Marque Jaune ».<br>La même année, il adapte pour les éditions Philosophie magazine, « La République » de Platon.<br>En 2023, il réalise « La Pièce manquante » chez Dargaud, une enquête à la recherche du plus précieux des trésors : une pièce disparue de William Shakespeare !</p>



<div style="height:41px" aria-hidden="true" class="wp-block-spacer"></div>


<div class="wp-block-image">
<figure class="alignleft size-large is-resized"><img loading="lazy" decoding="async" width="380" height="500" src="https://unedunealapage.fr/wp-content/uploads/2026/03/Couverture-1-380x500.jpg" alt="" class="wp-image-2214" style="width:261px;height:auto" srcset="https://unedunealapage.fr/wp-content/uploads/2026/03/Couverture-1-380x500.jpg 380w, https://unedunealapage.fr/wp-content/uploads/2026/03/Couverture-1-114x150.jpg 114w, https://unedunealapage.fr/wp-content/uploads/2026/03/Couverture-1-768x1011.jpg 768w, https://unedunealapage.fr/wp-content/uploads/2026/03/Couverture-1-1167x1536.jpg 1167w, https://unedunealapage.fr/wp-content/uploads/2026/03/Couverture-1-1556x2048.jpg 1556w, https://unedunealapage.fr/wp-content/uploads/2026/03/Couverture-1-scaled.jpg 1945w" sizes="auto, (max-width: 380px) 100vw, 380px" /></figure>
</div>


<p class="has-small-font-size">Issu d’une famille de paysans, Jean Harambat a fait l’acquisition d’une ferme dans le Sud-Ouest, non loin de sa Chalosse natale. Dans cette vieille bâtisse, tout est à faire, et Jean Harambat ne manque ni d’idées ni d’enthousiasme. Avec l’aide précieuse de sa famille, notamment celle de son père, et de quelques amis, il entreprend de remettre en état le domaine, apprenant à faire les choses « avec lenteur et méthode ». À l’écoute des saisons et de la nature, il entretient prairie et forêt, accueille des chevaux, crée un potager, construit un poulailler… Autant de petites aventures du quotidien qui l’amènent à réfléchir sur l’agriculture, la transmission, le travail manuel, les liens entre l’homme et le paysage. S’éloignant des fictions endiablées de ses derniers albums, Jean Harambat renoue avec le ton intimiste d’<em>En même temps que la jeunesse</em> et&nbsp;<em>Ulysse, les chants du retour</em>. La restauration de sa ferme landaise est le fil conducteur d’un récit construit en courts chapitres baignés de poésie et d’humour, dans lesquels il s’interroge sur ce que signifie vivre à la campagne aujourd’hui. Tout en revisitant son passé et l’histoire de sa famille, il tisse des liens avec la philosophie, l’histoire antique, le cinéma, le dessin – Montaigne, Xénophon, Yul Brynner et Sempé sont de la partie ! Il témoigne aussi du plaisir qu’il retire de l’observation de la nature, du travail bien fait, du partage des savoir-faire. Dans ses planches aux couleurs délicates et lumineuses se dessinent aussi sa région, ses pins, ses traditions. Une ode sensible et généreuse à une nature aussi belle qu’exigeante, à un monde rural qui, s’il peut sembler menacé, reste bien vivant grâce à la passion et à la solidarité.</p>



<p><strong>Un album qui nous invite à ne pas oublier</strong> <strong>de nous « laisser absorber par la beauté du petit jour ».</strong></p>



<hr class="wp-block-separator has-alpha-channel-opacity"/>



<div class="wp-block-group"><div class="wp-block-group__inner-container is-layout-constrained wp-block-group-is-layout-constrained">
<div class="wp-block-columns is-layout-flex wp-container-core-columns-is-layout-9d6595d7 wp-block-columns-is-layout-flex">
<div class="wp-block-column is-layout-flow wp-block-column-is-layout-flow">
<p>Calendrier</p>



<p class="has-small-font-size"><a href="https://unedunealapage.fr/?tribe_events=retour-a-la-terre" data-type="tribe_events" data-id="2674">📚Table ronde Retour à la terre </a><span class="wp-rich-text-font-awesome-icon wp-font-awesome-icon"><svg aria-hidden="true" focusable="false" data-prefix="fas" data-icon="share" class="svg-inline--fa fa-share " role="img" xmlns="http://www.w3.org/2000/svg" viewBox="0 0 512 512"><path fill="currentColor" d="M307.8 18.4c-12 5-19.8 16.6-19.8 29.6l0 80-112 0c-97.2 0-176 78.8-176 176 0 113.3 81.5 163.9 100.2 174.1 2.5 1.4 5.3 1.9 8.1 1.9 10.9 0 19.7-8.9 19.7-19.7 0-7.5-4.3-14.4-9.8-19.5-9.4-8.8-22.2-26.4-22.2-56.7 0-53 43-96 96-96l96 0 0 80c0 12.9 7.8 24.6 19.8 29.6s25.7 2.2 34.9-6.9l160-160c12.5-12.5 12.5-32.8 0-45.3l-160-160c-9.2-9.2-22.9-11.9-34.9-6.9z"></path></svg></span><br>📅 Samedi 16 mai ⏰ 14h<br>📍Maison de la Station</p>
</div>



<div class="wp-block-column is-layout-flow wp-block-column-is-layout-flow">
<p>Auteurs et Programme</p>



<p class="has-small-font-size"><span class="wp-rich-text-font-awesome-icon wp-font-awesome-icon"><svg aria-hidden="true" focusable="false" data-prefix="fas" data-icon="share" class="svg-inline--fa fa-share " role="img" xmlns="http://www.w3.org/2000/svg" viewBox="0 0 512 512"><path fill="currentColor" d="M307.8 18.4c-12 5-19.8 16.6-19.8 29.6l0 80-112 0c-97.2 0-176 78.8-176 176 0 113.3 81.5 163.9 100.2 174.1 2.5 1.4 5.3 1.9 8.1 1.9 10.9 0 19.7-8.9 19.7-19.7 0-7.5-4.3-14.4-9.8-19.5-9.4-8.8-22.2-26.4-22.2-56.7 0-53 43-96 96-96l96 0 0 80c0 12.9 7.8 24.6 19.8 29.6s25.7 2.2 34.9-6.9l160-160c12.5-12.5 12.5-32.8 0-45.3l-160-160c-9.2-9.2-22.9-11.9-34.9-6.9z"></path></svg></span> <a href="https://unedunealapage.fr/?page_id=2238" data-type="page" data-id="2238">vers Liste des auteurs</a><br><span class="wp-rich-text-font-awesome-icon wp-font-awesome-icon"><svg aria-hidden="true" focusable="false" data-prefix="fas" data-icon="share" class="svg-inline--fa fa-share " role="img" xmlns="http://www.w3.org/2000/svg" viewBox="0 0 512 512"><path fill="currentColor" d="M307.8 18.4c-12 5-19.8 16.6-19.8 29.6l0 80-112 0c-97.2 0-176 78.8-176 176 0 113.3 81.5 163.9 100.2 174.1 2.5 1.4 5.3 1.9 8.1 1.9 10.9 0 19.7-8.9 19.7-19.7 0-7.5-4.3-14.4-9.8-19.5-9.4-8.8-22.2-26.4-22.2-56.7 0-53 43-96 96-96l96 0 0 80c0 12.9 7.8 24.6 19.8 29.6s25.7 2.2 34.9-6.9l160-160c12.5-12.5 12.5-32.8 0-45.3l-160-160c-9.2-9.2-22.9-11.9-34.9-6.9z"></path></svg></span> <a href="https://unedunealapage.fr/?page_id=1925" data-type="page" data-id="1925">vers Programme</a></p>
</div>
</div>
</div></div>

<p>Jean Harambat Né en 1976, Jean Harambat suit des études de philosophie qui le conduisent à des activités diverses (travail dans une ferme en Argentine, logisticien pour Action contre la &hellip; </p>
<p class="link-more"><a href="https://unedunealapage.fr/?page_id=2329" class="more-link">Continuer la lecture<span class="screen-reader-text"> de &laquo;&nbsp;Page Jean Harambat&nbsp;&raquo;</span></a></p>
