{"id":2338,"date":"2026-03-10T22:07:59","date_gmt":"2026-03-10T21:07:59","guid":{"rendered":"https:\/\/unedunealapage.fr\/?page_id=2338"},"modified":"2026-03-30T15:32:13","modified_gmt":"2026-03-30T13:32:13","slug":"page-joseph-incardona","status":"publish","type":"page","link":"https:\/\/unedunealapage.fr\/?page_id=2338","title":{"rendered":"Page Joseph Incardona"},"content":{"rendered":"\n<h1 class=\"wp-block-heading has-text-align-left has-luminous-vivid-orange-color has-text-color has-link-color wp-elements-97594b4873d1804364c992ee780e90a1\">Joseph Incardona<\/h1>\n\n\n<div class=\"wp-block-image\">\n<figure class=\"alignleft size-large is-resized\"><img loading=\"lazy\" decoding=\"async\" width=\"333\" height=\"500\" src=\"https:\/\/unedunealapage.fr\/wp-content\/uploads\/2026\/03\/Joseph-Incardona-\u00a9-Chloe-Cohen-333x500.jpg\" alt=\"\" class=\"wp-image-2244\" style=\"aspect-ratio:0.666020813150411;width:181px;height:auto\" srcset=\"https:\/\/unedunealapage.fr\/wp-content\/uploads\/2026\/03\/Joseph-Incardona-\u00a9-Chloe-Cohen-333x500.jpg 333w, https:\/\/unedunealapage.fr\/wp-content\/uploads\/2026\/03\/Joseph-Incardona-\u00a9-Chloe-Cohen-100x150.jpg 100w, https:\/\/unedunealapage.fr\/wp-content\/uploads\/2026\/03\/Joseph-Incardona-\u00a9-Chloe-Cohen-768x1152.jpg 768w, https:\/\/unedunealapage.fr\/wp-content\/uploads\/2026\/03\/Joseph-Incardona-\u00a9-Chloe-Cohen-1024x1536.jpg 1024w, https:\/\/unedunealapage.fr\/wp-content\/uploads\/2026\/03\/Joseph-Incardona-\u00a9-Chloe-Cohen-1366x2048.jpg 1366w, https:\/\/unedunealapage.fr\/wp-content\/uploads\/2026\/03\/Joseph-Incardona-\u00a9-Chloe-Cohen.jpg 1575w\" sizes=\"auto, (max-width: 333px) 100vw, 333px\" \/><figcaption class=\"wp-element-caption\">Joseph Incardona<br>\u00a9 Chlo\u00e9 Cohen<\/figcaption><\/figure>\n<\/div>\n\n\n<p class=\"has-small-font-size\">Joseph Incardona, Suisse d\u2019origine italienne, vit \u00e0 Gen\u00e8ve. Il est l\u2019auteur d\u2019une quinzaine de romans. Les derniers, Derri\u00e8re les panneaux, il y a des hommes (Grand Prix de litt\u00e9rature polici\u00e8re), La Soustraction des possibles (Prix Relay), Les Corps solides et Stella et l\u2019Am\u00e9rique (Prix Michel Lebrun) connaissent un succ\u00e8s croissant, tant critique que public. Plusieurs sont en cours d\u2019adaptation.<\/p>\n\n\n\n<div style=\"height:41px\" aria-hidden=\"true\" class=\"wp-block-spacer\"><\/div>\n\n\n<div class=\"wp-block-image\">\n<figure class=\"alignleft size-large is-resized\"><img loading=\"lazy\" decoding=\"async\" width=\"329\" height=\"500\" src=\"https:\/\/unedunealapage.fr\/wp-content\/uploads\/2026\/03\/Couv_le_monde_est_fatigue-329x500.jpeg\" alt=\"\" class=\"wp-image-2339\" style=\"width:212px;height:auto\" srcset=\"https:\/\/unedunealapage.fr\/wp-content\/uploads\/2026\/03\/Couv_le_monde_est_fatigue-329x500.jpeg 329w, https:\/\/unedunealapage.fr\/wp-content\/uploads\/2026\/03\/Couv_le_monde_est_fatigue-99x150.jpeg 99w, https:\/\/unedunealapage.fr\/wp-content\/uploads\/2026\/03\/Couv_le_monde_est_fatigue-768x1165.jpeg 768w, https:\/\/unedunealapage.fr\/wp-content\/uploads\/2026\/03\/Couv_le_monde_est_fatigue-1012x1536.jpeg 1012w, https:\/\/unedunealapage.fr\/wp-content\/uploads\/2026\/03\/Couv_le_monde_est_fatigue-1350x2048.jpeg 1350w, https:\/\/unedunealapage.fr\/wp-content\/uploads\/2026\/03\/Couv_le_monde_est_fatigue-scaled.jpeg 1687w\" sizes=\"auto, (max-width: 329px) 100vw, 329px\" \/><\/figure>\n<\/div>\n\n\n<p class=\"has-small-font-size\">\u00cave est une sir\u00e8ne professionnelle qui se produit dans des shows aquatiques. Mais sa queue en silicone et sa beaut\u00e9 cachent un secret. Un soir, elle a \u00e9t\u00e9 fauch\u00e9e par une voiture et laiss\u00e9e pour morte au bord de la route, le corps fracass\u00e9. \u00cave, avatar glamour de la femme qu\u2019elle \u00e9tait, comme Monte-Cristo est celui de Dant\u00e8s, va pr\u00e9parer sa vengeance durant des ann\u00e9es. Joseph Incardona d\u00e9crit une femme que rien ne pourra d\u00e9tourner d\u2019un but qui la m\u00e8nera \u00e0 sa perte, et fait un parall\u00e8le saisissant avec un monde qu\u2019il d\u00e9crit comme \u00e0 bout de souffle, pris dans la spirale d\u00e9l\u00e9t\u00e8re de d\u00e9sirs extravagants qui l\u2019\u00e9puisent. \u00c0 mi-chemin entre figure mythologique et cr\u00e9ature hybride \u00e0 la Cronenberg, \u00cave la Sir\u00e8ne est un personnage au-del\u00e0 de l\u2019humanit\u00e9, par son corps et par ses aspirations mortif\u00e8res, peut-\u00eatre justement parce que son humanit\u00e9 lui a \u00e9t\u00e9 arrach\u00e9e brutalement. Dans une relecture noire et post-moderne du conte d\u2019Andersen, Joseph Incardona fait vaciller sa sir\u00e8ne et redonne une voix implacable \u00e0 celle qu\u2019on a voulu faire taire.<br>Comme dans ses pr\u00e9c\u00e9dents romans, Joseph Incardona ne se pose jamais en moraliste, il ne d\u00e9nonce pas, ne juge pas. Par le biais de la fiction, il tend seulement un miroir o\u00f9 se refl\u00e8te une soci\u00e9t\u00e9 mondialis\u00e9e sans \u00e2me et souvent cynique, vivant et consommant dans des lieux interchangeables.<\/p>\n\n\n\n<hr class=\"wp-block-separator has-alpha-channel-opacity\"\/>\n\n\n\n<div class=\"wp-block-group\"><div class=\"wp-block-group__inner-container is-layout-constrained wp-block-group-is-layout-constrained\">\n<div class=\"wp-block-columns is-layout-flex wp-container-core-columns-is-layout-9d6595d7 wp-block-columns-is-layout-flex\">\n<div class=\"wp-block-column is-layout-flow wp-block-column-is-layout-flow\">\n<p>Calendrier<\/p>\n\n\n\n<p class=\"has-small-font-size\">\ud83d\udcda<a href=\"https:\/\/unedunealapage.fr\/?tribe_events=joseph-incardona\" data-type=\"tribe_events\" data-id=\"2665\">Rencontre litt\u00e9raire<\/a> <span class=\"wp-rich-text-font-awesome-icon wp-font-awesome-icon\"><svg aria-hidden=\"true\" focusable=\"false\" data-prefix=\"fas\" data-icon=\"share\" class=\"svg-inline--fa fa-share \" role=\"img\" xmlns=\"http:\/\/www.w3.org\/2000\/svg\" viewBox=\"0 0 512 512\"><path fill=\"currentColor\" d=\"M307.8 18.4c-12 5-19.8 16.6-19.8 29.6l0 80-112 0c-97.2 0-176 78.8-176 176 0 113.3 81.5 163.9 100.2 174.1 2.5 1.4 5.3 1.9 8.1 1.9 10.9 0 19.7-8.9 19.7-19.7 0-7.5-4.3-14.4-9.8-19.5-9.4-8.8-22.2-26.4-22.2-56.7 0-53 43-96 96-96l96 0 0 80c0 12.9 7.8 24.6 19.8 29.6s25.7 2.2 34.9-6.9l160-160c12.5-12.5 12.5-32.8 0-45.3l-160-160c-9.2-9.2-22.9-11.9-34.9-6.9z\"><\/path><\/svg><\/span><br>\ud83d\udcc5 Vendredi 15 mai \u23f0 19h<br>\ud83d\udccdMaison de la Station<\/p>\n<\/div>\n\n\n\n<div class=\"wp-block-column is-layout-flow wp-block-column-is-layout-flow\">\n<p>Auteurs et Programme<\/p>\n\n\n\n<p class=\"has-small-font-size\"><span class=\"wp-rich-text-font-awesome-icon wp-font-awesome-icon\"><svg aria-hidden=\"true\" focusable=\"false\" data-prefix=\"fas\" data-icon=\"share\" class=\"svg-inline--fa fa-share \" role=\"img\" xmlns=\"http:\/\/www.w3.org\/2000\/svg\" viewBox=\"0 0 512 512\"><path fill=\"currentColor\" d=\"M307.8 18.4c-12 5-19.8 16.6-19.8 29.6l0 80-112 0c-97.2 0-176 78.8-176 176 0 113.3 81.5 163.9 100.2 174.1 2.5 1.4 5.3 1.9 8.1 1.9 10.9 0 19.7-8.9 19.7-19.7 0-7.5-4.3-14.4-9.8-19.5-9.4-8.8-22.2-26.4-22.2-56.7 0-53 43-96 96-96l96 0 0 80c0 12.9 7.8 24.6 19.8 29.6s25.7 2.2 34.9-6.9l160-160c12.5-12.5 12.5-32.8 0-45.3l-160-160c-9.2-9.2-22.9-11.9-34.9-6.9z\"><\/path><\/svg><\/span> <a href=\"https:\/\/unedunealapage.fr\/?page_id=2238\" data-type=\"page\" data-id=\"2238\">vers Liste des auteurs<\/a><br><span class=\"wp-rich-text-font-awesome-icon wp-font-awesome-icon\"><svg aria-hidden=\"true\" focusable=\"false\" data-prefix=\"fas\" data-icon=\"share\" class=\"svg-inline--fa fa-share \" role=\"img\" xmlns=\"http:\/\/www.w3.org\/2000\/svg\" viewBox=\"0 0 512 512\"><path fill=\"currentColor\" d=\"M307.8 18.4c-12 5-19.8 16.6-19.8 29.6l0 80-112 0c-97.2 0-176 78.8-176 176 0 113.3 81.5 163.9 100.2 174.1 2.5 1.4 5.3 1.9 8.1 1.9 10.9 0 19.7-8.9 19.7-19.7 0-7.5-4.3-14.4-9.8-19.5-9.4-8.8-22.2-26.4-22.2-56.7 0-53 43-96 96-96l96 0 0 80c0 12.9 7.8 24.6 19.8 29.6s25.7 2.2 34.9-6.9l160-160c12.5-12.5 12.5-32.8 0-45.3l-160-160c-9.2-9.2-22.9-11.9-34.9-6.9z\"><\/path><\/svg><\/span> <a href=\"https:\/\/unedunealapage.fr\/?page_id=1925\" data-type=\"page\" data-id=\"1925\">vers Programme<\/a><\/p>\n<\/div>\n<\/div>\n<\/div><\/div>\n","protected":false},"excerpt":{"rendered":"<p>Joseph Incardona Joseph Incardona, Suisse d\u2019origine italienne, vit \u00e0 Gen\u00e8ve. Il est l\u2019auteur d\u2019une quinzaine de romans. Les derniers, Derri\u00e8re les panneaux, il y a des hommes (Grand Prix de &hellip; <\/p>\n<p class=\"link-more\"><a href=\"https:\/\/unedunealapage.fr\/?page_id=2338\" class=\"more-link\">Continuer la lecture<span class=\"screen-reader-text\"> de &laquo;&nbsp;Page Joseph Incardona&nbsp;&raquo;<\/span><\/a><\/p>\n","protected":false},"author":1,"featured_media":0,"parent":0,"menu_order":0,"comment_status":"closed","ping_status":"closed","template":"","meta":{"_EventAllDay":false,"_EventTimezone":"","_EventStartDate":"","_EventEndDate":"","_EventStartDateUTC":"","_EventEndDateUTC":"","_EventShowMap":false,"_EventShowMapLink":false,"_EventURL":"","_EventCost":"","_EventCostDescription":"","_EventCurrencySymbol":"","_EventCurrencyCode":"","_EventCurrencyPosition":"","_EventDateTimeSeparator":"","_EventTimeRangeSeparator":"","_EventOrganizerID":[],"_EventVenueID":[],"_OrganizerEmail":"","_OrganizerPhone":"","_OrganizerWebsite":"","_VenueAddress":"","_VenueCity":"","_VenueCountry":"","_VenueProvince":"","_VenueState":"","_VenueZip":"","_VenuePhone":"","_VenueURL":"","_VenueStateProvince":"","_VenueLat":"","_VenueLng":"","_VenueShowMap":false,"_VenueShowMapLink":false,"footnotes":""},"class_list":["post-2338","page","type-page","status-publish","hentry"],"_links":{"self":[{"href":"https:\/\/unedunealapage.fr\/index.php?rest_route=\/wp\/v2\/pages\/2338","targetHints":{"allow":["GET"]}}],"collection":[{"href":"https:\/\/unedunealapage.fr\/index.php?rest_route=\/wp\/v2\/pages"}],"about":[{"href":"https:\/\/unedunealapage.fr\/index.php?rest_route=\/wp\/v2\/types\/page"}],"author":[{"embeddable":true,"href":"https:\/\/unedunealapage.fr\/index.php?rest_route=\/wp\/v2\/users\/1"}],"replies":[{"embeddable":true,"href":"https:\/\/unedunealapage.fr\/index.php?rest_route=%2Fwp%2Fv2%2Fcomments&post=2338"}],"version-history":[{"count":4,"href":"https:\/\/unedunealapage.fr\/index.php?rest_route=\/wp\/v2\/pages\/2338\/revisions"}],"predecessor-version":[{"id":3702,"href":"https:\/\/unedunealapage.fr\/index.php?rest_route=\/wp\/v2\/pages\/2338\/revisions\/3702"}],"wp:attachment":[{"href":"https:\/\/unedunealapage.fr\/index.php?rest_route=%2Fwp%2Fv2%2Fmedia&parent=2338"}],"curies":[{"name":"wp","href":"https:\/\/api.w.org\/{rel}","templated":true}]}}