{"id":2417,"date":"2026-03-11T20:23:28","date_gmt":"2026-03-11T19:23:28","guid":{"rendered":"https:\/\/unedunealapage.fr\/?page_id=2417"},"modified":"2026-03-30T15:53:16","modified_gmt":"2026-03-30T13:53:16","slug":"page-mathilde-levesque","status":"publish","type":"page","link":"https:\/\/unedunealapage.fr\/?page_id=2417","title":{"rendered":"Page Mathilde Levesque"},"content":{"rendered":"\n<h1 class=\"wp-block-heading has-luminous-vivid-orange-color has-text-color has-link-color wp-elements-2febf30d890cc53beddde605495d2881\">Mathilde Levesque<\/h1>\n\n\n\n<div class=\"wp-block-group\"><div class=\"wp-block-group__inner-container is-layout-constrained wp-block-group-is-layout-constrained\">\n<div class=\"wp-block-media-text is-stacked-on-mobile\" style=\"padding-top:0;padding-bottom:0;grid-template-columns:29% auto\"><figure class=\"wp-block-media-text__media\"><img loading=\"lazy\" decoding=\"async\" width=\"333\" height=\"500\" src=\"https:\/\/unedunealapage.fr\/wp-content\/uploads\/2026\/03\/Levesque-\u00a9Olivier-Dion-333x500.jpg\" alt=\"\" class=\"wp-image-2414 size-large\" srcset=\"https:\/\/unedunealapage.fr\/wp-content\/uploads\/2026\/03\/Levesque-\u00a9Olivier-Dion-333x500.jpg 333w, https:\/\/unedunealapage.fr\/wp-content\/uploads\/2026\/03\/Levesque-\u00a9Olivier-Dion-100x150.jpg 100w, https:\/\/unedunealapage.fr\/wp-content\/uploads\/2026\/03\/Levesque-\u00a9Olivier-Dion-768x1152.jpg 768w, https:\/\/unedunealapage.fr\/wp-content\/uploads\/2026\/03\/Levesque-\u00a9Olivier-Dion-scaled.jpg 1707w\" sizes=\"auto, (max-width: 333px) 100vw, 333px\" \/><\/figure><div class=\"wp-block-media-text__content\">\n<p class=\"has-small-font-size\" style=\"min-height:0px;line-height:1.4\">Mathilde Levesque est agr\u00e9g\u00e9e de lettres modernes et docteure en langue et litt\u00e9rature fran\u00e7aises. Elle enseigne au lyc\u00e9e Voillaume d\u2019Aulnay-sous- Bois (93) depuis plus de dix ans.<br>Elle est notamment l\u2019autrice de Lol est aussi un palindrome (First\/Points), Se faire respecter (Payot), du Dictionnaire amoureux de l\u2019\u00e9loquence (Plon) et de Le Lien (Payot Graphic).<\/p>\n<\/div><\/div>\n<\/div><\/div>\n\n\n\n<div class=\"wp-block-group\"><div class=\"wp-block-group__inner-container is-layout-constrained wp-block-group-is-layout-constrained\">\n<div class=\"wp-block-media-text has-media-on-the-right is-stacked-on-mobile\" style=\"grid-template-columns:auto 26%\"><div class=\"wp-block-media-text__content\">\n<p style=\"font-size:12px;line-height:1.5\">Ce court essai fait du proc\u00e8s Mazan un sympt\u00f4me de la r\u00e9sistance \u00e0 nommer le viol : il s\u2019agit d\u2019entrer par le langage dans des m\u00e9canismes sociaux (m\u00eame inconscients) qui, en refusant le mot, refusent sa r\u00e9alit\u00e9. Les faits \u00e9tant av\u00e9r\u00e9s, la parole et sa dimension performative sont plus que jamais au centre de ce proc\u00e8s. L\u2019\u00e9tude s\u2019appuie sur un important corpus de phrases prononc\u00e9es par les diff\u00e9rents acteurs et actrices du proc\u00e8s, et analyse aussi la mani\u00e8re dont chaque discours se positionne par rapport au refus\/d\u00e9ni de r\u00e9alit\u00e9 des accus\u00e9s notamment : perversion du sens des mots, euph\u00e9misation, victimisation et culpabilisation invers\u00e9es, etc.<\/p>\n<\/div><figure class=\"wp-block-media-text__media\"><img loading=\"lazy\" decoding=\"async\" width=\"324\" height=\"500\" src=\"https:\/\/unedunealapage.fr\/wp-content\/uploads\/2026\/03\/9782228938549_couv_300-324x500.jpg\" alt=\"\" class=\"wp-image-2412 size-full\" srcset=\"https:\/\/unedunealapage.fr\/wp-content\/uploads\/2026\/03\/9782228938549_couv_300-324x500.jpg 324w, https:\/\/unedunealapage.fr\/wp-content\/uploads\/2026\/03\/9782228938549_couv_300-97x150.jpg 97w, https:\/\/unedunealapage.fr\/wp-content\/uploads\/2026\/03\/9782228938549_couv_300-768x1186.jpg 768w, https:\/\/unedunealapage.fr\/wp-content\/uploads\/2026\/03\/9782228938549_couv_300-994x1536.jpg 994w, https:\/\/unedunealapage.fr\/wp-content\/uploads\/2026\/03\/9782228938549_couv_300-1326x2048.jpg 1326w, https:\/\/unedunealapage.fr\/wp-content\/uploads\/2026\/03\/9782228938549_couv_300-scaled.jpg 1657w\" sizes=\"auto, (max-width: 324px) 100vw, 324px\" \/><\/figure><\/div>\n<\/div><\/div>\n\n\n\n<hr class=\"wp-block-separator has-alpha-channel-opacity\"\/>\n\n\n\n<div class=\"wp-block-group\"><div class=\"wp-block-group__inner-container is-layout-constrained wp-block-group-is-layout-constrained\">\n<div class=\"wp-block-columns is-layout-flex wp-container-core-columns-is-layout-9d6595d7 wp-block-columns-is-layout-flex\">\n<div class=\"wp-block-column is-layout-flow wp-block-column-is-layout-flow\">\n<p>Calendrier<\/p>\n\n\n\n<p class=\"has-small-font-size\">\ud83d\udcda<a href=\"https:\/\/unedunealapage.fr\/?tribe_events=feminicides-et-ou-violences-faites-aux-femmes\" data-type=\"tribe_events\" data-id=\"2743\">Table ronde<br>F\u00e9minicides et\/ou Violences faites aux femmes<\/a> <span class=\"wp-rich-text-font-awesome-icon wp-font-awesome-icon\"><svg aria-hidden=\"true\" focusable=\"false\" data-prefix=\"fas\" data-icon=\"share\" class=\"svg-inline--fa fa-share \" role=\"img\" xmlns=\"http:\/\/www.w3.org\/2000\/svg\" viewBox=\"0 0 512 512\"><path fill=\"currentColor\" d=\"M307.8 18.4c-12 5-19.8 16.6-19.8 29.6l0 80-112 0c-97.2 0-176 78.8-176 176 0 113.3 81.5 163.9 100.2 174.1 2.5 1.4 5.3 1.9 8.1 1.9 10.9 0 19.7-8.9 19.7-19.7 0-7.5-4.3-14.4-9.8-19.5-9.4-8.8-22.2-26.4-22.2-56.7 0-53 43-96 96-96l96 0 0 80c0 12.9 7.8 24.6 19.8 29.6s25.7 2.2 34.9-6.9l160-160c12.5-12.5 12.5-32.8 0-45.3l-160-160c-9.2-9.2-22.9-11.9-34.9-6.9z\"><\/path><\/svg><\/span><br>\ud83d\udcc5 Vendredi 15 mai \u23f0 21h<br>\ud83d\udccdSalle Marie Madeleine<\/p>\n<\/div>\n\n\n\n<div class=\"wp-block-column is-layout-flow wp-block-column-is-layout-flow\">\n<p>Auteurs et Programme<\/p>\n\n\n\n<p class=\"has-small-font-size\"><span class=\"wp-rich-text-font-awesome-icon wp-font-awesome-icon\"><svg aria-hidden=\"true\" focusable=\"false\" data-prefix=\"fas\" data-icon=\"share\" class=\"svg-inline--fa fa-share \" role=\"img\" xmlns=\"http:\/\/www.w3.org\/2000\/svg\" viewBox=\"0 0 512 512\"><path fill=\"currentColor\" d=\"M307.8 18.4c-12 5-19.8 16.6-19.8 29.6l0 80-112 0c-97.2 0-176 78.8-176 176 0 113.3 81.5 163.9 100.2 174.1 2.5 1.4 5.3 1.9 8.1 1.9 10.9 0 19.7-8.9 19.7-19.7 0-7.5-4.3-14.4-9.8-19.5-9.4-8.8-22.2-26.4-22.2-56.7 0-53 43-96 96-96l96 0 0 80c0 12.9 7.8 24.6 19.8 29.6s25.7 2.2 34.9-6.9l160-160c12.5-12.5 12.5-32.8 0-45.3l-160-160c-9.2-9.2-22.9-11.9-34.9-6.9z\"><\/path><\/svg><\/span> <a href=\"https:\/\/unedunealapage.fr\/?page_id=2238\" data-type=\"page\" data-id=\"2238\">vers Liste des auteurs<\/a><br><span class=\"wp-rich-text-font-awesome-icon wp-font-awesome-icon\"><svg aria-hidden=\"true\" focusable=\"false\" data-prefix=\"fas\" data-icon=\"share\" class=\"svg-inline--fa fa-share \" role=\"img\" xmlns=\"http:\/\/www.w3.org\/2000\/svg\" viewBox=\"0 0 512 512\"><path fill=\"currentColor\" d=\"M307.8 18.4c-12 5-19.8 16.6-19.8 29.6l0 80-112 0c-97.2 0-176 78.8-176 176 0 113.3 81.5 163.9 100.2 174.1 2.5 1.4 5.3 1.9 8.1 1.9 10.9 0 19.7-8.9 19.7-19.7 0-7.5-4.3-14.4-9.8-19.5-9.4-8.8-22.2-26.4-22.2-56.7 0-53 43-96 96-96l96 0 0 80c0 12.9 7.8 24.6 19.8 29.6s25.7 2.2 34.9-6.9l160-160c12.5-12.5 12.5-32.8 0-45.3l-160-160c-9.2-9.2-22.9-11.9-34.9-6.9z\"><\/path><\/svg><\/span> <a href=\"https:\/\/unedunealapage.fr\/?page_id=1925\" data-type=\"page\" data-id=\"1925\">vers Programme<\/a><\/p>\n<\/div>\n<\/div>\n<\/div><\/div>\n\n\n\n<hr class=\"wp-block-separator has-alpha-channel-opacity\"\/>\n","protected":false},"excerpt":{"rendered":"<p>Mathilde Levesque Mathilde Levesque est agr\u00e9g\u00e9e de lettres modernes et docteure en langue et litt\u00e9rature fran\u00e7aises. Elle enseigne au lyc\u00e9e Voillaume d\u2019Aulnay-sous- Bois (93) depuis plus de dix ans.Elle est &hellip; <\/p>\n<p class=\"link-more\"><a href=\"https:\/\/unedunealapage.fr\/?page_id=2417\" class=\"more-link\">Continuer la lecture<span class=\"screen-reader-text\"> de &laquo;&nbsp;Page Mathilde Levesque&nbsp;&raquo;<\/span><\/a><\/p>\n","protected":false},"author":1,"featured_media":0,"parent":0,"menu_order":0,"comment_status":"closed","ping_status":"closed","template":"","meta":{"_EventAllDay":false,"_EventTimezone":"","_EventStartDate":"","_EventEndDate":"","_EventStartDateUTC":"","_EventEndDateUTC":"","_EventShowMap":false,"_EventShowMapLink":false,"_EventURL":"","_EventCost":"","_EventCostDescription":"","_EventCurrencySymbol":"","_EventCurrencyCode":"","_EventCurrencyPosition":"","_EventDateTimeSeparator":"","_EventTimeRangeSeparator":"","_EventOrganizerID":[],"_EventVenueID":[],"_OrganizerEmail":"","_OrganizerPhone":"","_OrganizerWebsite":"","_VenueAddress":"","_VenueCity":"","_VenueCountry":"","_VenueProvince":"","_VenueState":"","_VenueZip":"","_VenuePhone":"","_VenueURL":"","_VenueStateProvince":"","_VenueLat":"","_VenueLng":"","_VenueShowMap":false,"_VenueShowMapLink":false,"footnotes":""},"class_list":["post-2417","page","type-page","status-publish","hentry"],"_links":{"self":[{"href":"https:\/\/unedunealapage.fr\/index.php?rest_route=\/wp\/v2\/pages\/2417","targetHints":{"allow":["GET"]}}],"collection":[{"href":"https:\/\/unedunealapage.fr\/index.php?rest_route=\/wp\/v2\/pages"}],"about":[{"href":"https:\/\/unedunealapage.fr\/index.php?rest_route=\/wp\/v2\/types\/page"}],"author":[{"embeddable":true,"href":"https:\/\/unedunealapage.fr\/index.php?rest_route=\/wp\/v2\/users\/1"}],"replies":[{"embeddable":true,"href":"https:\/\/unedunealapage.fr\/index.php?rest_route=%2Fwp%2Fv2%2Fcomments&post=2417"}],"version-history":[{"count":5,"href":"https:\/\/unedunealapage.fr\/index.php?rest_route=\/wp\/v2\/pages\/2417\/revisions"}],"predecessor-version":[{"id":3717,"href":"https:\/\/unedunealapage.fr\/index.php?rest_route=\/wp\/v2\/pages\/2417\/revisions\/3717"}],"wp:attachment":[{"href":"https:\/\/unedunealapage.fr\/index.php?rest_route=%2Fwp%2Fv2%2Fmedia&parent=2417"}],"curies":[{"name":"wp","href":"https:\/\/api.w.org\/{rel}","templated":true}]}}

<h1 class="wp-block-heading has-luminous-vivid-orange-color has-text-color has-link-color wp-elements-2febf30d890cc53beddde605495d2881">Mathilde Levesque</h1>



<div class="wp-block-group"><div class="wp-block-group__inner-container is-layout-constrained wp-block-group-is-layout-constrained">
<div class="wp-block-media-text is-stacked-on-mobile" style="padding-top:0;padding-bottom:0;grid-template-columns:29% auto"><figure class="wp-block-media-text__media"><img loading="lazy" decoding="async" width="333" height="500" src="https://unedunealapage.fr/wp-content/uploads/2026/03/Levesque-©Olivier-Dion-333x500.jpg" alt="" class="wp-image-2414 size-large" srcset="https://unedunealapage.fr/wp-content/uploads/2026/03/Levesque-©Olivier-Dion-333x500.jpg 333w, https://unedunealapage.fr/wp-content/uploads/2026/03/Levesque-©Olivier-Dion-100x150.jpg 100w, https://unedunealapage.fr/wp-content/uploads/2026/03/Levesque-©Olivier-Dion-768x1152.jpg 768w, https://unedunealapage.fr/wp-content/uploads/2026/03/Levesque-©Olivier-Dion-scaled.jpg 1707w" sizes="auto, (max-width: 333px) 100vw, 333px" /></figure><div class="wp-block-media-text__content">
<p class="has-small-font-size" style="min-height:0px;line-height:1.4">Mathilde Levesque est agrégée de lettres modernes et docteure en langue et littérature françaises. Elle enseigne au lycée Voillaume d’Aulnay-sous- Bois (93) depuis plus de dix ans.<br>Elle est notamment l’autrice de Lol est aussi un palindrome (First/Points), Se faire respecter (Payot), du Dictionnaire amoureux de l’éloquence (Plon) et de Le Lien (Payot Graphic).</p>
</div></div>
</div></div>



<div class="wp-block-group"><div class="wp-block-group__inner-container is-layout-constrained wp-block-group-is-layout-constrained">
<div class="wp-block-media-text has-media-on-the-right is-stacked-on-mobile" style="grid-template-columns:auto 26%"><div class="wp-block-media-text__content">
<p style="font-size:12px;line-height:1.5">Ce court essai fait du procès Mazan un symptôme de la résistance à nommer le viol : il s’agit d’entrer par le langage dans des mécanismes sociaux (même inconscients) qui, en refusant le mot, refusent sa réalité. Les faits étant avérés, la parole et sa dimension performative sont plus que jamais au centre de ce procès. L’étude s’appuie sur un important corpus de phrases prononcées par les différents acteurs et actrices du procès, et analyse aussi la manière dont chaque discours se positionne par rapport au refus/déni de réalité des accusés notamment : perversion du sens des mots, euphémisation, victimisation et culpabilisation inversées, etc.</p>
</div><figure class="wp-block-media-text__media"><img loading="lazy" decoding="async" width="324" height="500" src="https://unedunealapage.fr/wp-content/uploads/2026/03/9782228938549_couv_300-324x500.jpg" alt="" class="wp-image-2412 size-full" srcset="https://unedunealapage.fr/wp-content/uploads/2026/03/9782228938549_couv_300-324x500.jpg 324w, https://unedunealapage.fr/wp-content/uploads/2026/03/9782228938549_couv_300-97x150.jpg 97w, https://unedunealapage.fr/wp-content/uploads/2026/03/9782228938549_couv_300-768x1186.jpg 768w, https://unedunealapage.fr/wp-content/uploads/2026/03/9782228938549_couv_300-994x1536.jpg 994w, https://unedunealapage.fr/wp-content/uploads/2026/03/9782228938549_couv_300-1326x2048.jpg 1326w, https://unedunealapage.fr/wp-content/uploads/2026/03/9782228938549_couv_300-scaled.jpg 1657w" sizes="auto, (max-width: 324px) 100vw, 324px" /></figure></div>
</div></div>



<hr class="wp-block-separator has-alpha-channel-opacity"/>



<div class="wp-block-group"><div class="wp-block-group__inner-container is-layout-constrained wp-block-group-is-layout-constrained">
<div class="wp-block-columns is-layout-flex wp-container-core-columns-is-layout-9d6595d7 wp-block-columns-is-layout-flex">
<div class="wp-block-column is-layout-flow wp-block-column-is-layout-flow">
<p>Calendrier</p>



<p class="has-small-font-size">📚<a href="https://unedunealapage.fr/?tribe_events=feminicides-et-ou-violences-faites-aux-femmes" data-type="tribe_events" data-id="2743">Table ronde<br>Féminicides et/ou Violences faites aux femmes</a> <span class="wp-rich-text-font-awesome-icon wp-font-awesome-icon"><svg aria-hidden="true" focusable="false" data-prefix="fas" data-icon="share" class="svg-inline--fa fa-share " role="img" xmlns="http://www.w3.org/2000/svg" viewBox="0 0 512 512"><path fill="currentColor" d="M307.8 18.4c-12 5-19.8 16.6-19.8 29.6l0 80-112 0c-97.2 0-176 78.8-176 176 0 113.3 81.5 163.9 100.2 174.1 2.5 1.4 5.3 1.9 8.1 1.9 10.9 0 19.7-8.9 19.7-19.7 0-7.5-4.3-14.4-9.8-19.5-9.4-8.8-22.2-26.4-22.2-56.7 0-53 43-96 96-96l96 0 0 80c0 12.9 7.8 24.6 19.8 29.6s25.7 2.2 34.9-6.9l160-160c12.5-12.5 12.5-32.8 0-45.3l-160-160c-9.2-9.2-22.9-11.9-34.9-6.9z"></path></svg></span><br>📅 Vendredi 15 mai ⏰ 21h<br>📍Salle Marie Madeleine</p>
</div>



<div class="wp-block-column is-layout-flow wp-block-column-is-layout-flow">
<p>Auteurs et Programme</p>



<p class="has-small-font-size"><span class="wp-rich-text-font-awesome-icon wp-font-awesome-icon"><svg aria-hidden="true" focusable="false" data-prefix="fas" data-icon="share" class="svg-inline--fa fa-share " role="img" xmlns="http://www.w3.org/2000/svg" viewBox="0 0 512 512"><path fill="currentColor" d="M307.8 18.4c-12 5-19.8 16.6-19.8 29.6l0 80-112 0c-97.2 0-176 78.8-176 176 0 113.3 81.5 163.9 100.2 174.1 2.5 1.4 5.3 1.9 8.1 1.9 10.9 0 19.7-8.9 19.7-19.7 0-7.5-4.3-14.4-9.8-19.5-9.4-8.8-22.2-26.4-22.2-56.7 0-53 43-96 96-96l96 0 0 80c0 12.9 7.8 24.6 19.8 29.6s25.7 2.2 34.9-6.9l160-160c12.5-12.5 12.5-32.8 0-45.3l-160-160c-9.2-9.2-22.9-11.9-34.9-6.9z"></path></svg></span> <a href="https://unedunealapage.fr/?page_id=2238" data-type="page" data-id="2238">vers Liste des auteurs</a><br><span class="wp-rich-text-font-awesome-icon wp-font-awesome-icon"><svg aria-hidden="true" focusable="false" data-prefix="fas" data-icon="share" class="svg-inline--fa fa-share " role="img" xmlns="http://www.w3.org/2000/svg" viewBox="0 0 512 512"><path fill="currentColor" d="M307.8 18.4c-12 5-19.8 16.6-19.8 29.6l0 80-112 0c-97.2 0-176 78.8-176 176 0 113.3 81.5 163.9 100.2 174.1 2.5 1.4 5.3 1.9 8.1 1.9 10.9 0 19.7-8.9 19.7-19.7 0-7.5-4.3-14.4-9.8-19.5-9.4-8.8-22.2-26.4-22.2-56.7 0-53 43-96 96-96l96 0 0 80c0 12.9 7.8 24.6 19.8 29.6s25.7 2.2 34.9-6.9l160-160c12.5-12.5 12.5-32.8 0-45.3l-160-160c-9.2-9.2-22.9-11.9-34.9-6.9z"></path></svg></span> <a href="https://unedunealapage.fr/?page_id=1925" data-type="page" data-id="1925">vers Programme</a></p>
</div>
</div>
</div></div>



<hr class="wp-block-separator has-alpha-channel-opacity"/>

<p>Mathilde Levesque Mathilde Levesque est agrégée de lettres modernes et docteure en langue et littérature françaises. Elle enseigne au lycée Voillaume d’Aulnay-sous- Bois (93) depuis plus de dix ans.Elle est &hellip; </p>
<p class="link-more"><a href="https://unedunealapage.fr/?page_id=2417" class="more-link">Continuer la lecture<span class="screen-reader-text"> de &laquo;&nbsp;Page Mathilde Levesque&nbsp;&raquo;</span></a></p>
