{"id":2839,"date":"2026-03-14T11:16:54","date_gmt":"2026-03-14T10:16:54","guid":{"rendered":"https:\/\/unedunealapage.fr\/?page_id=2839"},"modified":"2026-03-30T15:03:18","modified_gmt":"2026-03-30T13:03:18","slug":"page-alexandre-kauffmann","status":"publish","type":"page","link":"https:\/\/unedunealapage.fr\/?page_id=2839","title":{"rendered":"Page Alexandre Kauffmann"},"content":{"rendered":"\n<h1 class=\"wp-block-heading has-luminous-vivid-orange-color has-text-color has-link-color wp-elements-114a9715ff65116907a1a142d89aa47c\">Alexandre Kauffmann<\/h1>\n\n\n\n<div class=\"wp-block-group\"><div class=\"wp-block-group__inner-container is-layout-constrained wp-block-group-is-layout-constrained\">\n<div class=\"wp-block-media-text is-stacked-on-mobile\" style=\"padding-top:0;padding-bottom:0;grid-template-columns:49% auto\"><figure class=\"wp-block-media-text__media\"><img loading=\"lazy\" decoding=\"async\" width=\"500\" height=\"347\" src=\"https:\/\/unedunealapage.fr\/wp-content\/uploads\/2026\/03\/Portrait-Kauffmann-500x347.jpg\" alt=\"\" class=\"wp-image-3242 size-large\" srcset=\"https:\/\/unedunealapage.fr\/wp-content\/uploads\/2026\/03\/Portrait-Kauffmann-500x347.jpg 500w, https:\/\/unedunealapage.fr\/wp-content\/uploads\/2026\/03\/Portrait-Kauffmann-150x104.jpg 150w, https:\/\/unedunealapage.fr\/wp-content\/uploads\/2026\/03\/Portrait-Kauffmann-768x532.jpg 768w, https:\/\/unedunealapage.fr\/wp-content\/uploads\/2026\/03\/Portrait-Kauffmann.jpg 1000w\" sizes=\"auto, (max-width: 500px) 100vw, 500px\" \/><\/figure><div class=\"wp-block-media-text__content\">\n<p class=\"has-superbfont-tiny-font-size\" style=\"min-height:0px;line-height:1.4\">Alexandre Kauffmann est romancier et reporter ind\u00e9pendant (\u201cLe Monde\u201d, \u201cXXI\u201d, \u201cSlate\u201d\u2026). Apr\u00e8s avoir v\u00e9cu deux ans en Tanzanie, il se concentre sur la narrative non-fiction avec\u00a0\u201cSurdose\u201d\u00a0(paru en 2018) et\u00a0\u201cLa Mythomane du Bataclan<a href=\"https:\/\/editionsgouttedor.com\/catalogue\/la-mythomane-du-bataclan\/\">\u201d<\/a>\u00a0(en 2021, livre adapt\u00e9 en s\u00e9rie par\u00a0HBO).<\/p>\n<\/div><\/div>\n<\/div><\/div>\n\n\n\n<hr class=\"wp-block-separator has-alpha-channel-opacity\"\/>\n\n\n\n<div class=\"wp-block-group\"><div class=\"wp-block-group__inner-container is-layout-constrained wp-block-group-is-layout-constrained\">\n<div class=\"wp-block-media-text has-media-on-the-right is-stacked-on-mobile is-vertically-aligned-top\" style=\"grid-template-columns:auto 38%\"><div class=\"wp-block-media-text__content\">\n<p style=\"font-size:12px;line-height:1.5\"><strong>Une histoire vraie d\u2019amour et de manipulation.<\/strong><br>\u00ab <strong>\u201cLa veuve, le millionnaire et le brouteur\u201d,<\/strong><\/p>\n\n\n\n<p class=\"has-small-font-size\">Murielle, 57 ans, veuve et employ\u00e9e \u00e0 la mairie d\u2019une petite ville du sud-est, \u00e9coute ses enfants et s\u2019inscrit sur Meetic. Apr\u00e8s quelques \u00e9changes d\u00e9cevants, elle tombe sur la perle rare. Il s\u2019appelle Charles Leroux. Ce quinquag\u00e9naire charismatique aux yeux clairs se montre tendre et d\u00e9licieusement elliptique. Cet homme a fait fortune dans le num\u00e9rique, il est m\u00eame propri\u00e9taire d\u2019un yacht. C\u2019est trop beau pour \u00eatre vrai, alors elle creuse. Et plus elle creuse, plus elle a Charles dans la peau. Plus rien ne pourra se glisser entre elle et lui. Ni ses enfants, ni les autres femmes, ni les banques, ni la police.<br>Alexandre Kau\ufb00mann a enqu\u00eat\u00e9 pendant deux ans pour retracer cette histoire. Il a rencontr\u00e9 Murielle, qui a perdu sa maison et n\u2019a plus de ressources, et Charles, qui, dans l&rsquo;h\u00f4tel de luxe dont il est propri\u00e9taire, re\u00e7oit, en provenance du monde entier, des lettres de femmes victimes de personnes ayant usurp\u00e9 son identit\u00e9. Alexandre Kau\ufb00mann est all\u00e9 jusqu\u2019\u00e0 Abidjan, o\u00f9 o\ufb03cie le brouteur ou \u201ccyber escroc de l\u2019amour\u201d derri\u00e8re le faux compte de Charles Leroux. Aid\u00e9 par un \u201cchasseur de brouteur\u201d, l\u2019auteur a m\u00eame r\u00e9ussi \u00e0 pirater l\u2019ordinateur de l\u2019escroc et \u00e0 \u00e9changer avec lui. <br>\u00c0 travers cette histoire, le journaliste raconte un ph\u00e9nom\u00e8ne qui concerne plusieurs milliers de personnes chaque ann\u00e9e en France : l\u2019arnaque aux sentiments, ou comment des cyber escrocs profitent de la solitude de certaines personnes pour s&rsquo;immiscer dans leur vie et leur soutirer de l\u2019argent, parfois plusieurs centaines de milliers d\u2019euros.<br>Une fable du XXIe si\u00e8cle qui nous rappelle que l\u2019amour rend aveugle.<br>Le roman est en cours d\u2019adaptation en s\u00e9rie.<\/p>\n<\/div><figure class=\"wp-block-media-text__media\"><img loading=\"lazy\" decoding=\"async\" width=\"333\" height=\"500\" src=\"https:\/\/unedunealapage.fr\/wp-content\/uploads\/2026\/03\/couv_la_captive-1-333x500.jpg\" alt=\"\" class=\"wp-image-2167 size-full\" srcset=\"https:\/\/unedunealapage.fr\/wp-content\/uploads\/2026\/03\/couv_la_captive-1-333x500.jpg 333w, https:\/\/unedunealapage.fr\/wp-content\/uploads\/2026\/03\/couv_la_captive-1-100x150.jpg 100w, https:\/\/unedunealapage.fr\/wp-content\/uploads\/2026\/03\/couv_la_captive-1.jpg 400w\" sizes=\"auto, (max-width: 333px) 100vw, 333px\" \/><\/figure><\/div>\n<\/div><\/div>\n\n\n\n<hr class=\"wp-block-separator has-alpha-channel-opacity\"\/>\n\n\n\n<h5 class=\"wp-block-heading\">\ud83d\udcf0 <strong>Article Livre Hebdo Laetitia Favre<\/strong><\/h5>\n\n\n\n<p class=\"has-small-font-size\"><strong>Arnaque aux sentiments.&nbsp;<\/strong>\u00c0 l&rsquo;automne 2017, Murielle s&rsquo;inscrit sur Meetic dans l&rsquo;espoir de rompre sa solitude. \u00c0 57 ans, elle est veuve depuis deux ans, et propri\u00e9taire d&rsquo;une villa dans le massif proven\u00e7al. \u00ab&nbsp;<em>Tu es encore belle, maman, tu devrais trouver quelqu&rsquo;un<\/em>&nbsp;\u00bb lui sugg\u00e8rent ses deux filles. Apr\u00e8s quelques flirts sans lendemain, Murielle tombe sur le profil de Charles Leroux, un quinquag\u00e9naire au regard \u00ab&nbsp;<em>bleu banquise<\/em>&nbsp;\u00bb ayant fait fortune dans le num\u00e9rique au d\u00e9but des ann\u00e9es 2000. Avec lui, Murielle a le sentiment \u00ab&nbsp;<em>d&rsquo;avoir rencontr\u00e9 quelqu&rsquo;un de diff\u00e9rent<\/em>&nbsp;\u00bb. Charles esp\u00e8re quant \u00e0 lui que la confiance s&rsquo;installera entre eux&nbsp;: \u00ab&nbsp;<em>c&rsquo;est la base de toute relation amoureuse<\/em>&nbsp;\u00bb argue-t-il. Murielle est sous le charme, bient\u00f4t d\u00e9pendante des messages plein de tendresse et de promesses dont son amant virtuel l&rsquo;abreuve au quotidien. Au point de ne pas pr\u00eater attention aux signaux d&rsquo;alerte qui se multiplient.&nbsp;\u00ab&nbsp;<em>D&rsquo;abord, les attentions et les mots doux. Puis les probl\u00e8mes et les silences. Enfin, les reproches et les injures<\/em>.&nbsp;\u00bb Le mode op\u00e9ratoire ob\u00e9it \u00e0 une logique immuable.<\/p>\n\n\n\n<p class=\"has-small-font-size\">Au moment de se plonger dans l&rsquo;historique des \u00e9changes entre Murielle et celui qu&rsquo;elle croit \u00eatre Charles Leroux, Alexandre Kauffmann a d\u00e9j\u00e0 r\u00e9alis\u00e9, pour le journal&nbsp;<em>Le Monde<\/em>, une enqu\u00eate sur les escroqueries sentimentales.&nbsp;<em>La captive<\/em>&nbsp;en d\u00e9veloppe les conclusions au contact de victimes, toujours plus nombreuses, de ce type d&rsquo;escroquerie, comme Murielle, comme le v\u00e9ritable Charles Leroux. Un homme dont l&rsquo;identit\u00e9 a \u00e9t\u00e9 usurp\u00e9e par des \u00ab&nbsp;brouteurs&nbsp;\u00bb, ces escrocs s\u00e9duisant leurs cibles sur Internet pour leur soutirer de l&rsquo;argent, parfois l&rsquo;essentiel de leurs \u00e9conomies. Pour \u00ab&nbsp;<em>sauver ses fantasme<\/em>s&nbsp;\u00bb, Murielle vide son compte en banque, se brouille avec sa famille et refuse de s&rsquo;avouer victime d&rsquo;une escroquerie, aussi \u00e9vidente semble-t-elle. \u00ab&nbsp;<em>Il n&rsquo;y a rien de plus pr\u00e9cieux en ce monde que le sentiment d&rsquo;exister pour quelqu&rsquo;un<\/em>&nbsp;\u00bb, r\u00e9sume Alexandre Kauffmann en \u00e9cho \u00e0 la d\u00e9tresse de cette femme que nous pourrions tous conna\u00eetre, sinon incarner. De Paris \u00e0 Abidjan, Alexandre Kauffmann met \u00e0 jour les rouages psychologiques, soci\u00e9taux, historiques parfois, d&rsquo;un syst\u00e8me arnaquant plusieurs milliers de personnes en France chaque ann\u00e9e. Un syst\u00e8me dont nous avons l&rsquo;intime et terrifiante conviction, une fois ce livre referm\u00e9, de pouvoir \u00e0 notre tour devenir captif.<\/p>\n\n\n\n<hr class=\"wp-block-separator has-alpha-channel-opacity\"\/>\n\n\n\n<div class=\"wp-block-columns is-layout-flex wp-container-core-columns-is-layout-9d6595d7 wp-block-columns-is-layout-flex\">\n<div class=\"wp-block-column is-layout-flow wp-block-column-is-layout-flow\">\n<p>Calendrier<\/p>\n\n\n\n<p class=\"has-small-font-size\">\ud83d\udcda<a href=\"https:\/\/unedunealapage.fr\/?tribe_events=alexandre-kauffmann\" data-type=\"tribe_events\" data-id=\"2580\">Rencontre litt\u00e9raire <\/a><span class=\"wp-rich-text-font-awesome-icon wp-font-awesome-icon\"><svg aria-hidden=\"true\" focusable=\"false\" data-prefix=\"fas\" data-icon=\"share\" class=\"svg-inline--fa fa-share \" role=\"img\" xmlns=\"http:\/\/www.w3.org\/2000\/svg\" viewBox=\"0 0 512 512\"><path fill=\"currentColor\" d=\"M307.8 18.4c-12 5-19.8 16.6-19.8 29.6l0 80-112 0c-97.2 0-176 78.8-176 176 0 113.3 81.5 163.9 100.2 174.1 2.5 1.4 5.3 1.9 8.1 1.9 10.9 0 19.7-8.9 19.7-19.7 0-7.5-4.3-14.4-9.8-19.5-9.4-8.8-22.2-26.4-22.2-56.7 0-53 43-96 96-96l96 0 0 80c0 12.9 7.8 24.6 19.8 29.6s25.7 2.2 34.9-6.9l160-160c12.5-12.5 12.5-32.8 0-45.3l-160-160c-9.2-9.2-22.9-11.9-34.9-6.9z\"><\/path><\/svg><\/span><br>\ud83d\udcc5 Jeudi 14 mai \u23f0 15h30 \u00e0 16h30<br>\ud83d\udccdMaison de la Station<\/p>\n<\/div>\n\n\n\n<div class=\"wp-block-column is-layout-flow wp-block-column-is-layout-flow\">\n<p>Auteurs et Programme<\/p>\n\n\n\n<p class=\"has-small-font-size\"><span class=\"wp-rich-text-font-awesome-icon wp-font-awesome-icon\"><svg aria-hidden=\"true\" focusable=\"false\" data-prefix=\"fas\" data-icon=\"share\" class=\"svg-inline--fa fa-share \" role=\"img\" xmlns=\"http:\/\/www.w3.org\/2000\/svg\" viewBox=\"0 0 512 512\"><path fill=\"currentColor\" d=\"M307.8 18.4c-12 5-19.8 16.6-19.8 29.6l0 80-112 0c-97.2 0-176 78.8-176 176 0 113.3 81.5 163.9 100.2 174.1 2.5 1.4 5.3 1.9 8.1 1.9 10.9 0 19.7-8.9 19.7-19.7 0-7.5-4.3-14.4-9.8-19.5-9.4-8.8-22.2-26.4-22.2-56.7 0-53 43-96 96-96l96 0 0 80c0 12.9 7.8 24.6 19.8 29.6s25.7 2.2 34.9-6.9l160-160c12.5-12.5 12.5-32.8 0-45.3l-160-160c-9.2-9.2-22.9-11.9-34.9-6.9z\"><\/path><\/svg><\/span> <a href=\"https:\/\/unedunealapage.fr\/?page_id=2238\" data-type=\"page\" data-id=\"2238\">vers Liste des auteurs<\/a><br><span class=\"wp-rich-text-font-awesome-icon wp-font-awesome-icon\"><svg aria-hidden=\"true\" focusable=\"false\" data-prefix=\"fas\" data-icon=\"share\" class=\"svg-inline--fa fa-share \" role=\"img\" xmlns=\"http:\/\/www.w3.org\/2000\/svg\" viewBox=\"0 0 512 512\"><path fill=\"currentColor\" d=\"M307.8 18.4c-12 5-19.8 16.6-19.8 29.6l0 80-112 0c-97.2 0-176 78.8-176 176 0 113.3 81.5 163.9 100.2 174.1 2.5 1.4 5.3 1.9 8.1 1.9 10.9 0 19.7-8.9 19.7-19.7 0-7.5-4.3-14.4-9.8-19.5-9.4-8.8-22.2-26.4-22.2-56.7 0-53 43-96 96-96l96 0 0 80c0 12.9 7.8 24.6 19.8 29.6s25.7 2.2 34.9-6.9l160-160c12.5-12.5 12.5-32.8 0-45.3l-160-160c-9.2-9.2-22.9-11.9-34.9-6.9z\"><\/path><\/svg><\/span> <a href=\"https:\/\/unedunealapage.fr\/?page_id=1925\" data-type=\"page\" data-id=\"1925\">vers Programme<\/a><\/p>\n<\/div>\n<\/div>\n\n\n\n<hr class=\"wp-block-separator has-alpha-channel-opacity\"\/>\n","protected":false},"excerpt":{"rendered":"<p>Alexandre Kauffmann Alexandre Kauffmann est romancier et reporter ind\u00e9pendant (\u201cLe Monde\u201d, \u201cXXI\u201d, \u201cSlate\u201d\u2026). Apr\u00e8s avoir v\u00e9cu deux ans en Tanzanie, il se concentre sur la narrative non-fiction avec\u00a0\u201cSurdose\u201d\u00a0(paru en 2018) &hellip; <\/p>\n<p class=\"link-more\"><a href=\"https:\/\/unedunealapage.fr\/?page_id=2839\" class=\"more-link\">Continuer la lecture<span class=\"screen-reader-text\"> de &laquo;&nbsp;Page Alexandre Kauffmann&nbsp;&raquo;<\/span><\/a><\/p>\n","protected":false},"author":1,"featured_media":0,"parent":0,"menu_order":0,"comment_status":"closed","ping_status":"closed","template":"","meta":{"_EventAllDay":false,"_EventTimezone":"","_EventStartDate":"","_EventEndDate":"","_EventStartDateUTC":"","_EventEndDateUTC":"","_EventShowMap":false,"_EventShowMapLink":false,"_EventURL":"","_EventCost":"","_EventCostDescription":"","_EventCurrencySymbol":"","_EventCurrencyCode":"","_EventCurrencyPosition":"","_EventDateTimeSeparator":"","_EventTimeRangeSeparator":"","_EventOrganizerID":[],"_EventVenueID":[],"_OrganizerEmail":"","_OrganizerPhone":"","_OrganizerWebsite":"","_VenueAddress":"","_VenueCity":"","_VenueCountry":"","_VenueProvince":"","_VenueState":"","_VenueZip":"","_VenuePhone":"","_VenueURL":"","_VenueStateProvince":"","_VenueLat":"","_VenueLng":"","_VenueShowMap":false,"_VenueShowMapLink":false,"footnotes":""},"class_list":["post-2839","page","type-page","status-publish","hentry"],"_links":{"self":[{"href":"https:\/\/unedunealapage.fr\/index.php?rest_route=\/wp\/v2\/pages\/2839","targetHints":{"allow":["GET"]}}],"collection":[{"href":"https:\/\/unedunealapage.fr\/index.php?rest_route=\/wp\/v2\/pages"}],"about":[{"href":"https:\/\/unedunealapage.fr\/index.php?rest_route=\/wp\/v2\/types\/page"}],"author":[{"embeddable":true,"href":"https:\/\/unedunealapage.fr\/index.php?rest_route=\/wp\/v2\/users\/1"}],"replies":[{"embeddable":true,"href":"https:\/\/unedunealapage.fr\/index.php?rest_route=%2Fwp%2Fv2%2Fcomments&post=2839"}],"version-history":[{"count":14,"href":"https:\/\/unedunealapage.fr\/index.php?rest_route=\/wp\/v2\/pages\/2839\/revisions"}],"predecessor-version":[{"id":3676,"href":"https:\/\/unedunealapage.fr\/index.php?rest_route=\/wp\/v2\/pages\/2839\/revisions\/3676"}],"wp:attachment":[{"href":"https:\/\/unedunealapage.fr\/index.php?rest_route=%2Fwp%2Fv2%2Fmedia&parent=2839"}],"curies":[{"name":"wp","href":"https:\/\/api.w.org\/{rel}","templated":true}]}}