{"id":2891,"date":"2026-03-14T14:39:14","date_gmt":"2026-03-14T13:39:14","guid":{"rendered":"https:\/\/unedunealapage.fr\/?page_id=2891"},"modified":"2026-03-30T15:39:39","modified_gmt":"2026-03-30T13:39:39","slug":"page-julien-perez","status":"publish","type":"page","link":"https:\/\/unedunealapage.fr\/?page_id=2891","title":{"rendered":"Page Julien Perez"},"content":{"rendered":"\n<div class=\"wp-block-group\"><div class=\"wp-block-group__inner-container is-layout-constrained wp-block-group-is-layout-constrained\">\n<h1 class=\"wp-block-heading has-luminous-vivid-orange-color has-text-color has-link-color wp-elements-0f96756030f9afc504d8dfe6b82f4c1b\">Julien Perez<\/h1>\n\n\n\n<div class=\"wp-block-group\"><div class=\"wp-block-group__inner-container is-layout-constrained wp-block-group-is-layout-constrained\">\n<div class=\"wp-block-group\"><div class=\"wp-block-group__inner-container is-layout-constrained wp-block-group-is-layout-constrained\">\n<div class=\"wp-block-media-text is-stacked-on-mobile\" style=\"padding-top:0;padding-bottom:0;grid-template-columns:29% auto\"><figure class=\"wp-block-media-text__media\"><img loading=\"lazy\" decoding=\"async\" width=\"333\" height=\"500\" src=\"https:\/\/unedunealapage.fr\/wp-content\/uploads\/2026\/03\/Perez-J.-\u00a9-Helene-Bamberger-POL-333x500.jpg\" alt=\"\" class=\"wp-image-2832 size-large\" srcset=\"https:\/\/unedunealapage.fr\/wp-content\/uploads\/2026\/03\/Perez-J.-\u00a9-Helene-Bamberger-POL-333x500.jpg 333w, https:\/\/unedunealapage.fr\/wp-content\/uploads\/2026\/03\/Perez-J.-\u00a9-Helene-Bamberger-POL-100x150.jpg 100w, https:\/\/unedunealapage.fr\/wp-content\/uploads\/2026\/03\/Perez-J.-\u00a9-Helene-Bamberger-POL-scaled.jpg 1706w\" sizes=\"auto, (max-width: 333px) 100vw, 333px\" \/><\/figure><div class=\"wp-block-media-text__content\">\n<p class=\"has-small-font-size\" style=\"min-height:0px;line-height:1.4\">Julien Perez est n\u00e9 en 1986 \u00e0 Bordeaux. Vit \u00e0 Paris. Musicien, auteur et compositeur, il signe de nombreux albums sous le nom de PEREZ (Rex, Vert Vert, Un album de collection, Surex, Cavernes, L\u2019H\u00f4te, Saltos). Il travaille avec les arts plastiques, le cin\u00e9ma et le th\u00e9\u00e2tre.<br>P.O.L a publi\u00e9 son premier roman, Hommages, en janvier 2025.<\/p>\n\n\n\n<p class=\"has-small-font-size\">\u00c0 partir de son deuxi\u00e8me roman\u00a0<em>NyxX<\/em>, publi\u00e9 aux \u00e9ditions P.O.L, Julien Perez proposera une lecture perform\u00e9e de 50 minutes, m\u00ealant voix, sons d\u2019ambiance et musique atmosph\u00e9rique. Pens\u00e9 comme une bande originale de film en direct, ce dispositif sonore accompagne les passages du livre, en souligne les vibrations, les trouble parfois, et les entra\u00eene par moments vers une forme presque musicale. Une travers\u00e9e sensible et immersive pour restituer, au fil de la lecture, l\u2019atmosph\u00e8re onirique et \u00e9trange du roman.<\/p>\n<\/div><\/div>\n\n\n\n<div style=\"height:48px\" aria-hidden=\"true\" class=\"wp-block-spacer\"><\/div>\n\n\n\n<hr class=\"wp-block-separator has-alpha-channel-opacity\"\/>\n<\/div><\/div>\n\n\n<div class=\"wp-block-image\">\n<figure class=\"alignleft size-large is-resized\"><img loading=\"lazy\" decoding=\"async\" width=\"341\" height=\"500\" src=\"https:\/\/unedunealapage.fr\/wp-content\/uploads\/2026\/03\/NyxX-1-341x500.jpg\" alt=\"\" class=\"wp-image-2892\" style=\"width:184px;height:auto\" srcset=\"https:\/\/unedunealapage.fr\/wp-content\/uploads\/2026\/03\/NyxX-1-341x500.jpg 341w, https:\/\/unedunealapage.fr\/wp-content\/uploads\/2026\/03\/NyxX-1-102x150.jpg 102w, https:\/\/unedunealapage.fr\/wp-content\/uploads\/2026\/03\/NyxX-1-768x1125.jpg 768w, https:\/\/unedunealapage.fr\/wp-content\/uploads\/2026\/03\/NyxX-1-1049x1536.jpg 1049w, https:\/\/unedunealapage.fr\/wp-content\/uploads\/2026\/03\/NyxX-1-1398x2048.jpg 1398w, https:\/\/unedunealapage.fr\/wp-content\/uploads\/2026\/03\/NyxX-1-scaled.jpg 1748w\" sizes=\"auto, (max-width: 341px) 100vw, 341px\" \/><\/figure>\n<\/div>\n\n\n<p class=\"has-small-font-size\">Karol Malik, quinquag\u00e9naire inquiet et romancier ignor\u00e9, accepte de devenir le biographe de Pauline Grandgeorge, fondatrice de l\u2019application NyxX, un r\u00e9seau social permettant \u00e0 ses utilisateurs d\u2019\u00e9changer leurs r\u00eaves sous forme de vid\u00e9o gr\u00e2ce \u00e0 une technologie r\u00e9volutionnaire : l\u2019extraction des r\u00eaves. Karol voit dans cet ouvrage de commande l\u2019opportunit\u00e9 d\u2019\u00eatre enfin lu par un large public car l\u2019entrepreneuse, \u00e0 seulement vingt-cinq- ans, est d\u00e9j\u00e0 une superstar dont la renomm\u00e9e d\u00e9passe largement le p\u00e9rim\u00e8tre de l\u2019\u00e9conomie num\u00e9rique. D\u00e8s son arriv\u00e9e dans le petit village sur les bords de Loire, Karol s\u2019\u00e9tonne du mode de vie champ\u00eatre et relativement modeste de son h\u00f4te qui tranche avec sa c\u00e9l\u00e9brit\u00e9 et la sophistication technologique de son invention. Tous deux conviennent de s\u2019entretenir chaque matin afin que Karol recueille la mati\u00e8re biographique dont il a besoin. D\u00e8s les premiers \u00e9changes, un trouble s\u2019installe. Les r\u00e9cits de Pauline sont \u00e9tranges et son attitude provocatrice. St\u00e9phane Filot, l\u2019intendant de la propri\u00e9t\u00e9, semble veiller sur elle jalousement. Le village et la campagne alentour offrent une hospitalit\u00e9 d\u00e9concertante alors que la canicule fait rage. Karol est obs\u00e9d\u00e9 par une seule et m\u00eame question : pour quelle raison Pauline a-t-elle choisi un parfait inconnu pour \u00e9crire sa biographie ?<br>NyxX est l\u2019exposition d\u2019un double portrait fuyant. Il appara\u00eet rapidement que Pauline montre des r\u00e9ticences \u00e0 se d\u00e9voiler et pr\u00e9f\u00e8re livrer des r\u00e9cits d\u00e9routants. On plonge alors avec Karol dans sa biographie comme dans un d\u00e9dale, et bient\u00f4t c\u2019est aussi la biographie m\u00eame de Karol qui est mise en doute. L\u2019\u00e9nigme des deux existences et de leur improbable relation ne cesse de s\u2019\u00e9paissir. La difficult\u00e9 \u00e0 d\u00e9m\u00ealer le r\u00e9el et la fiction est au c\u0153ur de ce roman qui tient \u00e0 la fois du roman psychologique, du thriller et du roman d\u2019anticipation. Souvenirs r\u00e9els et reconstitu\u00e9s, mirages, fantasmes, affabulations, somnambulisme, monde rationnel et onirique, deviennent insidieusement de plus en plus poreux, jusqu\u2019\u00e0 menacer les deux personnages dans leurs fondations et leur personnalit\u00e9. Karol ira jusqu\u2019\u00e0 essayer l\u2019\u00e9change des r\u00eaves avec Pauline sur l\u2019application NyxX. Le roman bascule progressivement dans un formidable vertige sur l\u2019identit\u00e9 et notre relation au monde.<\/p>\n<\/div><\/div>\n\n\n\n<hr class=\"wp-block-separator has-alpha-channel-opacity\"\/>\n<\/div><\/div>\n\n\n\n<div class=\"wp-block-group\"><div class=\"wp-block-group__inner-container is-layout-constrained wp-block-group-is-layout-constrained\">\n<div class=\"wp-block-columns is-layout-flex wp-container-core-columns-is-layout-9d6595d7 wp-block-columns-is-layout-flex\">\n<div class=\"wp-block-column is-layout-flow wp-block-column-is-layout-flow\">\n<p>Calendrier<\/p>\n\n\n\n<p class=\"has-small-font-size\">\ud83d\udcda   <a href=\"https:\/\/unedunealapage.fr\/?tribe_events=performance-julien-perez\" data-type=\"tribe_events\" data-id=\"2567\">Performance et <br>Rencontre litt\u00e9raire<\/a> <span class=\"wp-rich-text-font-awesome-icon wp-font-awesome-icon\"><svg aria-hidden=\"true\" focusable=\"false\" data-prefix=\"fas\" data-icon=\"share\" class=\"svg-inline--fa fa-share \" role=\"img\" xmlns=\"http:\/\/www.w3.org\/2000\/svg\" viewBox=\"0 0 512 512\"><path fill=\"currentColor\" d=\"M307.8 18.4c-12 5-19.8 16.6-19.8 29.6l0 80-112 0c-97.2 0-176 78.8-176 176 0 113.3 81.5 163.9 100.2 174.1 2.5 1.4 5.3 1.9 8.1 1.9 10.9 0 19.7-8.9 19.7-19.7 0-7.5-4.3-14.4-9.8-19.5-9.4-8.8-22.2-26.4-22.2-56.7 0-53 43-96 96-96l96 0 0 80c0 12.9 7.8 24.6 19.8 29.6s25.7 2.2 34.9-6.9l160-160c12.5-12.5 12.5-32.8 0-45.3l-160-160c-9.2-9.2-22.9-11.9-34.9-6.9z\"><\/path><\/svg><\/span><br>\ud83d\udcc5 Jeudi 14 mai \u23f0 11h<br>\ud83d\udccdAu Phare<\/p>\n<\/div>\n\n\n\n<div class=\"wp-block-column is-layout-flow wp-block-column-is-layout-flow\">\n<p>Auteurs et Programme<\/p>\n\n\n\n<p class=\"has-small-font-size\"><span class=\"wp-rich-text-font-awesome-icon wp-font-awesome-icon\"><svg aria-hidden=\"true\" focusable=\"false\" data-prefix=\"fas\" data-icon=\"share\" class=\"svg-inline--fa fa-share \" role=\"img\" xmlns=\"http:\/\/www.w3.org\/2000\/svg\" viewBox=\"0 0 512 512\"><path fill=\"currentColor\" d=\"M307.8 18.4c-12 5-19.8 16.6-19.8 29.6l0 80-112 0c-97.2 0-176 78.8-176 176 0 113.3 81.5 163.9 100.2 174.1 2.5 1.4 5.3 1.9 8.1 1.9 10.9 0 19.7-8.9 19.7-19.7 0-7.5-4.3-14.4-9.8-19.5-9.4-8.8-22.2-26.4-22.2-56.7 0-53 43-96 96-96l96 0 0 80c0 12.9 7.8 24.6 19.8 29.6s25.7 2.2 34.9-6.9l160-160c12.5-12.5 12.5-32.8 0-45.3l-160-160c-9.2-9.2-22.9-11.9-34.9-6.9z\"><\/path><\/svg><\/span> <a href=\"https:\/\/unedunealapage.fr\/?page_id=2238\" data-type=\"page\" data-id=\"2238\">vers Liste des auteurs<\/a><br><span class=\"wp-rich-text-font-awesome-icon wp-font-awesome-icon\"><svg aria-hidden=\"true\" focusable=\"false\" data-prefix=\"fas\" data-icon=\"share\" class=\"svg-inline--fa fa-share \" role=\"img\" xmlns=\"http:\/\/www.w3.org\/2000\/svg\" viewBox=\"0 0 512 512\"><path fill=\"currentColor\" d=\"M307.8 18.4c-12 5-19.8 16.6-19.8 29.6l0 80-112 0c-97.2 0-176 78.8-176 176 0 113.3 81.5 163.9 100.2 174.1 2.5 1.4 5.3 1.9 8.1 1.9 10.9 0 19.7-8.9 19.7-19.7 0-7.5-4.3-14.4-9.8-19.5-9.4-8.8-22.2-26.4-22.2-56.7 0-53 43-96 96-96l96 0 0 80c0 12.9 7.8 24.6 19.8 29.6s25.7 2.2 34.9-6.9l160-160c12.5-12.5 12.5-32.8 0-45.3l-160-160c-9.2-9.2-22.9-11.9-34.9-6.9z\"><\/path><\/svg><\/span> <a href=\"https:\/\/unedunealapage.fr\/?page_id=1925\" data-type=\"page\" data-id=\"1925\">vers Programme<\/a><\/p>\n<\/div>\n<\/div>\n<\/div><\/div>\n","protected":false},"excerpt":{"rendered":"<p>Julien Perez Julien Perez est n\u00e9 en 1986 \u00e0 Bordeaux. Vit \u00e0 Paris. Musicien, auteur et compositeur, il signe de nombreux albums sous le nom de PEREZ (Rex, Vert Vert, &hellip; <\/p>\n<p class=\"link-more\"><a href=\"https:\/\/unedunealapage.fr\/?page_id=2891\" class=\"more-link\">Continuer la lecture<span class=\"screen-reader-text\"> de &laquo;&nbsp;Page Julien Perez&nbsp;&raquo;<\/span><\/a><\/p>\n","protected":false},"author":1,"featured_media":0,"parent":0,"menu_order":0,"comment_status":"closed","ping_status":"closed","template":"","meta":{"_EventAllDay":false,"_EventTimezone":"","_EventStartDate":"","_EventEndDate":"","_EventStartDateUTC":"","_EventEndDateUTC":"","_EventShowMap":false,"_EventShowMapLink":false,"_EventURL":"","_EventCost":"","_EventCostDescription":"","_EventCurrencySymbol":"","_EventCurrencyCode":"","_EventCurrencyPosition":"","_EventDateTimeSeparator":"","_EventTimeRangeSeparator":"","_EventOrganizerID":[],"_EventVenueID":[],"_OrganizerEmail":"","_OrganizerPhone":"","_OrganizerWebsite":"","_VenueAddress":"","_VenueCity":"","_VenueCountry":"","_VenueProvince":"","_VenueState":"","_VenueZip":"","_VenuePhone":"","_VenueURL":"","_VenueStateProvince":"","_VenueLat":"","_VenueLng":"","_VenueShowMap":false,"_VenueShowMapLink":false,"footnotes":""},"class_list":["post-2891","page","type-page","status-publish","hentry"],"_links":{"self":[{"href":"https:\/\/unedunealapage.fr\/index.php?rest_route=\/wp\/v2\/pages\/2891","targetHints":{"allow":["GET"]}}],"collection":[{"href":"https:\/\/unedunealapage.fr\/index.php?rest_route=\/wp\/v2\/pages"}],"about":[{"href":"https:\/\/unedunealapage.fr\/index.php?rest_route=\/wp\/v2\/types\/page"}],"author":[{"embeddable":true,"href":"https:\/\/unedunealapage.fr\/index.php?rest_route=\/wp\/v2\/users\/1"}],"replies":[{"embeddable":true,"href":"https:\/\/unedunealapage.fr\/index.php?rest_route=%2Fwp%2Fv2%2Fcomments&post=2891"}],"version-history":[{"count":5,"href":"https:\/\/unedunealapage.fr\/index.php?rest_route=\/wp\/v2\/pages\/2891\/revisions"}],"predecessor-version":[{"id":3707,"href":"https:\/\/unedunealapage.fr\/index.php?rest_route=\/wp\/v2\/pages\/2891\/revisions\/3707"}],"wp:attachment":[{"href":"https:\/\/unedunealapage.fr\/index.php?rest_route=%2Fwp%2Fv2%2Fmedia&parent=2891"}],"curies":[{"name":"wp","href":"https:\/\/api.w.org\/{rel}","templated":true}]}}