{"id":2923,"date":"2026-03-14T15:44:54","date_gmt":"2026-03-14T14:44:54","guid":{"rendered":"https:\/\/unedunealapage.fr\/?page_id=2923"},"modified":"2026-04-14T13:41:58","modified_gmt":"2026-04-14T11:41:58","slug":"page-vincent-lemire","status":"publish","type":"page","link":"https:\/\/unedunealapage.fr\/?page_id=2923","title":{"rendered":"Page Vincent Lemire"},"content":{"rendered":"\n<div class=\"wp-block-group\"><div class=\"wp-block-group__inner-container is-layout-constrained wp-block-group-is-layout-constrained\">\n<h1 class=\"wp-block-heading has-luminous-vivid-orange-color has-text-color has-link-color wp-elements-751099394c743c141fdb1d69a4282559\">Vincent Lemire<\/h1>\n\n\n<div class=\"wp-block-image\">\n<figure class=\"alignleft size-large is-resized\"><img loading=\"lazy\" decoding=\"async\" width=\"500\" height=\"400\" src=\"https:\/\/unedunealapage.fr\/wp-content\/uploads\/2026\/03\/Vincent-LEMIRE-1\u00a9Philippe-Matsas_Les-Arenes-500x400.jpg\" alt=\"\" class=\"wp-image-3097\" style=\"width:302px;height:auto\" srcset=\"https:\/\/unedunealapage.fr\/wp-content\/uploads\/2026\/03\/Vincent-LEMIRE-1\u00a9Philippe-Matsas_Les-Arenes-500x400.jpg 500w, https:\/\/unedunealapage.fr\/wp-content\/uploads\/2026\/03\/Vincent-LEMIRE-1\u00a9Philippe-Matsas_Les-Arenes-150x120.jpg 150w, https:\/\/unedunealapage.fr\/wp-content\/uploads\/2026\/03\/Vincent-LEMIRE-1\u00a9Philippe-Matsas_Les-Arenes-768x614.jpg 768w, https:\/\/unedunealapage.fr\/wp-content\/uploads\/2026\/03\/Vincent-LEMIRE-1\u00a9Philippe-Matsas_Les-Arenes-1536x1229.jpg 1536w, https:\/\/unedunealapage.fr\/wp-content\/uploads\/2026\/03\/Vincent-LEMIRE-1\u00a9Philippe-Matsas_Les-Arenes-2048x1638.jpg 2048w\" sizes=\"auto, (max-width: 500px) 100vw, 500px\" \/><figcaption class=\"wp-element-caption\">Vincent Lemire<br>\u00a9Philippe Matsas<\/figcaption><\/figure>\n<\/div>\n\n\n<p class=\"has-text-align-left has-small-font-size\">Vincent Lemire est historien. <br>Professeur d\u2019histoire \u00e0 l\u2019Universit\u00e9 Paris-Est \/ Gustave Eiffel,  il a dirig\u00e9 le Centre de recherche fran\u00e7ais \u00e0 J\u00e9rusalem.  Il est l\u2019auteur de plusieurs ouvrages de r\u00e9f\u00e9rence sur la Ville sainte,  dont J\u00e9rusalem : histoire d\u2019une ville-monde (\u00ab Champs \u00bb, Flammarion).<\/p>\n\n\n\n<h2 class=\"wp-block-heading has-text-align-center\"><strong><mark style=\"background-color:rgba(0, 0, 0, 0)\" class=\"has-inline-color has-luminous-vivid-orange-color\">J\u00e9rusalem, l&rsquo;histoire n&rsquo;est jamais \u00e9crite<\/mark><\/strong><\/h2>\n\n\n<div class=\"wp-block-image\">\n<figure class=\"alignleft size-large is-resized\"><img loading=\"lazy\" decoding=\"async\" width=\"322\" height=\"500\" src=\"https:\/\/unedunealapage.fr\/wp-content\/uploads\/2026\/04\/LEMIRE-PHILIPPE-322x500.jpg\" alt=\"\" class=\"wp-image-3866\" style=\"width:169px;height:auto\" srcset=\"https:\/\/unedunealapage.fr\/wp-content\/uploads\/2026\/04\/LEMIRE-PHILIPPE-322x500.jpg 322w, https:\/\/unedunealapage.fr\/wp-content\/uploads\/2026\/04\/LEMIRE-PHILIPPE-97x150.jpg 97w, https:\/\/unedunealapage.fr\/wp-content\/uploads\/2026\/04\/LEMIRE-PHILIPPE-768x1191.jpg 768w, https:\/\/unedunealapage.fr\/wp-content\/uploads\/2026\/04\/LEMIRE-PHILIPPE-990x1536.jpg 990w, https:\/\/unedunealapage.fr\/wp-content\/uploads\/2026\/04\/LEMIRE-PHILIPPE-1320x2048.jpg 1320w, https:\/\/unedunealapage.fr\/wp-content\/uploads\/2026\/04\/LEMIRE-PHILIPPE.jpg 1400w\" sizes=\"auto, (max-width: 322px) 100vw, 322px\" \/><\/figure>\n<\/div>\n\n\n<p class=\"has-small-font-size\">J\u00e9rusalem, la \u00ab ville trois fois sainte \u00bb, symbolise le caract\u00e8re apparemment insoluble du conflit isra\u00e9lo-palestinien. Investie d\u2019espoirs messianiques et revendiqu\u00e9e comme capitale et par les deux camps, elle a toujours \u00e9t\u00e9 pr\u00e9sent\u00e9e comme la pierre d\u2019achoppement des processus de paix. Depuis pr\u00e8s de soixante ans, elle est l\u2019objet d\u2019une politique d\u2019intense \u00abjuda\u00efsation \u00bb au d\u00e9triment d\u2019une population palestinienne au statut pr\u00e9caire, mais elle n\u2019en reste pas moins, sur le plan d\u00e9mographique, la ville la moins juive d\u2019Isra\u00ebl, la plus pauvre et la plus in\u00e9galitaire\u2026 Alors que tous les regards sont tourn\u00e9s vers Gaza et la Cisjordanie, la situation dramatique des Palestiniens de J\u00e9rusalem reste largement m\u00e9connue. Pourtant, sous le sacr\u00e9 et le politique, J\u00e9rusalem est avant tout un espace urbain, avec ses quartiers, ses particularismes et ses habitants, dont aucun ne souhaite la partition de \u00ab sa \u00bb ville. En retra\u00e7ant son histoire depuis 1948 et la mani\u00e8re dont les choix politiques ont contribu\u00e9 \u00e0 radicaliser les antagonismes, les deux auteurs, l\u2019un historien, l\u2019autre diplomate, esquissent une autre voie. Cette voie, ce n\u2019est plus celle de la&nbsp;<em>partition<\/em>, mais celle du&nbsp;<em>partage<\/em>. En s\u2019inspirant paradoxalement de l\u2019exp\u00e9rience europ\u00e9enne, ils montrent comment les fondements du conflit pourraient constituer demain les ferments d\u2019une paix possible pour J\u00e9rusalem et, au-del\u00e0, pour la r\u00e9gion toute enti\u00e8re.<\/p>\n\n\n\n<div style=\"height:35px\" aria-hidden=\"true\" class=\"wp-block-spacer\"><\/div>\n\n\n\n<hr class=\"wp-block-separator has-alpha-channel-opacity\"\/>\n\n\n\n<h2 class=\"wp-block-heading has-text-align-center\"><strong><mark style=\"background-color:rgba(0, 0, 0, 0)\" class=\"has-inline-color has-luminous-vivid-orange-color\">Histoire de J\u00e9rusalem<\/mark><\/strong><\/h2>\n\n\n<div class=\"wp-block-image\">\n<figure class=\"alignleft size-large is-resized\"><img loading=\"lazy\" decoding=\"async\" width=\"367\" height=\"500\" src=\"https:\/\/unedunealapage.fr\/wp-content\/uploads\/2026\/03\/couv_Jerusalem-1-367x500.jpg\" alt=\"\" class=\"wp-image-2924\" style=\"aspect-ratio:0.7340229382168193;width:231px;height:auto\" srcset=\"https:\/\/unedunealapage.fr\/wp-content\/uploads\/2026\/03\/couv_Jerusalem-1-367x500.jpg 367w, https:\/\/unedunealapage.fr\/wp-content\/uploads\/2026\/03\/couv_Jerusalem-1-110x150.jpg 110w, https:\/\/unedunealapage.fr\/wp-content\/uploads\/2026\/03\/couv_Jerusalem-1.jpg 400w\" sizes=\"auto, (max-width: 367px) 100vw, 367px\" \/><\/figure>\n<\/div>\n\n\n<p class=\"has-text-align-center\">Vincent Lemire &amp; Christophe Gaultier<br>La premi\u00e8re histoire de J\u00e9rusalem en BD. <br>4 000 ans d\u2019histoire au centre des passions du monde.<\/p>\n\n\n\n<p class=\"has-text-align-center has-small-font-size\"><strong>Une histoire universelle<br><\/strong>Il y a 4 000 ans, J\u00e9rusalem \u00e9tait une petite bourgade isol\u00e9e, perch\u00e9e sur une ligne de cr\u00eate entre la M\u00e9diterran\u00e9e et le d\u00e9sert. Aujourd\u2019hui, c\u2019est une agglom\u00e9ration de presque un million d\u2019habitants qui focalise les regards et attire les visiteurs du monde entier. Entre les deux, les monoth\u00e9ismes y ont \u00e9t\u00e9 invent\u00e9s, les plus grands conqu\u00e9rants s\u2019en sont empar\u00e9s, les plus grands empires s\u2019y sont affront\u00e9s. Berceau du juda\u00efsme, du christianisme et de l\u2019islam, J\u00e9rusalem est aujourd\u2019hui une capitale spirituelle pour plus de la moiti\u00e9 de l\u2019humanit\u00e9. Retracer l\u2019histoire de ce berceau commun permet aussi de raconter autrement l\u2019histoire des identit\u00e9s religieuses.<\/p>\n\n\n\n<p class=\"has-text-align-center has-small-font-size\"><strong>C\u00e9l\u00e8bres et anonymes<br><\/strong>Au fil de ces 250 pages, le lecteur rencontre le patriarche Abraham, le roi H\u00e9rode, l\u2019imp\u00e9ratrice H\u00e9l\u00e8ne, la reine M\u00e9lisende, le sultan Saladin, le calife Soliman, le g\u00e9n\u00e9ral Allenby, le commandant Abdelkader Husseini, le maire Teddy Kollek\u2026 et tous les autres personnages c\u00e9l\u00e8bres qui ont fait la \u00ab grande histoire \u00bb de J\u00e9rusalem. Mais il rencontre aussi la foule des anonymes, pr\u00eatres, artisans, architectes\u2026 toutes celles et ceux qui ont arpent\u00e9 J\u00e9rusalem au fil des si\u00e8cles.<\/p>\n\n\n\n<p class=\"has-text-align-center has-small-font-size\"><strong>Sources et archives<br><\/strong>Pour rendre cette histoire \u00e0 la fois vivante, authentique et incontestable, les sc\u00e8nes et les dialogues sont enti\u00e8rement extraits de sources publi\u00e9es ou d\u2019archives in\u00e9dites. Rien n\u2019est invent\u00e9, tout est sourc\u00e9. Six ann\u00e9es de travail au service d\u2019un pari ambitieux.<\/p>\n\n\n\n<hr class=\"wp-block-separator has-alpha-channel-opacity\"\/>\n<\/div><\/div>\n\n\n\n<div class=\"wp-block-group\"><div class=\"wp-block-group__inner-container is-layout-constrained wp-block-group-is-layout-constrained\">\n<div class=\"wp-block-columns is-layout-flex wp-container-core-columns-is-layout-9d6595d7 wp-block-columns-is-layout-flex\">\n<div class=\"wp-block-column is-layout-flow wp-block-column-is-layout-flow\">\n<p>Calendrier<\/p>\n\n\n\n<p class=\"has-small-font-size\">\ud83d\udcda<a href=\"https:\/\/unedunealapage.fr\/?tribe_events=vincent-lemire\" data-type=\"tribe_events\" data-id=\"2655\">Rencontre litt\u00e9raire<\/a> <span class=\"wp-rich-text-font-awesome-icon wp-font-awesome-icon\"><svg aria-hidden=\"true\" focusable=\"false\" data-prefix=\"fas\" data-icon=\"share\" class=\"svg-inline--fa fa-share \" role=\"img\" xmlns=\"http:\/\/www.w3.org\/2000\/svg\" viewBox=\"0 0 512 512\"><path fill=\"currentColor\" d=\"M307.8 18.4c-12 5-19.8 16.6-19.8 29.6l0 80-112 0c-97.2 0-176 78.8-176 176 0 113.3 81.5 163.9 100.2 174.1 2.5 1.4 5.3 1.9 8.1 1.9 10.9 0 19.7-8.9 19.7-19.7 0-7.5-4.3-14.4-9.8-19.5-9.4-8.8-22.2-26.4-22.2-56.7 0-53 43-96 96-96l96 0 0 80c0 12.9 7.8 24.6 19.8 29.6s25.7 2.2 34.9-6.9l160-160c12.5-12.5 12.5-32.8 0-45.3l-160-160c-9.2-9.2-22.9-11.9-34.9-6.9z\"><\/path><\/svg><\/span><br>\ud83d\udcc5 Dimanche 17 mai \u23f0 12h<br>\ud83d\udccdMaison de la Station<\/p>\n<\/div>\n\n\n\n<div class=\"wp-block-column is-layout-flow wp-block-column-is-layout-flow\">\n<p>Auteurs et Programme<\/p>\n\n\n\n<p class=\"has-small-font-size\"><span class=\"wp-rich-text-font-awesome-icon wp-font-awesome-icon\"><svg aria-hidden=\"true\" focusable=\"false\" data-prefix=\"fas\" data-icon=\"share\" class=\"svg-inline--fa fa-share \" role=\"img\" xmlns=\"http:\/\/www.w3.org\/2000\/svg\" viewBox=\"0 0 512 512\"><path fill=\"currentColor\" d=\"M307.8 18.4c-12 5-19.8 16.6-19.8 29.6l0 80-112 0c-97.2 0-176 78.8-176 176 0 113.3 81.5 163.9 100.2 174.1 2.5 1.4 5.3 1.9 8.1 1.9 10.9 0 19.7-8.9 19.7-19.7 0-7.5-4.3-14.4-9.8-19.5-9.4-8.8-22.2-26.4-22.2-56.7 0-53 43-96 96-96l96 0 0 80c0 12.9 7.8 24.6 19.8 29.6s25.7 2.2 34.9-6.9l160-160c12.5-12.5 12.5-32.8 0-45.3l-160-160c-9.2-9.2-22.9-11.9-34.9-6.9z\"><\/path><\/svg><\/span> <a href=\"https:\/\/unedunealapage.fr\/?page_id=2238\" data-type=\"page\" data-id=\"2238\">vers Liste des auteurs<\/a><br><span class=\"wp-rich-text-font-awesome-icon wp-font-awesome-icon\"><svg aria-hidden=\"true\" focusable=\"false\" data-prefix=\"fas\" data-icon=\"share\" class=\"svg-inline--fa fa-share \" role=\"img\" xmlns=\"http:\/\/www.w3.org\/2000\/svg\" viewBox=\"0 0 512 512\"><path fill=\"currentColor\" d=\"M307.8 18.4c-12 5-19.8 16.6-19.8 29.6l0 80-112 0c-97.2 0-176 78.8-176 176 0 113.3 81.5 163.9 100.2 174.1 2.5 1.4 5.3 1.9 8.1 1.9 10.9 0 19.7-8.9 19.7-19.7 0-7.5-4.3-14.4-9.8-19.5-9.4-8.8-22.2-26.4-22.2-56.7 0-53 43-96 96-96l96 0 0 80c0 12.9 7.8 24.6 19.8 29.6s25.7 2.2 34.9-6.9l160-160c12.5-12.5 12.5-32.8 0-45.3l-160-160c-9.2-9.2-22.9-11.9-34.9-6.9z\"><\/path><\/svg><\/span> <a href=\"https:\/\/unedunealapage.fr\/?page_id=1925\" data-type=\"page\" data-id=\"1925\">vers Programme<\/a><\/p>\n<\/div>\n<\/div>\n<\/div><\/div>\n","protected":false},"excerpt":{"rendered":"<p>Vincent Lemire Vincent Lemire est historien. Professeur d\u2019histoire \u00e0 l\u2019Universit\u00e9 Paris-Est \/ Gustave Eiffel, il a dirig\u00e9 le Centre de recherche fran\u00e7ais \u00e0 J\u00e9rusalem. Il est l\u2019auteur de plusieurs ouvrages &hellip; <\/p>\n<p class=\"link-more\"><a href=\"https:\/\/unedunealapage.fr\/?page_id=2923\" class=\"more-link\">Continuer la lecture<span class=\"screen-reader-text\"> de &laquo;&nbsp;Page Vincent Lemire&nbsp;&raquo;<\/span><\/a><\/p>\n","protected":false},"author":1,"featured_media":0,"parent":0,"menu_order":0,"comment_status":"closed","ping_status":"closed","template":"","meta":{"_EventAllDay":false,"_EventTimezone":"","_EventStartDate":"","_EventEndDate":"","_EventStartDateUTC":"","_EventEndDateUTC":"","_EventShowMap":false,"_EventShowMapLink":false,"_EventURL":"","_EventCost":"","_EventCostDescription":"","_EventCurrencySymbol":"","_EventCurrencyCode":"","_EventCurrencyPosition":"","_EventDateTimeSeparator":"","_EventTimeRangeSeparator":"","_EventOrganizerID":[],"_EventVenueID":[],"_OrganizerEmail":"","_OrganizerPhone":"","_OrganizerWebsite":"","_VenueAddress":"","_VenueCity":"","_VenueCountry":"","_VenueProvince":"","_VenueState":"","_VenueZip":"","_VenuePhone":"","_VenueURL":"","_VenueStateProvince":"","_VenueLat":"","_VenueLng":"","_VenueShowMap":false,"_VenueShowMapLink":false,"footnotes":""},"class_list":["post-2923","page","type-page","status-publish","hentry"],"_links":{"self":[{"href":"https:\/\/unedunealapage.fr\/index.php?rest_route=\/wp\/v2\/pages\/2923","targetHints":{"allow":["GET"]}}],"collection":[{"href":"https:\/\/unedunealapage.fr\/index.php?rest_route=\/wp\/v2\/pages"}],"about":[{"href":"https:\/\/unedunealapage.fr\/index.php?rest_route=\/wp\/v2\/types\/page"}],"author":[{"embeddable":true,"href":"https:\/\/unedunealapage.fr\/index.php?rest_route=\/wp\/v2\/users\/1"}],"replies":[{"embeddable":true,"href":"https:\/\/unedunealapage.fr\/index.php?rest_route=%2Fwp%2Fv2%2Fcomments&post=2923"}],"version-history":[{"count":10,"href":"https:\/\/unedunealapage.fr\/index.php?rest_route=\/wp\/v2\/pages\/2923\/revisions"}],"predecessor-version":[{"id":3868,"href":"https:\/\/unedunealapage.fr\/index.php?rest_route=\/wp\/v2\/pages\/2923\/revisions\/3868"}],"wp:attachment":[{"href":"https:\/\/unedunealapage.fr\/index.php?rest_route=%2Fwp%2Fv2%2Fmedia&parent=2923"}],"curies":[{"name":"wp","href":"https:\/\/api.w.org\/{rel}","templated":true}]}}