{"id":2955,"date":"2026-03-14T18:03:01","date_gmt":"2026-03-14T17:03:01","guid":{"rendered":"https:\/\/unedunealapage.fr\/?page_id=2955"},"modified":"2026-03-30T16:06:29","modified_gmt":"2026-03-30T14:06:29","slug":"page-yann-potin","status":"publish","type":"page","link":"https:\/\/unedunealapage.fr\/?page_id=2955","title":{"rendered":"Page Yann Potin"},"content":{"rendered":"\n<div class=\"wp-block-group\"><div class=\"wp-block-group__inner-container is-layout-constrained wp-block-group-is-layout-constrained\">\n<h1 class=\"wp-block-heading has-luminous-vivid-orange-color has-text-color has-link-color wp-elements-8b630327e0587a2b9bff6bad1592db98\">Yann Potin<\/h1>\n\n\n\n<div class=\"wp-block-group\"><div class=\"wp-block-group__inner-container is-layout-constrained wp-block-group-is-layout-constrained\">\n<div class=\"wp-block-group\"><div class=\"wp-block-group__inner-container is-layout-constrained wp-block-group-is-layout-constrained\">\n<div class=\"wp-block-media-text is-stacked-on-mobile\" style=\"padding-top:0;padding-bottom:0;grid-template-columns:24% auto\"><figure class=\"wp-block-media-text__media\"><img loading=\"lazy\" decoding=\"async\" width=\"333\" height=\"500\" src=\"https:\/\/unedunealapage.fr\/wp-content\/uploads\/2026\/03\/Potin-Yann-\u00a9-Hermance-Triay-333x500.jpg\" alt=\"\" class=\"wp-image-3214 size-large\" srcset=\"https:\/\/unedunealapage.fr\/wp-content\/uploads\/2026\/03\/Potin-Yann-\u00a9-Hermance-Triay-333x500.jpg 333w, https:\/\/unedunealapage.fr\/wp-content\/uploads\/2026\/03\/Potin-Yann-\u00a9-Hermance-Triay-100x150.jpg 100w, https:\/\/unedunealapage.fr\/wp-content\/uploads\/2026\/03\/Potin-Yann-\u00a9-Hermance-Triay-768x1152.jpg 768w, https:\/\/unedunealapage.fr\/wp-content\/uploads\/2026\/03\/Potin-Yann-\u00a9-Hermance-Triay-1024x1536.jpg 1024w, https:\/\/unedunealapage.fr\/wp-content\/uploads\/2026\/03\/Potin-Yann-\u00a9-Hermance-Triay-1365x2048.jpg 1365w, https:\/\/unedunealapage.fr\/wp-content\/uploads\/2026\/03\/Potin-Yann-\u00a9-Hermance-Triay-scaled.jpg 1707w\" sizes=\"auto, (max-width: 333px) 100vw, 333px\" \/><\/figure><div class=\"wp-block-media-text__content\">\n<p class=\"has-small-font-size\" style=\"min-height:0px;line-height:1.4\">Yann Potin est conservateur en chef aux Archives nationales et ma\u00eetre de conf\u00e9rences associ\u00e9 en histoire du droit \u00e0 l\u2019universit\u00e9 Paris-Nord. Il a notamment codirig\u00e9 avec Jean-Fran\u00e7ois Sirinelli, G\u00e9n\u00e9rations historiennes (XIXe-XXe si\u00e8cles) (CNRS \u00e9ditions 2019).<\/p>\n<\/div><\/div>\n<\/div><\/div>\n\n\n\n<div style=\"height:48px\" aria-hidden=\"true\" class=\"wp-block-spacer\"><\/div>\n\n\n\n<div class=\"wp-block-group\"><div class=\"wp-block-group__inner-container is-layout-constrained wp-block-group-is-layout-constrained\">\n<div class=\"wp-block-media-text has-media-on-the-right is-stacked-on-mobile\" style=\"grid-template-columns:auto 36%\"><div class=\"wp-block-media-text__content\">\n<p style=\"font-size:14px;line-height:1.5\"><strong>Florian MAZEL, Yann POTIN, COLLECTIF<\/strong><\/p>\n\n\n\n<p style=\"font-size:12px;line-height:1.5\">\u00c0 l\u2019heure de son entr\u00e9e au Panth\u00e9on, retour sur les travaux et le parcours de Marc Bloch, figure majeure de la discipline historique et de l\u2019engagement intellectuel.<\/p>\n\n\n\n<p style=\"font-size:12px;line-height:1.5\">LE LIVRE<br>Le m\u00e9di\u00e9viste Marc Bloch (1886-1944) est sans doute plus renomm\u00e9 aupr\u00e8s du grand public pour son parcours et son engagement h\u00e9ro\u00efque contre l&rsquo;occupation nazie que pour son \u0153uvre scientifique, qui a pourtant profond\u00e9ment renouvel\u00e9 les \u00e9tudes historiques. Brillant normalien, fondateur, avec Lucien Febvre de la revue des Annales d\u2019histoire \u00e9conomique et sociale (1929), fervent r\u00e9publicain d\u2019origine juive alsacienne, ath\u00e9e et patriote, combattant des deux guerres mondiales, r\u00e9sistant, il incarne une figure majeure de l\u2019intellectuel engag\u00e9, jusqu\u2019au sacrifice de sa vie puisqu\u2019il est brutalement assassin\u00e9 par les nazis en 1944. L\u2019historien des Rois thaumaturges (1924) et de La Soci\u00e9t\u00e9 f\u00e9odale (1940) a aussi exerc\u00e9 une influence consid\u00e9rable dans le champ du savoir, inaugurant une nouvelle mani\u00e8re de faire de l\u2019histoire, ouverte aux sciences sociales et en prise avec son temps. La perspective de l\u2019entr\u00e9e de Marc Bloch au Panth\u00e9on, le 16 juin 2026, offre l\u2019occasion de montrer l\u2019inextricable alliance savante, politique et morale qu\u2019incarnent son parcours, ses travaux et sa vie posthume. L\u2019histoire, en tant qu\u2019approche intellectuelle, mati\u00e8re \u00e0 r\u00e9flexion personnelle et source d\u2019engagement collectif, fut pour lui, sa vie durant, une forme de r\u00e9sistance. C\u2019est donc \u00e0 une v\u00e9ritable \u00ab r\u00e9sistance de l\u2019histoire \u00bb que nous invite sa pens\u00e9e. L\u2019h\u00e9ritage qu\u2019analyse la g\u00e9n\u00e9ration actuelle des historiennes et historiens, et auquel elle rend hommage dans cet ouvrage collectif, nous rappelle plus largement que l\u2019exigence de la v\u00e9rit\u00e9 et le partage du savoir sontdes combats rassembleurs et d\u2019une imp\u00e9rieuse actualit\u00e9.<\/p>\n<\/div><figure class=\"wp-block-media-text__media\"><img loading=\"lazy\" decoding=\"async\" width=\"319\" height=\"500\" src=\"https:\/\/unedunealapage.fr\/wp-content\/uploads\/2026\/03\/Marc-Bloch.-Lhistoire-en-resistance-319x500.jpg\" alt=\"\" class=\"wp-image-2211 size-full\" srcset=\"https:\/\/unedunealapage.fr\/wp-content\/uploads\/2026\/03\/Marc-Bloch.-Lhistoire-en-resistance-319x500.jpg 319w, https:\/\/unedunealapage.fr\/wp-content\/uploads\/2026\/03\/Marc-Bloch.-Lhistoire-en-resistance-96x150.jpg 96w, https:\/\/unedunealapage.fr\/wp-content\/uploads\/2026\/03\/Marc-Bloch.-Lhistoire-en-resistance-768x1205.jpg 768w, https:\/\/unedunealapage.fr\/wp-content\/uploads\/2026\/03\/Marc-Bloch.-Lhistoire-en-resistance-979x1536.jpg 979w, https:\/\/unedunealapage.fr\/wp-content\/uploads\/2026\/03\/Marc-Bloch.-Lhistoire-en-resistance-1305x2048.jpg 1305w, https:\/\/unedunealapage.fr\/wp-content\/uploads\/2026\/03\/Marc-Bloch.-Lhistoire-en-resistance-scaled.jpg 1632w\" sizes=\"auto, (max-width: 319px) 100vw, 319px\" \/><\/figure><\/div>\n<\/div><\/div>\n<\/div><\/div>\n\n\n\n<hr class=\"wp-block-separator has-alpha-channel-opacity\"\/>\n\n\n\n<div class=\"wp-block-group\"><div class=\"wp-block-group__inner-container is-layout-constrained wp-block-group-is-layout-constrained\">\n<div class=\"wp-block-columns is-layout-flex wp-container-core-columns-is-layout-9d6595d7 wp-block-columns-is-layout-flex\">\n<div class=\"wp-block-column is-layout-flow wp-block-column-is-layout-flow\">\n<p>Calendrier<\/p>\n\n\n\n<p class=\"has-small-font-size\">\ud83d\udcda<a href=\"https:\/\/unedunealapage.fr\/?tribe_events=yann-potin\" data-type=\"tribe_events\" data-id=\"2670\">Rencontre litt\u00e9raire<\/a> <span class=\"wp-rich-text-font-awesome-icon wp-font-awesome-icon\"><svg aria-hidden=\"true\" focusable=\"false\" data-prefix=\"fas\" data-icon=\"share\" class=\"svg-inline--fa fa-share \" role=\"img\" xmlns=\"http:\/\/www.w3.org\/2000\/svg\" viewBox=\"0 0 512 512\"><path fill=\"currentColor\" d=\"M307.8 18.4c-12 5-19.8 16.6-19.8 29.6l0 80-112 0c-97.2 0-176 78.8-176 176 0 113.3 81.5 163.9 100.2 174.1 2.5 1.4 5.3 1.9 8.1 1.9 10.9 0 19.7-8.9 19.7-19.7 0-7.5-4.3-14.4-9.8-19.5-9.4-8.8-22.2-26.4-22.2-56.7 0-53 43-96 96-96l96 0 0 80c0 12.9 7.8 24.6 19.8 29.6s25.7 2.2 34.9-6.9l160-160c12.5-12.5 12.5-32.8 0-45.3l-160-160c-9.2-9.2-22.9-11.9-34.9-6.9z\"><\/path><\/svg><\/span><br>\ud83d\udcc5 Samedi 16 mai \u23f0 11h<br>\ud83d\udccdMaison de la Station<\/p>\n<\/div>\n\n\n\n<div class=\"wp-block-column is-layout-flow wp-block-column-is-layout-flow\">\n<p>Auteurs et Programme<\/p>\n\n\n\n<p class=\"has-small-font-size\"><span class=\"wp-rich-text-font-awesome-icon wp-font-awesome-icon\"><svg aria-hidden=\"true\" focusable=\"false\" data-prefix=\"fas\" data-icon=\"share\" class=\"svg-inline--fa fa-share \" role=\"img\" xmlns=\"http:\/\/www.w3.org\/2000\/svg\" viewBox=\"0 0 512 512\"><path fill=\"currentColor\" d=\"M307.8 18.4c-12 5-19.8 16.6-19.8 29.6l0 80-112 0c-97.2 0-176 78.8-176 176 0 113.3 81.5 163.9 100.2 174.1 2.5 1.4 5.3 1.9 8.1 1.9 10.9 0 19.7-8.9 19.7-19.7 0-7.5-4.3-14.4-9.8-19.5-9.4-8.8-22.2-26.4-22.2-56.7 0-53 43-96 96-96l96 0 0 80c0 12.9 7.8 24.6 19.8 29.6s25.7 2.2 34.9-6.9l160-160c12.5-12.5 12.5-32.8 0-45.3l-160-160c-9.2-9.2-22.9-11.9-34.9-6.9z\"><\/path><\/svg><\/span> <a href=\"https:\/\/unedunealapage.fr\/?page_id=2238\" data-type=\"page\" data-id=\"2238\">vers Liste des auteurs<\/a><br><span class=\"wp-rich-text-font-awesome-icon wp-font-awesome-icon\"><svg aria-hidden=\"true\" focusable=\"false\" data-prefix=\"fas\" data-icon=\"share\" class=\"svg-inline--fa fa-share \" role=\"img\" xmlns=\"http:\/\/www.w3.org\/2000\/svg\" viewBox=\"0 0 512 512\"><path fill=\"currentColor\" d=\"M307.8 18.4c-12 5-19.8 16.6-19.8 29.6l0 80-112 0c-97.2 0-176 78.8-176 176 0 113.3 81.5 163.9 100.2 174.1 2.5 1.4 5.3 1.9 8.1 1.9 10.9 0 19.7-8.9 19.7-19.7 0-7.5-4.3-14.4-9.8-19.5-9.4-8.8-22.2-26.4-22.2-56.7 0-53 43-96 96-96l96 0 0 80c0 12.9 7.8 24.6 19.8 29.6s25.7 2.2 34.9-6.9l160-160c12.5-12.5 12.5-32.8 0-45.3l-160-160c-9.2-9.2-22.9-11.9-34.9-6.9z\"><\/path><\/svg><\/span> <a href=\"https:\/\/unedunealapage.fr\/?page_id=1925\" data-type=\"page\" data-id=\"1925\">vers Programme<\/a><\/p>\n<\/div>\n<\/div>\n<\/div><\/div>\n\n\n\n<hr class=\"wp-block-separator has-alpha-channel-opacity\"\/>\n<\/div><\/div>\n","protected":false},"excerpt":{"rendered":"<p>Yann Potin Yann Potin est conservateur en chef aux Archives nationales et ma\u00eetre de conf\u00e9rences associ\u00e9 en histoire du droit \u00e0 l\u2019universit\u00e9 Paris-Nord. Il a notamment codirig\u00e9 avec Jean-Fran\u00e7ois Sirinelli, &hellip; <\/p>\n<p class=\"link-more\"><a href=\"https:\/\/unedunealapage.fr\/?page_id=2955\" class=\"more-link\">Continuer la lecture<span class=\"screen-reader-text\"> de &laquo;&nbsp;Page Yann Potin&nbsp;&raquo;<\/span><\/a><\/p>\n","protected":false},"author":1,"featured_media":0,"parent":0,"menu_order":0,"comment_status":"closed","ping_status":"closed","template":"","meta":{"_EventAllDay":false,"_EventTimezone":"","_EventStartDate":"","_EventEndDate":"","_EventStartDateUTC":"","_EventEndDateUTC":"","_EventShowMap":false,"_EventShowMapLink":false,"_EventURL":"","_EventCost":"","_EventCostDescription":"","_EventCurrencySymbol":"","_EventCurrencyCode":"","_EventCurrencyPosition":"","_EventDateTimeSeparator":"","_EventTimeRangeSeparator":"","_EventOrganizerID":[],"_EventVenueID":[],"_OrganizerEmail":"","_OrganizerPhone":"","_OrganizerWebsite":"","_VenueAddress":"","_VenueCity":"","_VenueCountry":"","_VenueProvince":"","_VenueState":"","_VenueZip":"","_VenuePhone":"","_VenueURL":"","_VenueStateProvince":"","_VenueLat":"","_VenueLng":"","_VenueShowMap":false,"_VenueShowMapLink":false,"footnotes":""},"class_list":["post-2955","page","type-page","status-publish","hentry"],"_links":{"self":[{"href":"https:\/\/unedunealapage.fr\/index.php?rest_route=\/wp\/v2\/pages\/2955","targetHints":{"allow":["GET"]}}],"collection":[{"href":"https:\/\/unedunealapage.fr\/index.php?rest_route=\/wp\/v2\/pages"}],"about":[{"href":"https:\/\/unedunealapage.fr\/index.php?rest_route=\/wp\/v2\/types\/page"}],"author":[{"embeddable":true,"href":"https:\/\/unedunealapage.fr\/index.php?rest_route=\/wp\/v2\/users\/1"}],"replies":[{"embeddable":true,"href":"https:\/\/unedunealapage.fr\/index.php?rest_route=%2Fwp%2Fv2%2Fcomments&post=2955"}],"version-history":[{"count":3,"href":"https:\/\/unedunealapage.fr\/index.php?rest_route=\/wp\/v2\/pages\/2955\/revisions"}],"predecessor-version":[{"id":3732,"href":"https:\/\/unedunealapage.fr\/index.php?rest_route=\/wp\/v2\/pages\/2955\/revisions\/3732"}],"wp:attachment":[{"href":"https:\/\/unedunealapage.fr\/index.php?rest_route=%2Fwp%2Fv2%2Fmedia&parent=2955"}],"curies":[{"name":"wp","href":"https:\/\/api.w.org\/{rel}","templated":true}]}}