{"id":3129,"date":"2026-03-17T13:26:09","date_gmt":"2026-03-17T12:26:09","guid":{"rendered":"https:\/\/unedunealapage.fr\/?page_id=3129"},"modified":"2026-03-30T16:00:31","modified_gmt":"2026-03-30T14:00:31","slug":"page-sonia-devillers","status":"publish","type":"page","link":"https:\/\/unedunealapage.fr\/?page_id=3129","title":{"rendered":"Page Sonia Devillers"},"content":{"rendered":"\n<h1 class=\"wp-block-heading has-luminous-vivid-orange-color has-text-color has-link-color wp-elements-380f0321445ea564d0913daec1a13d7a\">Sonia Devillers (sous r\u00e9serve)<\/h1>\n\n\n\n<div class=\"wp-block-group\"><div class=\"wp-block-group__inner-container is-layout-constrained wp-block-group-is-layout-constrained\">\n<div class=\"wp-block-group\"><div class=\"wp-block-group__inner-container is-layout-constrained wp-block-group-is-layout-constrained\">\n<div class=\"wp-block-media-text is-stacked-on-mobile\" style=\"padding-top:0;padding-bottom:0;grid-template-columns:29% auto\"><figure class=\"wp-block-media-text__media\"><img loading=\"lazy\" decoding=\"async\" width=\"300\" height=\"400\" src=\"https:\/\/unedunealapage.fr\/wp-content\/uploads\/2026\/03\/sonia_devillers_Photo-Pascal-Ito-\u00a9-Flammarion.jpg\" alt=\"\" class=\"wp-image-3127 size-large\" srcset=\"https:\/\/unedunealapage.fr\/wp-content\/uploads\/2026\/03\/sonia_devillers_Photo-Pascal-Ito-\u00a9-Flammarion.jpg 300w, https:\/\/unedunealapage.fr\/wp-content\/uploads\/2026\/03\/sonia_devillers_Photo-Pascal-Ito-\u00a9-Flammarion-113x150.jpg 113w\" sizes=\"auto, (max-width: 300px) 100vw, 300px\" \/><\/figure><div class=\"wp-block-media-text__content\">\n<p class=\"has-small-font-size\" style=\"min-height:0px;line-height:1.4\">Sonia Devillers est journaliste. Elle est sp\u00e9cialis\u00e9e dans la culture l\u2019\u00e9conomie et les m\u00e9dias. Sur France Inter elle pr\u00e9sente les \u00e9missions quotidiennes&nbsp;<em>L\u2019Edito M<\/em>&nbsp;et&nbsp;<em>L\u2019Instant M<\/em>.&nbsp;<em>Les export\u00e9s<\/em>&nbsp;(Flammarion, 2022) est son premier livre.<\/p>\n<\/div><\/div>\n<\/div><\/div>\n\n\n\n<div class=\"wp-block-group\"><div class=\"wp-block-group__inner-container is-layout-constrained wp-block-group-is-layout-constrained\">\n<div class=\"wp-block-media-text has-media-on-the-right is-stacked-on-mobile\" style=\"grid-template-columns:auto 36%\"><div class=\"wp-block-media-text__content\">\n<p style=\"font-size:12px;line-height:1.5\">Ma famille maternelle a quitt\u00e9 la Roumanie communiste en 1961. On pourrait la dire \u00ab&nbsp;immigr\u00e9e&nbsp;\u00bb ou \u00ab&nbsp;r\u00e9fugi\u00e9e&nbsp;\u00bb. Mais ce serait ignorer la v\u00e9rit\u00e9 sur son d\u00e9part d\u2019un pays dont nul n\u2019\u00e9tait cens\u00e9 pouvoir s\u2019\u00e9chapper. Ma m\u00e8re, ma tante, mes grands-parents et mon arri\u00e8re-grand-m\u00e8re&nbsp;ont \u00e9t\u00e9 \u00ab&nbsp;export\u00e9s&nbsp;\u00bb. Tels des marchandises, ils ont \u00e9t\u00e9 \u00e9valu\u00e9s, monnay\u00e9s, vendus \u00e0 l\u2019\u00e9tranger.<br>Comment, en plein c\u0153ur de l\u2019Europe, des \u00eatres humains ont-ils pu faire l\u2019objet d\u2019un tel trafic&nbsp;? Les archives des services secrets roumains r\u00e9v\u00e8lent l\u2019innommable&nbsp;: la situation de ceux que le r\u00e9gime communiste ne nommait pas et que, dans ma famille, on ne nommait plus, les juifs.<br>Moi qui suis n\u00e9e en France, j\u2019ai voulu retourner de l\u2019autre c\u00f4t\u00e9 du rideau de fer. Comprendre qui nous \u00e9tions, reconstituer les souvenirs d\u2019une dynastie prestigieuse, la f\u00e9roce d\u00e9ch\u00e9ance de membres influents du Parti, le r\u00f4le d\u2019un obscur passeur, les br\u00fblures d\u2019un exil forc\u00e9. Combler les blancs laiss\u00e9s par mes grands-parents et par un pays tout entier face \u00e0 son pass\u00e9.<\/p>\n<\/div><figure class=\"wp-block-media-text__media\"><img loading=\"lazy\" decoding=\"async\" width=\"309\" height=\"500\" src=\"https:\/\/unedunealapage.fr\/wp-content\/uploads\/2026\/03\/Les_Exportes-309x500.jpg\" alt=\"\" class=\"wp-image-2196 size-full\" srcset=\"https:\/\/unedunealapage.fr\/wp-content\/uploads\/2026\/03\/Les_Exportes-309x500.jpg 309w, https:\/\/unedunealapage.fr\/wp-content\/uploads\/2026\/03\/Les_Exportes-93x150.jpg 93w, https:\/\/unedunealapage.fr\/wp-content\/uploads\/2026\/03\/Les_Exportes.jpg 371w\" sizes=\"auto, (max-width: 309px) 100vw, 309px\" \/><\/figure><\/div>\n<\/div><\/div>\n<\/div><\/div>\n\n\n\n<hr class=\"wp-block-separator has-alpha-channel-opacity\"\/>\n\n\n\n<div class=\"wp-block-group\"><div class=\"wp-block-group__inner-container is-layout-constrained wp-block-group-is-layout-constrained\">\n<div class=\"wp-block-columns is-layout-flex wp-container-core-columns-is-layout-9d6595d7 wp-block-columns-is-layout-flex\">\n<div class=\"wp-block-column is-layout-flow wp-block-column-is-layout-flow\">\n<p>Calendrier<\/p>\n\n\n\n<p class=\"has-small-font-size\">\ud83d\udcda<a href=\"https:\/\/unedunealapage.fr\/?tribe_events=ecrire-lhistoire-des-siens\" data-type=\"tribe_events\" data-id=\"2663\">Table ronde<br>Ecrire l&rsquo;histoire des siens<\/a> <span class=\"wp-rich-text-font-awesome-icon wp-font-awesome-icon\"><svg aria-hidden=\"true\" focusable=\"false\" data-prefix=\"fas\" data-icon=\"share\" class=\"svg-inline--fa fa-share \" role=\"img\" xmlns=\"http:\/\/www.w3.org\/2000\/svg\" viewBox=\"0 0 512 512\"><path fill=\"currentColor\" d=\"M307.8 18.4c-12 5-19.8 16.6-19.8 29.6l0 80-112 0c-97.2 0-176 78.8-176 176 0 113.3 81.5 163.9 100.2 174.1 2.5 1.4 5.3 1.9 8.1 1.9 10.9 0 19.7-8.9 19.7-19.7 0-7.5-4.3-14.4-9.8-19.5-9.4-8.8-22.2-26.4-22.2-56.7 0-53 43-96 96-96l96 0 0 80c0 12.9 7.8 24.6 19.8 29.6s25.7 2.2 34.9-6.9l160-160c12.5-12.5 12.5-32.8 0-45.3l-160-160c-9.2-9.2-22.9-11.9-34.9-6.9z\"><\/path><\/svg><\/span><br>\ud83d\udcc5 Vendredi 15 mai \u23f0 14h<br>\ud83d\udccdMaison de la Station<\/p>\n<\/div>\n\n\n\n<div class=\"wp-block-column is-layout-flow wp-block-column-is-layout-flow\">\n<p>Auteurs et Programme<\/p>\n\n\n\n<p class=\"has-small-font-size\"><span class=\"wp-rich-text-font-awesome-icon wp-font-awesome-icon\"><svg aria-hidden=\"true\" focusable=\"false\" data-prefix=\"fas\" data-icon=\"share\" class=\"svg-inline--fa fa-share \" role=\"img\" xmlns=\"http:\/\/www.w3.org\/2000\/svg\" viewBox=\"0 0 512 512\"><path fill=\"currentColor\" d=\"M307.8 18.4c-12 5-19.8 16.6-19.8 29.6l0 80-112 0c-97.2 0-176 78.8-176 176 0 113.3 81.5 163.9 100.2 174.1 2.5 1.4 5.3 1.9 8.1 1.9 10.9 0 19.7-8.9 19.7-19.7 0-7.5-4.3-14.4-9.8-19.5-9.4-8.8-22.2-26.4-22.2-56.7 0-53 43-96 96-96l96 0 0 80c0 12.9 7.8 24.6 19.8 29.6s25.7 2.2 34.9-6.9l160-160c12.5-12.5 12.5-32.8 0-45.3l-160-160c-9.2-9.2-22.9-11.9-34.9-6.9z\"><\/path><\/svg><\/span> <a href=\"https:\/\/unedunealapage.fr\/?page_id=2238\" data-type=\"page\" data-id=\"2238\">vers Liste des auteurs<\/a><br><span class=\"wp-rich-text-font-awesome-icon wp-font-awesome-icon\"><svg aria-hidden=\"true\" focusable=\"false\" data-prefix=\"fas\" data-icon=\"share\" class=\"svg-inline--fa fa-share \" role=\"img\" xmlns=\"http:\/\/www.w3.org\/2000\/svg\" viewBox=\"0 0 512 512\"><path fill=\"currentColor\" d=\"M307.8 18.4c-12 5-19.8 16.6-19.8 29.6l0 80-112 0c-97.2 0-176 78.8-176 176 0 113.3 81.5 163.9 100.2 174.1 2.5 1.4 5.3 1.9 8.1 1.9 10.9 0 19.7-8.9 19.7-19.7 0-7.5-4.3-14.4-9.8-19.5-9.4-8.8-22.2-26.4-22.2-56.7 0-53 43-96 96-96l96 0 0 80c0 12.9 7.8 24.6 19.8 29.6s25.7 2.2 34.9-6.9l160-160c12.5-12.5 12.5-32.8 0-45.3l-160-160c-9.2-9.2-22.9-11.9-34.9-6.9z\"><\/path><\/svg><\/span> <a href=\"https:\/\/unedunealapage.fr\/?page_id=1925\" data-type=\"page\" data-id=\"1925\">vers Programme<\/a><\/p>\n<\/div>\n<\/div>\n<\/div><\/div>\n\n\n\n<hr class=\"wp-block-separator has-alpha-channel-opacity\"\/>\n","protected":false},"excerpt":{"rendered":"<p>Sonia Devillers (sous r\u00e9serve) Sonia Devillers est journaliste. Elle est sp\u00e9cialis\u00e9e dans la culture l\u2019\u00e9conomie et les m\u00e9dias. Sur France Inter elle pr\u00e9sente les \u00e9missions quotidiennes&nbsp;L\u2019Edito M&nbsp;et&nbsp;L\u2019Instant M.&nbsp;Les export\u00e9s&nbsp;(Flammarion, 2022) &hellip; <\/p>\n<p class=\"link-more\"><a href=\"https:\/\/unedunealapage.fr\/?page_id=3129\" class=\"more-link\">Continuer la lecture<span class=\"screen-reader-text\"> de &laquo;&nbsp;Page Sonia Devillers&nbsp;&raquo;<\/span><\/a><\/p>\n","protected":false},"author":1,"featured_media":0,"parent":0,"menu_order":0,"comment_status":"closed","ping_status":"closed","template":"","meta":{"_EventAllDay":false,"_EventTimezone":"","_EventStartDate":"","_EventEndDate":"","_EventStartDateUTC":"","_EventEndDateUTC":"","_EventShowMap":false,"_EventShowMapLink":false,"_EventURL":"","_EventCost":"","_EventCostDescription":"","_EventCurrencySymbol":"","_EventCurrencyCode":"","_EventCurrencyPosition":"","_EventDateTimeSeparator":"","_EventTimeRangeSeparator":"","_EventOrganizerID":[],"_EventVenueID":[],"_OrganizerEmail":"","_OrganizerPhone":"","_OrganizerWebsite":"","_VenueAddress":"","_VenueCity":"","_VenueCountry":"","_VenueProvince":"","_VenueState":"","_VenueZip":"","_VenuePhone":"","_VenueURL":"","_VenueStateProvince":"","_VenueLat":"","_VenueLng":"","_VenueShowMap":false,"_VenueShowMapLink":false,"footnotes":""},"class_list":["post-3129","page","type-page","status-publish","hentry"],"_links":{"self":[{"href":"https:\/\/unedunealapage.fr\/index.php?rest_route=\/wp\/v2\/pages\/3129","targetHints":{"allow":["GET"]}}],"collection":[{"href":"https:\/\/unedunealapage.fr\/index.php?rest_route=\/wp\/v2\/pages"}],"about":[{"href":"https:\/\/unedunealapage.fr\/index.php?rest_route=\/wp\/v2\/types\/page"}],"author":[{"embeddable":true,"href":"https:\/\/unedunealapage.fr\/index.php?rest_route=\/wp\/v2\/users\/1"}],"replies":[{"embeddable":true,"href":"https:\/\/unedunealapage.fr\/index.php?rest_route=%2Fwp%2Fv2%2Fcomments&post=3129"}],"version-history":[{"count":2,"href":"https:\/\/unedunealapage.fr\/index.php?rest_route=\/wp\/v2\/pages\/3129\/revisions"}],"predecessor-version":[{"id":3725,"href":"https:\/\/unedunealapage.fr\/index.php?rest_route=\/wp\/v2\/pages\/3129\/revisions\/3725"}],"wp:attachment":[{"href":"https:\/\/unedunealapage.fr\/index.php?rest_route=%2Fwp%2Fv2%2Fmedia&parent=3129"}],"curies":[{"name":"wp","href":"https:\/\/api.w.org\/{rel}","templated":true}]}}

<h1 class="wp-block-heading has-luminous-vivid-orange-color has-text-color has-link-color wp-elements-380f0321445ea564d0913daec1a13d7a">Sonia Devillers (sous réserve)</h1>



<div class="wp-block-group"><div class="wp-block-group__inner-container is-layout-constrained wp-block-group-is-layout-constrained">
<div class="wp-block-group"><div class="wp-block-group__inner-container is-layout-constrained wp-block-group-is-layout-constrained">
<div class="wp-block-media-text is-stacked-on-mobile" style="padding-top:0;padding-bottom:0;grid-template-columns:29% auto"><figure class="wp-block-media-text__media"><img loading="lazy" decoding="async" width="300" height="400" src="https://unedunealapage.fr/wp-content/uploads/2026/03/sonia_devillers_Photo-Pascal-Ito-©-Flammarion.jpg" alt="" class="wp-image-3127 size-large" srcset="https://unedunealapage.fr/wp-content/uploads/2026/03/sonia_devillers_Photo-Pascal-Ito-©-Flammarion.jpg 300w, https://unedunealapage.fr/wp-content/uploads/2026/03/sonia_devillers_Photo-Pascal-Ito-©-Flammarion-113x150.jpg 113w" sizes="auto, (max-width: 300px) 100vw, 300px" /></figure><div class="wp-block-media-text__content">
<p class="has-small-font-size" style="min-height:0px;line-height:1.4">Sonia Devillers est journaliste. Elle est spécialisée dans la culture l’économie et les médias. Sur France Inter elle présente les émissions quotidiennes&nbsp;<em>L’Edito M</em>&nbsp;et&nbsp;<em>L’Instant M</em>.&nbsp;<em>Les exportés</em>&nbsp;(Flammarion, 2022) est son premier livre.</p>
</div></div>
</div></div>



<div class="wp-block-group"><div class="wp-block-group__inner-container is-layout-constrained wp-block-group-is-layout-constrained">
<div class="wp-block-media-text has-media-on-the-right is-stacked-on-mobile" style="grid-template-columns:auto 36%"><div class="wp-block-media-text__content">
<p style="font-size:12px;line-height:1.5">Ma famille maternelle a quitté la Roumanie communiste en 1961. On pourrait la dire «&nbsp;immigrée&nbsp;» ou «&nbsp;réfugiée&nbsp;». Mais ce serait ignorer la vérité sur son départ d’un pays dont nul n’était censé pouvoir s’échapper. Ma mère, ma tante, mes grands-parents et mon arrière-grand-mère&nbsp;ont été «&nbsp;exportés&nbsp;». Tels des marchandises, ils ont été évalués, monnayés, vendus à l’étranger.<br>Comment, en plein cœur de l’Europe, des êtres humains ont-ils pu faire l’objet d’un tel trafic&nbsp;? Les archives des services secrets roumains révèlent l’innommable&nbsp;: la situation de ceux que le régime communiste ne nommait pas et que, dans ma famille, on ne nommait plus, les juifs.<br>Moi qui suis née en France, j’ai voulu retourner de l’autre côté du rideau de fer. Comprendre qui nous étions, reconstituer les souvenirs d’une dynastie prestigieuse, la féroce déchéance de membres influents du Parti, le rôle d’un obscur passeur, les brûlures d’un exil forcé. Combler les blancs laissés par mes grands-parents et par un pays tout entier face à son passé.</p>
</div><figure class="wp-block-media-text__media"><img loading="lazy" decoding="async" width="309" height="500" src="https://unedunealapage.fr/wp-content/uploads/2026/03/Les_Exportes-309x500.jpg" alt="" class="wp-image-2196 size-full" srcset="https://unedunealapage.fr/wp-content/uploads/2026/03/Les_Exportes-309x500.jpg 309w, https://unedunealapage.fr/wp-content/uploads/2026/03/Les_Exportes-93x150.jpg 93w, https://unedunealapage.fr/wp-content/uploads/2026/03/Les_Exportes.jpg 371w" sizes="auto, (max-width: 309px) 100vw, 309px" /></figure></div>
</div></div>
</div></div>



<hr class="wp-block-separator has-alpha-channel-opacity"/>



<div class="wp-block-group"><div class="wp-block-group__inner-container is-layout-constrained wp-block-group-is-layout-constrained">
<div class="wp-block-columns is-layout-flex wp-container-core-columns-is-layout-9d6595d7 wp-block-columns-is-layout-flex">
<div class="wp-block-column is-layout-flow wp-block-column-is-layout-flow">
<p>Calendrier</p>



<p class="has-small-font-size">📚<a href="https://unedunealapage.fr/?tribe_events=ecrire-lhistoire-des-siens" data-type="tribe_events" data-id="2663">Table ronde<br>Ecrire l&rsquo;histoire des siens</a> <span class="wp-rich-text-font-awesome-icon wp-font-awesome-icon"><svg aria-hidden="true" focusable="false" data-prefix="fas" data-icon="share" class="svg-inline--fa fa-share " role="img" xmlns="http://www.w3.org/2000/svg" viewBox="0 0 512 512"><path fill="currentColor" d="M307.8 18.4c-12 5-19.8 16.6-19.8 29.6l0 80-112 0c-97.2 0-176 78.8-176 176 0 113.3 81.5 163.9 100.2 174.1 2.5 1.4 5.3 1.9 8.1 1.9 10.9 0 19.7-8.9 19.7-19.7 0-7.5-4.3-14.4-9.8-19.5-9.4-8.8-22.2-26.4-22.2-56.7 0-53 43-96 96-96l96 0 0 80c0 12.9 7.8 24.6 19.8 29.6s25.7 2.2 34.9-6.9l160-160c12.5-12.5 12.5-32.8 0-45.3l-160-160c-9.2-9.2-22.9-11.9-34.9-6.9z"></path></svg></span><br>📅 Vendredi 15 mai ⏰ 14h<br>📍Maison de la Station</p>
</div>



<div class="wp-block-column is-layout-flow wp-block-column-is-layout-flow">
<p>Auteurs et Programme</p>



<p class="has-small-font-size"><span class="wp-rich-text-font-awesome-icon wp-font-awesome-icon"><svg aria-hidden="true" focusable="false" data-prefix="fas" data-icon="share" class="svg-inline--fa fa-share " role="img" xmlns="http://www.w3.org/2000/svg" viewBox="0 0 512 512"><path fill="currentColor" d="M307.8 18.4c-12 5-19.8 16.6-19.8 29.6l0 80-112 0c-97.2 0-176 78.8-176 176 0 113.3 81.5 163.9 100.2 174.1 2.5 1.4 5.3 1.9 8.1 1.9 10.9 0 19.7-8.9 19.7-19.7 0-7.5-4.3-14.4-9.8-19.5-9.4-8.8-22.2-26.4-22.2-56.7 0-53 43-96 96-96l96 0 0 80c0 12.9 7.8 24.6 19.8 29.6s25.7 2.2 34.9-6.9l160-160c12.5-12.5 12.5-32.8 0-45.3l-160-160c-9.2-9.2-22.9-11.9-34.9-6.9z"></path></svg></span> <a href="https://unedunealapage.fr/?page_id=2238" data-type="page" data-id="2238">vers Liste des auteurs</a><br><span class="wp-rich-text-font-awesome-icon wp-font-awesome-icon"><svg aria-hidden="true" focusable="false" data-prefix="fas" data-icon="share" class="svg-inline--fa fa-share " role="img" xmlns="http://www.w3.org/2000/svg" viewBox="0 0 512 512"><path fill="currentColor" d="M307.8 18.4c-12 5-19.8 16.6-19.8 29.6l0 80-112 0c-97.2 0-176 78.8-176 176 0 113.3 81.5 163.9 100.2 174.1 2.5 1.4 5.3 1.9 8.1 1.9 10.9 0 19.7-8.9 19.7-19.7 0-7.5-4.3-14.4-9.8-19.5-9.4-8.8-22.2-26.4-22.2-56.7 0-53 43-96 96-96l96 0 0 80c0 12.9 7.8 24.6 19.8 29.6s25.7 2.2 34.9-6.9l160-160c12.5-12.5 12.5-32.8 0-45.3l-160-160c-9.2-9.2-22.9-11.9-34.9-6.9z"></path></svg></span> <a href="https://unedunealapage.fr/?page_id=1925" data-type="page" data-id="1925">vers Programme</a></p>
</div>
</div>
</div></div>



<hr class="wp-block-separator has-alpha-channel-opacity"/>

<p>Sonia Devillers (sous réserve) Sonia Devillers est journaliste. Elle est spécialisée dans la culture l’économie et les médias. Sur France Inter elle présente les émissions quotidiennes&nbsp;L’Edito M&nbsp;et&nbsp;L’Instant M.&nbsp;Les exportés&nbsp;(Flammarion, 2022) &hellip; </p>
<p class="link-more"><a href="https://unedunealapage.fr/?page_id=3129" class="more-link">Continuer la lecture<span class="screen-reader-text"> de &laquo;&nbsp;Page Sonia Devillers&nbsp;&raquo;</span></a></p>
